000
CXAK56 PAFC 020449
CF6AKN
PRELIMINARY LOCAL CLIMATOLOGICAL DATA (WS FORM: F-6)
STATION: KING SALMON
MONTH: DECEMBER
YEAR: 2022
LATITUDE: 58 41 N
LONGITUDE: 156 39 W
TEMPERATURE IN F: :PCPN: SNOW: WIND :SUNSHINE: SKY :PK WND
================================================================================
1 2 3 4 5 6A 6B 7 8 9 10 11 12 13 14 15 16 17 18
12Z AVG MX 2MIN
DY MAX MIN AVG DEP HDD CDD WTR SNW DPTH SPD SPD DIR MIN PSBL S-S WX SPD DR
================================================================================
1 31 8 20 -2 45 0 T M M 6.4 17 340 M M 0 1 21 350
2 17 2 10 -11 55 0 0.00 M M 1.9 7 330 M M 3 12 11 250
3 34 8 21 0 44 0 0.00 M M 2.9 13 110 M M 0 1 17 140
4 44 30 37 16 28 0 0.41 M M 19.6 37 140 M M 3 1 50 140
5 39 34 37 16 28 0 0.16 M M 8.9 21 160 M M 9 12 27 170
6 37 21 29 8 36 0 0.09 M M 7.8 14 180 M M 4 1 18 280
7 30 16 23 3 42 0 0.09 M M 5.9 17 290 M M 4 1 24 290
8 21 6 14 -6 51 0 0.00 M M 6.3 21 330 M M 3 12 26 330
9 19 2 11 -9 54 0 0.00 M M 5.5 20 320 M M 1 25 320
10 38 13 26 6 39 0 0.19 M M 10.6 24 150 M M 10 1 30 150
11 35 32 34 14 31 0 0.73 M M 11.0 20 290 M M 10 1 27 290
12 32 8 20 1 45 0 0.06 M M 7.9 18 290 M M 4 1 26 290
13 38 28 33 14 32 0 0.01 M M 11.5 23 180 M M 8 16 27 170
14 30 20 25 6 40 0 0.53 M M 11.4 21 350 M M 10 12 26 330
15 21 4 13 -6 52 0 0.00 M M 11.1 20 360 M M 1 24 360
16 12 3 8 -10 57 0 0.00 M M 8.9 18 360 M M 2 18 24 360
17 14 7 11 -7 54 0 0.00 M M 4.8 10 350 M M 1 13 350
18 9 0 5 -13 60 0 T M M 9.0 17 360 M M 1 1 23 360
19 2 -2 0 -18 65 0 0.00 M M 8.3 14 350 M M 5 128 17 350
20 2 -7 -2 -20 67 0 0.00 M M 11.8 17 360 M M 4 18 23 360
21 39 -5 17 -1 48 0 0.01 M M 23.0 43 100 M M 8 60 90
22 40 35 38 21 27 0 0.00 M M 29.8 44 90 M M 6 64 90
23 35 3 19 2 46 0 0.05 M M 15.4 24 350 M M 6 19 33 360
24 30 -2 14 -3 51 0 0.51 M M 18.0 29 100 M M 10 1289 39 360
25 35 7 21 4 44 0 0.03 M M 17.3 29 350 M M 9 189 36 350
26 13 7 10 -6 55 0 0.29 M M 10.1 25 360 M M 10 189 33 360
27 21 6 14 -2 51 0 0.06 M M 3.4 10 360 M M 10 18 13 20
28 41 2 22 6 43 0 0.00 M M 9.4 25 90 M M 1 36 100
29 40 33 37 21 28 0 0.00 M M 14.5 25 90 M M 5 34 100
30 39 28 34 18 31 0 0.06 M M 7.3 18 80 M M 8 1 22 80
31 37 32 35 19 30 0 0.00 M M 15.0 29 40 M M 4 37 50
================================================================================
SM 875 379 1379 0 3.28 M 334.7 M 160
================================================================================
AV 28.2 12.2 10.8 FASTST M M 5 MAX(MPH)
MISC ----> 44 90 64 90
================================================================================
NOTES:
# LAST OF SEVERAL OCCURRENCES
COLUMN 17 PEAK WIND IN M.P.H.
PRELIMINARY LOCAL CLIMATOLOGICAL DATA (WS FORM: F-6) , PAGE 2
STATION: KING SALMON
MONTH: DECEMBER
YEAR: 2022
LATITUDE: 58 41 N
LONGITUDE: 156 39 W
[TEMPERATURE DATA] [PRECIPITATION DATA] SYMBOLS USED IN COLUMN 16
AVERAGE MONTHLY: 20.2 TOTAL FOR MONTH: 3.28 1 = FOG OR MIST
DPTR FM NORMAL: 1.6 DPTR FM NORMAL: 1.90 2 = FOG REDUCING VISIBILITY
HIGHEST: 44 ON 4 GRTST 24HR 0.86 ON 10-11 TO 1/4 MILE OR LESS
LOWEST: -7 ON 20 3 = THUNDER
SNOW, ICE PELLETS, HAIL 4 = ICE PELLETS
TOTAL MONTH: M 5 = HAIL
GRTST 24HR M ON M 6 = FREEZING RAIN OR DRIZZLE
GRTST DEPTH: M ON M 7 = DUSTSTORM OR SANDSTORM:
VSBY 1/2 MILE OR LESS
8 = SMOKE OR HAZE
[NO. OF DAYS WITH] [WEATHER - DAYS WITH] 9 = BLOWING SNOW
X = TORNADO
MAX 32 OR BELOW: 16 0.01 INCH OR MORE: 16
MAX 90 OR ABOVE: 0 0.10 INCH OR MORE: 7
MIN 32 OR BELOW: 28 0.50 INCH OR MORE: 3
MIN 0 OR BELOW: 5 1.00 INCH OR MORE: 0
[HDD (BASE 65) ]
TOTAL THIS MO. 1379 CLEAR (SCALE 0-3) 9
DPTR FM NORMAL -61 PTCLDY (SCALE 4-7) 13
TOTAL FM JUL 1 4443 CLOUDY (SCALE 8-10) 9
DPTR FM NORMAL -121
[CDD (BASE 65) ]
TOTAL THIS MO. 0
DPTR FM NORMAL 0 [PRESSURE DATA]
TOTAL FM JAN 1 0 HIGHEST SLP 30.67 ON 16
DPTR FM NORMAL -3 LOWEST SLP 28.49 ON 31
[REMARKS]
#FINAL-12-22#