000
CXAK56 PAFC 010955
CF6AKN
PRELIMINARY LOCAL CLIMATOLOGICAL DATA (WS FORM: F-6)
STATION: KING SALMON
MONTH: DECEMBER
YEAR: 2021
LATITUDE: 58 41 N
LONGITUDE: 156 39 W
TEMPERATURE IN F: :PCPN: SNOW: WIND :SUNSHINE: SKY :PK WND
================================================================================
1 2 3 4 5 6A 6B 7 8 9 10 11 12 13 14 15 16 17 18
12Z AVG MX 2MIN
DY MAX MIN AVG DEP HDD CDD WTR SNW DPTH SPD SPD DIR MIN PSBL S-S WX SPD DR
================================================================================
1 4 -22 -9 -31 74 0 0.01 M M 2.8 6 320 M M 4 1 M M
2 -3 -28 -15 -36 80 0 0.00 M M 1.6 9 330 M M 0 18 10 330
3 4 -23 -9 -30 74 0 0.00 M M 3.7 10 10 M M 4 18 12 20
4 13 1 7 -14 58 0 T M M 3.8 9 100 M M 8 1 11 110
5 35 11 23 2 42 0 0.09 M M 27.1 39 160 M M 9 128 50 160
6 35 25 30 9 35 0 0.64 M M 17.3 38 150 M M 10 1 45 150
7 26 16 21 1 44 0 0.01 M M 11.4 21 280 M M 6 18 28 270
8 34 22 28 8 37 0 0.16 M M 14.9 31 250 M M 5 16 37 250
9 36 22 29 9 36 0 0.52 M M 17.6 33 160 M M 10 1 43 170
10 22 3 13 -7 52 0 0.05 M M 16.2 28 330 M M 9 1289 37 340
11 3 -12 -4 -24 69 0 0.00 M M 9.3 17 350 M M 0 M M
12 -8 -24 -16 -35 81 0 0.00 M M 6.7 17 330 M M 0 24 320
13 -3 -25 -14 -33 79 0 0.11 M M 10.5 20 350 M M 5 1 25 360
14 -3 -12 -7 -26 72 0 T M M 7.9 17 360 M M 10 18 22 10
15 32 -11 11 -8 54 0 0.02 M M 7.4 22 140 M M 4 18 26 140
16 33 27 30 12 35 0 0.26 M M 10.5 22 150 M M 10 1 25 160
17 36 22 29 11 36 0 0.03 M M 8.4 20 210 M M 8 1 25 220
18 33 23 28 10 37 0 0.12 M M 10.6 20 160 M M 8 16 23 160
19 35 30 33 15 32 0 0.04 M M 10.3 18 210 M M 10 1 28 210
20 37 34 36 18 29 0 0.15 M M 10.7 18 270 M M 9 1 23 280
21 29 15 22 4 43 0 0.01 M M 5.6 10 150 M M 8 12 13 300
22 37 25 31 14 34 0 0.14 M M 13.2 24 250 M M 8 16 32 250
23 34 31 33 16 32 0 0.00 M M 12.2 23 250 M M 8 12 32 240
24 32 20 26 9 39 0 0.00 M M 2.3 10 180 M M 5 12 13 180
25 37 29 33 16 32 0 0.17 M M 9.8 14 170 M M 10 16 18 200
26 43 35 39 23 26 0 0.03 M M 11.7 24 240 M M 10 128 32 240
27 39 33 36 20 29 0 0.19 M M 11.7 21 210 M M 10 1 26 210
28 39 31 35 19 30 0 0.04 M M 11.1 24 240 M M 9 1 32 240
29 33 29 31 15 34 0 0.01 M M 6.8 16 250 M M 9 1 19 250
30 36 27 32 16 33 0 0.20 M M 6.1 17 190 M M 6 16 22 200
31 34 3 19 3 46 0 0.08 M M 11.4 29 360 M M 10 12 37 360
================================================================================
SM 794 357 1434 0 3.08 M 310.6 M 222
================================================================================
AV 25.6 11.5 10.0 FASTST M M 7 MAX(MPH)
MISC ----> 39 160 50 160
================================================================================
NOTES:
# LAST OF SEVERAL OCCURRENCES
COLUMN 17 PEAK WIND IN M.P.H.
PRELIMINARY LOCAL CLIMATOLOGICAL DATA (WS FORM: F-6) , PAGE 2
STATION: KING SALMON
MONTH: DECEMBER
YEAR: 2021
LATITUDE: 58 41 N
LONGITUDE: 156 39 W
[TEMPERATURE DATA] [PRECIPITATION DATA] SYMBOLS USED IN COLUMN 16
AVERAGE MONTHLY: 18.6 TOTAL FOR MONTH: 3.08 1 = FOG OR MIST
DPTR FM NORMAL: 0.0 DPTR FM NORMAL: 1.70 2 = FOG REDUCING VISIBILITY
HIGHEST: 43 ON 26 GRTST 24HR 0.65 ON 5- 6 TO 1/4 MILE OR LESS
LOWEST: -28 ON 2 3 = THUNDER
SNOW, ICE PELLETS, HAIL 4 = ICE PELLETS
TOTAL MONTH: M 5 = HAIL
GRTST 24HR M ON M 6 = FREEZING RAIN OR DRIZZLE
GRTST DEPTH: M ON M 7 = DUSTSTORM OR SANDSTORM:
VSBY 1/2 MILE OR LESS
8 = SMOKE OR HAZE
[NO. OF DAYS WITH] [WEATHER - DAYS WITH] 9 = BLOWING SNOW
X = TORNADO
MAX 32 OR BELOW: 13 0.01 INCH OR MORE: 23
MAX 90 OR ABOVE: 0 0.10 INCH OR MORE: 11
MIN 32 OR BELOW: 28 0.50 INCH OR MORE: 2
MIN 0 OR BELOW: 8 1.00 INCH OR MORE: 0
[HDD (BASE 65) ]
TOTAL THIS MO. 1434 CLEAR (SCALE 0-3) 3
DPTR FM NORMAL -6 PTCLDY (SCALE 4-7) 13
TOTAL FM JUL 1 5529 CLOUDY (SCALE 8-10) 15
DPTR FM NORMAL 965
[CDD (BASE 65) ]
TOTAL THIS MO. 0
DPTR FM NORMAL 0 [PRESSURE DATA]
TOTAL FM JAN 1 0 HIGHEST SLP M ON M
DPTR FM NORMAL -3 LOWEST SLP 28.40 ON 9
[REMARKS]
#FINAL-12-21#