000
CXAK56 PAFC 012017 RRA
CF6AKN
PRELIMINARY LOCAL CLIMATOLOGICAL DATA (WS FORM: F-6)
STATION: KING SALMON
MONTH: JULY
YEAR: 2021
LATITUDE: 58 41 N
LONGITUDE: 156 39 W
TEMPERATURE IN F: :PCPN: SNOW: WIND :SUNSHINE: SKY :PK WND
================================================================================
1 2 3 4 5 6A 6B 7 8 9 10 11 12 13 14 15 16 17 18
12Z AVG MX 2MIN
DY MAX MIN AVG DEP HDD CDD WTR SNW DPTH SPD SPD DIR MIN PSBL S-S WX SPD DR
================================================================================
1 62 48 55 -1 10 0 0.21 M M 7.0 17 110 M M 8 1 22 110
2 58 46 52 -4 13 0 T M M 17.4 30 150 M M 10 38 160
3 58 47 53 -3 12 0 0.00 M M 11.9 22 170 M M 10 29 180
4 62 48 55 -1 10 0 T M M 8.2 21 180 M M 10 27 180
5 58 47 53 -4 12 0 0.11 M M 14.4 29 170 M M 10 1 39 170
6 52 45 49 -8 16 0 0.08 M M 11.2 17 210 M M 10 1 24 240
7 54 44 49 -8 16 0 0.21 M M 6.8 12 180 M M 10 1 15 200
8 57 42 50 -7 15 0 T M M 7.4 15 250 M M 9 1 17 250
9 49 45 47 -10 18 0 0.38 M M 15.0 29 160 M M 10 1 37 160
10 59 45 52 -5 13 0 0.21 M M 5.6 14 160 M M 9 1 18 160
11 71 36 54 -3 11 0 0.00 M M 6.4 17 40 M M 3 24 40
12 68 40 54 -3 11 0 0.00 M M 4.8 12 270 M M 7 1 14 290
13 59 46 53 -4 12 0 0.01 M M 7.6 13 200 M M 9 1 18 210
14 70 34 52 -5 13 0 0.00 M M 5.0 14 270 M M 4 12 16 280
15 66 48 57 0 8 0 0.00 M M 10.1 14 190 M M 7 12 18 200
16 68 48 58 1 7 0 0.00 M M 7.4 14 200 M M 7 1 20 210
17 63 49 56 -1 9 0 0.00 M M 9.2 13 210 M M 9 1 18 220
18 77 47 62 5 3 0 0.00 M M 5.8 14 290 M M 6 12 16 280
19 78 52 65 8 0 0 0.00 M M 11.5 25 170 M M 3 34 170
20 60 51 56 -1 9 0 1.01 M M 12.7 22 180 M M 10 1 28 180
21 58 50 54 -3 11 0 0.23 M M 8.3 15 240 M M 10 1 19 230
22 62 50 56 -1 9 0 0.02 M M 5.6 12 20 M M 10 1 14 170
23 73 52 63 6 2 0 0.22 M M 6.3 15 340 M M 9 1 20 330
24 58 49 54 -3 11 0 0.00 M M 8.7 14 170 M M 10 1 18 180
25 63 47 55 -2 10 0 0.00 M M 5.3 12 180 M M 9 16 200
26 62 50 56 -1 9 0 0.00 M M 5.5 10 220 M M 9 14 210
27 62 50 56 -1 9 0 0.00 M M 5.9 9 290 M M 9 M M
28 65 51 58 1 7 0 0.00 M M 11.4 18 170 M M 8 24 180
29 65 48 57 0 8 0 0.00 M M 11.7 18 180 M M 9 24 180
30 69 51 60 3 5 0 T M M 7.9 15 200 M M 9 18 20 190
31 73 54 64 7 1 0 T M M 13.4 25 180 M M 9 32 160
================================================================================
SM 1959 1460 300 0 2.69 M 275.4 M 262
================================================================================
AV 63.2 47.1 8.9 FASTST M M 8 MAX(MPH)
MISC ----> 30 150 39 170
================================================================================
NOTES:
# LAST OF SEVERAL OCCURRENCES
COLUMN 17 PEAK WIND IN M.P.H.
PRELIMINARY LOCAL CLIMATOLOGICAL DATA (WS FORM: F-6) , PAGE 2
STATION: KING SALMON
MONTH: JULY
YEAR: 2021
LATITUDE: 58 41 N
LONGITUDE: 156 39 W
[TEMPERATURE DATA] [PRECIPITATION DATA] SYMBOLS USED IN COLUMN 16
AVERAGE MONTHLY: 55.1 TOTAL FOR MONTH: 2.69 1 = FOG OR MIST
DPTR FM NORMAL: -1.6 DPTR FM NORMAL: 0.23 2 = FOG REDUCING VISIBILITY
HIGHEST: 78 ON 19 GRTST 24HR 1.11 ON 20-21 TO 1/4 MILE OR LESS
LOWEST: 34 ON 14 3 = THUNDER
SNOW, ICE PELLETS, HAIL 4 = ICE PELLETS
TOTAL MONTH: M 5 = HAIL
GRTST 24HR M ON M 6 = FREEZING RAIN OR DRIZZLE
GRTST DEPTH: M ON M 7 = DUSTSTORM OR SANDSTORM:
VSBY 1/2 MILE OR LESS
8 = SMOKE OR HAZE
[NO. OF DAYS WITH] [WEATHER - DAYS WITH] 9 = BLOWING SNOW
X = TORNADO
MAX 32 OR BELOW: 0 0.01 INCH OR MORE: 11
MAX 90 OR ABOVE: 0 0.10 INCH OR MORE: 8
MIN 32 OR BELOW: 0 0.50 INCH OR MORE: 1
MIN 0 OR BELOW: 0 1.00 INCH OR MORE: 1
[HDD (BASE 65) ]
TOTAL THIS MO. 300 CLEAR (SCALE 0-3) 1
DPTR FM NORMAL 42 PTCLDY (SCALE 4-7) 6
TOTAL FM JUL 1 300 CLOUDY (SCALE 8-10) 24
DPTR FM NORMAL 48
[CDD (BASE 65) ]
TOTAL THIS MO. 0
DPTR FM NORMAL -2 [PRESSURE DATA]
TOTAL FM JAN 1 0 HIGHEST SLP 30.20 ON 18
DPTR FM NORMAL -2 LOWEST SLP 29.53 ON 9
[REMARKS]
#FINAL-07-21#