000
CXUS55 KBOU 010900
CF6AKO
PRELIMINARY LOCAL CLIMATOLOGICAL DATA (WS FORM: F-6)
STATION: AKRON CO
MONTH: MARCH
YEAR: 2023
LATITUDE: 40 10 N
LONGITUDE: 103 13 W
TEMPERATURE IN F: :PCPN: SNOW: WIND :SUNSHINE: SKY :PK WND
================================================================================
1 2 3 4 5 6A 6B 7 8 9 10 11 12 13 14 15 16 17 18
12Z AVG MX 2MIN
DY MAX MIN AVG DEP HDD CDD WTR SNW DPTH SPD SPD DIR MIN PSBL S-S WX SPD DR
================================================================================
1 35 14 25 -10 40 0 0.00 M M 9.5 18 120 M M 4 23 100
2 34 18 26 -10 39 0 0.00 M M 7.2 16 140 M M 2 12 20 130
3 41 16 29 -7 36 0 0.20 M M 7.5 14 60 M M 3 12 18 20
4 31 8 20 -16 45 0 0.00 M M 13.1 23 150 M M 2 12 33 140
5 49 17 33 -4 32 0 0.00 M M 10.4 26 360 M M 0 33 350
6 33 20 27 -10 38 0 0.00 M M 13.1 24 100 M M 5 12 31 110
7 31 23 27 -11 38 0 0.00 M M 10.0 18 110 M M 10 12 24 110
8 27 25 26 -12 39 0 0.00 M M 10.9 18 130 M M 10 1 28 140
9 40 25 33 -5 32 0 0.00 M M 13.0 23 270 M M 4 18 27 260
10 46 26 36 -3 29 0 0.00 M M 13.8 22 150 M M 0 31 160
11 48 26 37 -2 28 0 0.00 M M 17.3 37 350 M M 1 1 48 340
12 37 20 29 -10 36 0 T M M 11.5 20 350 M M 5 25 360
13 48 22 35 -5 30 0 0.00 M M 13.3 20 180 M M 2 26 180
14 62 30 46 6 19 0 0.00 M M 9.0 16 240 M M 0 20 180
15 70 37 54 14 11 0 0.05 M M 12.6 39 360 M M 6 48 360
16 37 20 29 -12 36 0 T M M 24.5 38 360 M M 7 1 49 350
17 40 17 29 -12 36 0 0.00 M M 15.4 31 360 M M 3 38 350
18 38 16 27 -15 38 0 0.00 M M 12.2 24 350 M M 1 34 350
19 56 20 38 -4 27 0 0.00 M M 11.5 23 210 M M 0 32 200
20 54 29 42 0 23 0 0.00 M M 9.9 20 110 M M 1 26 120
21 56 24 40 -2 25 0 T M M 9.9 25 40 M M 4 39 210
22 46 23 35 -8 30 0 T M M 12.8 22 360 M M 4 1 28 350
23 52 17 35 -8 30 0 T M M 7.3 18 360 M M 2 1 23 10
24 53 30 42 -1 23 0 0.00 M M 9.5 28 330 M M 5 1 35 320
25 35 15 25 -18 40 0 0.07 M M 18.6 40 310 M M 8 12 55 310
26 41 10 26 -18 39 0 0.08 M M 9.4 21 100 M M 2 1 22 130
27 28 9 19 -25 46 0 0.21 M M 13.2 36 330 M M 9 12 45 330
28 44 10 27 -17 38 0 T M M 11.5 18 180 M M 0 12 25 180
29 37 18 28 -16 37 0 0.00 M M 10.8 20 120 M M 3 1 26 110
30 68 22 45 1 20 0 0.00 M M 12.8 31 340 M M 3 12 46 290
31 51 27 39 -6 26 0 0.00 M M 22.3 47 310 M M 5 64 320
================================================================================
SM 1368 634 1006 0 0.61 M 383.8 M 111
================================================================================
AV 44.1 20.5 12.4 FASTST M M 4 MAX(MPH)
MISC ----> 47 310 64 320
================================================================================
NOTES:
# LAST OF SEVERAL OCCURRENCES
COLUMN 17 PEAK WIND IN M.P.H.
PRELIMINARY LOCAL CLIMATOLOGICAL DATA (WS FORM: F-6) , PAGE 2
STATION: AKRON CO
MONTH: MARCH
YEAR: 2023
LATITUDE: 40 10 N
LONGITUDE: 103 13 W
[TEMPERATURE DATA] [PRECIPITATION DATA] SYMBOLS USED IN COLUMN 16
AVERAGE MONTHLY: 32.3 TOTAL FOR MONTH: 0.61 1 = FOG OR MIST
DPTR FM NORMAL: -8.2 DPTR FM NORMAL: -0.10 2 = FOG REDUCING VISIBILITY
HIGHEST: 70 ON 15 GRTST 24HR 0.30 ON 26-27 TO 1/4 MILE OR LESS
LOWEST: 8 ON 4 3 = THUNDER
SNOW, ICE PELLETS, HAIL 4 = ICE PELLETS
TOTAL MONTH: M 5 = HAIL
GRTST 24HR M ON M 6 = FREEZING RAIN OR DRIZZLE
GRTST DEPTH: M ON M 7 = DUSTSTORM OR SANDSTORM:
VSBY 1/2 MILE OR LESS
8 = SMOKE OR HAZE
[NO. OF DAYS WITH] [WEATHER - DAYS WITH] 9 = BLOWING SNOW
X = TORNADO
MAX 32 OR BELOW: 4 0.01 INCH OR MORE: 5
MAX 90 OR ABOVE: 0 0.10 INCH OR MORE: 2
MIN 32 OR BELOW: 30 0.50 INCH OR MORE: 0
MIN 0 OR BELOW: 0 1.00 INCH OR MORE: 0
[HDD (BASE 65) ]
TOTAL THIS MO. 1006 CLEAR (SCALE 0-3) 15
DPTR FM NORMAL 245 PTCLDY (SCALE 4-7) 13
TOTAL FM JUL 1 5836 CLOUDY (SCALE 8-10) 3
DPTR FM NORMAL 509
[CDD (BASE 65) ]
TOTAL THIS MO. 0
DPTR FM NORMAL 0 [PRESSURE DATA]
TOTAL FM JAN 1 0 HIGHEST SLP M ON M
DPTR FM NORMAL 0 LOWEST SLP 29.31 ON 30
[REMARKS]
#FINAL-03-23#