000
CXUS55 KALY 030629
CF6ALB
PRELIMINARY LOCAL CLIMATOLOGICAL DATA (WS FORM: F-6)
STATION: ALBANY NY
MONTH: SEPTEMBER
YEAR: 2020
LATITUDE: 42 45 N
LONGITUDE: 73 48 W
TEMPERATURE IN F: :PCPN: SNOW: WIND :SUNSHINE: SKY :PK WND
================================================================================
1 2 3 4 5 6A 6B 7 8 9 10 11 12 13 14 15 16 17 18
12Z AVG MX 2MIN
DY MAX MIN AVG DEP HDD CDD WTR SNW DPTH SPD SPD DIR MIN PSBL S-S WX SPD DR
================================================================================
1 73 59 66 -1 0 1 0.00 0.0 0 7.4 18 170 M M 9 24 160
2 71 60 66 -1 0 1 0.37 0.0 0 10.1 18 160 M M 10 1 26 160
3 77 59 68 1 0 3 T 0.0 0 4.2 12 280 M M 7 1 14 290
4 74 54 64 -2 1 0 0.00 0.0 0 7.8 22 300 M M 3 30 280
5 74 47 61 -5 4 0 T 0.0 0 3.5 18 290 M M 4 23 290
6 74 56 65 -1 0 0 T 0.0 0 2.5 9 260 M M 7 14 250
7 76 55 66 1 0 1 0.00 0.0 0 11.2 28 160 M M 6 39 150
8 81 61 71 6 0 6 0.00 0.0 0 6.7 14 180 M M 6 19 160
9 79 59 69 4 0 4 0.00 0.0 0 6.2 13 160 M M 6 1 17 170
10 75 60 68 4 0 3 0.12 0.0 0 4.0 12 360 M M 6 1 14 10
11 64 47 56 -8 9 0 0.00 0.0 0 8.8 15 30 M M 6 22 350
12 68 41 55 -9 10 0 0.00 0.0 0 5.3 16 180 M M 4 1 21 180
13 71 51 61 -2 4 0 T 0.0 0 8.3 23 170 M M 6 35 170
14 69 45 57 -6 8 0 0.00 0.0 0 10.5 21 280 M M 6 27 290
15 61 37 49 -13 16 0 0.00 0.0 0 3.0 9 330 M M 7 11 330
16 68 43 56 -6 9 0 0.00 0.0 0 9.9 22 160 M M 8 30 180
17 67 49 58 -4 7 0 0.01 0.0 0 6.0 15 360 M M 9 1 19 350
18 62 39 51 -10 14 0 0.00 0.0 0 10.2 21 360 M M 5 27 360
19 58 33 46 -15 19 0 0.00 0.0 0 4.7 15 320 M M 1 19 310
20 60 34 47 -13 18 0 0.00 0.0 0 3.9 16 50 M M 3 20 40
21 61 32 47 -13 18 0 0.00 0.0 0 2.5 8 310 M M 3 12 11 320
22 65 32 49 -10 16 0 0.00 0.0 0 4.9 9 320 M M 3 1 15 310
23 72 46 59 0 6 0 0.00 0.0 0 9.4 24 260 M M 4 31 280
24 72 48 60 2 5 0 0.00 0.0 0 3.4 9 150 M M 7 13 160
25 77 51 64 6 1 0 0.00 0.0 0 3.2 10 160 M M 4 18 15 140
26 75 50 63 5 2 0 0.00 0.0 0 8.1 20 170 M M 4 1 27 150
27 74 63 69 12 0 4 0.00 0.0 0 9.9 21 150 M M 9 27 150
28 76 57 67 10 0 2 0.13 0.0 0 10.4 21 150 M M 7 1 28 160
29 72 54 63 7 2 0 0.72 0.0 0 10.0 23 160 M M 7 1 31 160
30 65 51 58 2 7 0 1.28 0.0 0 9.6 22 230 M M 6 1 29 240
================================================================================
SM 2111 1473 176 25 2.63 0.0 205.6 M 173
================================================================================
AV 70.4 49.1 6.9 FASTST M M 6 MAX(MPH)
MISC ----> 28 160 39 150
================================================================================
NOTES:
# LAST OF SEVERAL OCCURRENCES
COLUMN 17 PEAK WIND IN M.P.H.
PRELIMINARY LOCAL CLIMATOLOGICAL DATA (WS FORM: F-6) , PAGE 2
STATION: ALBANY NY
MONTH: SEPTEMBER
YEAR: 2020
LATITUDE: 42 45 N
LONGITUDE: 73 48 W
[TEMPERATURE DATA] [PRECIPITATION DATA] SYMBOLS USED IN COLUMN 16
AVERAGE MONTHLY: 59.7 TOTAL FOR MONTH: 2.63 1 = FOG OR MIST
DPTR FM NORMAL: -2.2 DPTR FM NORMAL: -0.67 2 = FOG REDUCING VISIBILITY
HIGHEST: 81 ON 8 GRTST 24HR 2.00 ON 29-30 TO 1/4 MILE OR LESS
LOWEST: 32 ON 22,21 3 = THUNDER
SNOW, ICE PELLETS, HAIL 4 = ICE PELLETS
TOTAL MONTH: 0.0 INCH 5 = HAIL
GRTST 24HR 0.0 6 = FREEZING RAIN OR DRIZZLE
GRTST DEPTH: 0 7 = DUSTSTORM OR SANDSTORM:
VSBY 1/2 MILE OR LESS
8 = SMOKE OR HAZE
[NO. OF DAYS WITH] [WEATHER - DAYS WITH] 9 = BLOWING SNOW
X = TORNADO
MAX 32 OR BELOW: 0 0.01 INCH OR MORE: 6
MAX 90 OR ABOVE: 0 0.10 INCH OR MORE: 5
MIN 32 OR BELOW: 2 0.50 INCH OR MORE: 2
MIN 0 OR BELOW: 0 1.00 INCH OR MORE: 1
[HDD (BASE 65) ]
TOTAL THIS MO. 176 CLEAR (SCALE 0-3) 3
DPTR FM NORMAL 32 PTCLDY (SCALE 4-7) 23
TOTAL FM JUL 1 201 CLOUDY (SCALE 8-10) 4
DPTR FM NORMAL 35
[CDD (BASE 65) ]
TOTAL THIS MO. 25
DPTR FM NORMAL -26 [PRESSURE DATA]
TOTAL FM JAN 1 815 HIGHEST SLP 30.66 ON 21
DPTR FM NORMAL 221 LOWEST SLP 29.46 ON 30
[REMARKS]
#FINAL-09-20#