000
CXUS54 KCRP 052349
CF6ALI
PRELIMINARY LOCAL CLIMATOLOGICAL DATA (WS FORM: F-6)
STATION: ALICE
MONTH: MAY
YEAR: 2022
LATITUDE: 27 44 N
LONGITUDE: 98 1 W
TEMPERATURE IN F: :PCPN: SNOW: WIND :SUNSHINE: SKY :PK WND
================================================================================
1 2 3 4 5 6A 6B 7 8 9 10 11 12 13 14 15 16 17 18
12Z AVG MX 2MIN
DY MAX MIN AVG DEP HDD CDD WTR SNW DPTH SPD SPD DIR MIN PSBL S-S WX SPD DR
================================================================================
1 92 74 83 7 0 18 0.00 0.0 0 15.1 28 130 M M 7 1 36 130
2 92 76 84 8 0 19 0.00 0.0 0 17.4 30 150 M M 6 40 160
3 89 74 82 5 0 17 0.00 0.0 0 12.7 23 120 M M 9 31 120
4 M 75 M M M M 0.00 0.0 0 16.9 29 120 M M 8 40 140
5 M M M M M M T 0.0 0 11.4 22 130 M M 7 28 150
6 M M M M M M T 0.0 0 8.2 18 130 M M 5 18 26 140
7 103 78 91 13 0 26 0.00 0.0 0 12.5 24 130 M M 5 8 31 190
8 98 73 86 8 0 21 0.00 0.0 0 16.1 26 130 M M 4 1 36 130
9 95 75 85 7 0 20 0.00 0.0 0 15.8 24 130 M M 6 43 130
10 94 77 86 8 0 21 0.00 0.0 0 17.1 26 130 M M 5 38 110
11 94 70 82 4 0 17 0.00 0.0 0 10.3 23 120 M M 5 1 33 120
12 95 65 80 1 0 15 0.00 0.0 0 11.4 24 130 M M 2 18 33 130
13 96 65 81 2 0 16 0.00 0.0 0 10.8 22 140 M M 1 42 130
14 98 69 84 5 0 19 0.00 0.0 0 10.3 22 120 M M 1 32 110
15 98 62 80 1 0 15 0.00 0.0 0 10.0 22 120 M M 2 12 31 150
16 98 71 85 6 0 20 0.00 0.0 0 11.5 24 130 M M 3 30 120
17 100 70 85 5 0 20 0.00 0.0 0 14.8 28 130 M M 3 36 130
18 102 72 87 7 0 22 0.00 0.0 0 14.9 28 140 M M 3 37 130
19 97 73 85 5 0 20 0.00 0.0 0 15.3 29 140 M M 3 39 120
20 99 77 88 8 0 23 T 0.0 M 17.0 26 130 M M 5 18 35 160
21 105 75 90 10 0 25 0.00 0.0 0 15.0 25 190 M M 3 18 33 130
22 85 69 77 -4 0 12 1.01 0.0 0 8.7 24 10 M M 5 13 32 20
23 88 68 78 -3 0 13 0.12 0.0 0 10.3 33 130 M M 3 13 47 110
24 90 67 79 -2 0 14 0.82 0.0 0 12.5 41 150 M M 4 13 56 90
25 89 63 76 -5 0 11 1.21 0.0 0 8.0 30 350 M M 5 13 41 350
26 94 67 81 -1 0 16 0.00 0.0 0 6.8 16 120 M M 0 1 23 130
27 98 70 84 2 0 19 0.00 0.0 0 7.6 17 200 M M 3 12 24 190
28 98 75 87 5 0 22 0.00 0.0 0 12.2 23 130 M M 5 1 31 120
29 97 76 87 5 0 22 0.00 0.0 0 17.6 28 150 M M 6 40 140
30 95 78 87 5 0 22 0.00 0.0 0 18.3 28 170 M M 6 37 160
31 93 78 86 4 0 21 T 0.0 0 13.8 24 110 M M 7 32 120
================================================================================
SM 2672 2082 0 526 3.16 0.0 400.3 M 137
================================================================================
AV 95.4 71.8 12.9 FASTST M M 4 MAX(MPH)
MISC ----> 41 150 56 90
================================================================================
NOTES:
# LAST OF SEVERAL OCCURRENCES
COLUMN 17 PEAK WIND IN M.P.H.
PRELIMINARY LOCAL CLIMATOLOGICAL DATA (WS FORM: F-6) , PAGE 2
STATION: ALICE
MONTH: MAY
YEAR: 2022
LATITUDE: 27 44 N
LONGITUDE: 98 1 W
[TEMPERATURE DATA] [PRECIPITATION DATA] SYMBOLS USED IN COLUMN 16
AVERAGE MONTHLY: 83.6 TOTAL FOR MONTH: 3.16 1 = FOG OR MIST
DPTR FM NORMAL: 4.2 DPTR FM NORMAL: -0.97 2 = FOG REDUCING VISIBILITY
HIGHEST: 105 ON 21 GRTST 24HR 1.89 ON 24-25 TO 1/4 MILE OR LESS
LOWEST: 62 ON 15 3 = THUNDER
SNOW, ICE PELLETS, HAIL 4 = ICE PELLETS
TOTAL MONTH: 0.0 INCH 5 = HAIL
GRTST 24HR 0.0 6 = FREEZING RAIN OR DRIZZLE
GRTST DEPTH: 0 7 = DUSTSTORM OR SANDSTORM:
VSBY 1/2 MILE OR LESS
8 = SMOKE OR HAZE
[NO. OF DAYS WITH] [WEATHER - DAYS WITH] 9 = BLOWING SNOW
X = TORNADO
MAX 32 OR BELOW: 0 0.01 INCH OR MORE: 4
MAX 90 OR ABOVE: 24 0.10 INCH OR MORE: 4
MIN 32 OR BELOW: 0 0.50 INCH OR MORE: 3
MIN 0 OR BELOW: 0 1.00 INCH OR MORE: 2
[HDD (BASE 65) ]
TOTAL THIS MO. 0 CLEAR (SCALE 0-3) 9
DPTR FM NORMAL 0 PTCLDY (SCALE 4-7) 21
TOTAL FM JUL 1 855 CLOUDY (SCALE 8-10) 1
DPTR FM NORMAL -29
[CDD (BASE 65) ]
TOTAL THIS MO. 526
DPTR FM NORMAL 79 [PRESSURE DATA]
TOTAL FM JAN 1 1140 HIGHEST SLP 30.09 ON 22
DPTR FM NORMAL 179 LOWEST SLP 29.52 ON 20
[REMARKS]
#FINAL-05-22#