000
CDUS43 KDMX 130630
CLIALO

CLIMATE REPORT
NATIONAL WEATHER SERVICE DES MOINES IA
129 AM CDT SUN MAY 13 2018


...................................

...THE WATERLOO IA CLIMATE SUMMARY FOR MAY 12 2018...

CLIMATE NORMAL PERIOD 1981 TO 2010
CLIMATE RECORD PERIOD 1895 TO 2018


WEATHER ITEM   OBSERVED TIME   RECORD YEAR NORMAL DEPARTURE LAST
                VALUE   (LST)  VALUE       VALUE  FROM      YEAR
                                                  NORMAL
..................................................................
TEMPERATURE (F)
 YESTERDAY
  MAXIMUM         54    426 PM  89    1900  71    -17       74
  MINIMUM         45    654 AM  30    1928  48     -3       44
                                      1895
  AVERAGE         50                        59     -9       59

PRECIPITATION (IN)
  YESTERDAY        0.02          2.40 2010   0.14  -0.12     0.00
  MONTH TO DATE    1.09                      1.68  -0.59     0.95
  SINCE MAR 1      4.49                      7.45  -2.96     6.52
  SINCE JAN 1      8.97                      9.27  -0.30    10.45

SNOWFALL (IN)
  YESTERDAY        0.0          MM      MM   0.0    0.0      0.0
  MONTH TO DATE    0.0                       0.0    0.0      0.0
  SINCE MAR 1     23.5                       6.4   17.1     10.6
  SINCE JUL 1     45.6                      35.3   10.3     26.2
  SNOW DEPTH       0

DEGREE DAYS
 HEATING
  YESTERDAY       15                         7      8        6
  MONTH TO DATE   56                       102    -46      125
  SINCE MAR 1   1859                      1499    360     1454
  SINCE JUL 1   7302                      6918    384     5916

 COOLING
  YESTERDAY        0                         1     -1        0
  MONTH TO DATE    2                        12    -10        0
  SINCE MAR 1      3                        20    -17        6
  SINCE JAN 1      3                        20    -17        6
..................................................................


WIND (MPH)
  HIGHEST WIND SPEED    22   HIGHEST WIND DIRECTION     E (110)
  HIGHEST GUST SPEED    26   HIGHEST GUST DIRECTION    SE (120)
  AVERAGE WIND SPEED    12.9


SKY COVER
  POSSIBLE SUNSHINE  MM
  AVERAGE SKY COVER 1.0


WEATHER CONDITIONS
 THE FOLLOWING WEATHER WAS RECORDED YESTERDAY.
  LIGHT RAIN
  FOG


RELATIVE HUMIDITY (PERCENT)
 HIGHEST   100           400 AM
 LOWEST     83          1100 AM
 AVERAGE    92

..........................................................


THE WATERLOO IA CLIMATE NORMALS FOR TODAY
                         NORMAL    RECORD    YEAR
 MAXIMUM TEMPERATURE (F)   71        91      1940
 MINIMUM TEMPERATURE (F)   48        30      1953


SUNRISE AND SUNSET
MAY 13 2018...........SUNRISE   550 AM CDT   SUNSET   823 PM CDT
MAY 14 2018...........SUNRISE   549 AM CDT   SUNSET   824 PM CDT


-  INDICATES NEGATIVE NUMBERS.
R  INDICATES RECORD WAS SET OR TIED.
MM INDICATES DATA IS MISSING.
T  INDICATES TRACE AMOUNT.

$$
