000
CDUS43 KDMX 160655
CLIALO

CLIMATE REPORT
NATIONAL WEATHER SERVICE DES MOINES IA
148 AM CDT MON APR 16 2018

...................................

...THE WATERLOO IA CLIMATE SUMMARY FOR APRIL 15 2018...

CLIMATE NORMAL PERIOD 1981 TO 2010
CLIMATE RECORD PERIOD 1895 TO 2018

WEATHER ITEM   OBSERVED TIME   RECORD YEAR NORMAL DEPARTURE LAST
                VALUE   (LST)  VALUE       VALUE  FROM      YEAR
                                                  NORMAL
..................................................................
TEMPERATURE (F)
 YESTERDAY
  MAXIMUM         28    252 PM  91    2002  61    -33       77
  MINIMUM         23   1019 PM  15    1928  37    -14       59
  AVERAGE         26                        49    -23       68

PRECIPITATION (IN)
  YESTERDAY        0.11          1.14 1966   0.12  -0.01     0.18
  MONTH TO DATE    1.09                      1.64  -0.55     1.91
  SINCE MAR 1      2.76                      3.70  -0.94     3.97
  SINCE JAN 1      7.24                      5.52   1.72     7.90

SNOWFALL (IN)
  YESTERDAY        2.5           4.0  1949   0.1    2.4      0.0
  MONTH TO DATE    8.0                       1.3    6.7      0.0
  SINCE MAR 1     19.4                       5.9   13.5     10.6
  SINCE JUL 1     41.5                      34.8    6.7     26.2
  SNOW DEPTH       1

DEGREE DAYS
 HEATING
  YESTERDAY       39                        17     22        0
  MONTH TO DATE  513                       291    222      204
  SINCE MAR 1   1515                      1197    318     1121
  SINCE JUL 1   6958                      6616    342     5583

 COOLING
  YESTERDAY        0                         0      0        3
  MONTH TO DATE    0                         0      0        6
  SINCE MAR 1      0                         0      0        6
  SINCE JAN 1      0                         0      0        6
..................................................................

WIND (MPH)
  HIGHEST WIND SPEED    23   HIGHEST WIND DIRECTION     N (360)
  HIGHEST GUST SPEED    28   HIGHEST GUST DIRECTION     N (360)
  AVERAGE WIND SPEED    15.1

SKY COVER
  POSSIBLE SUNSHINE  MM
  AVERAGE SKY COVER 0.9

WEATHER CONDITIONS
 THE FOLLOWING WEATHER WAS RECORDED YESTERDAY.
  LIGHT SNOW
  FOG

RELATIVE HUMIDITY (PERCENT)
 HIGHEST    92           100 AM
 LOWEST     75           100 PM
 AVERAGE    84
..........................................................

THE WATERLOO IA CLIMATE NORMALS FOR TODAY
                         NORMAL    RECORD    YEAR
 MAXIMUM TEMPERATURE (F)   61        88      2004
                                             2002
 MINIMUM TEMPERATURE (F)   37        19      1949
                                             1904

SUNRISE AND SUNSET
APRIL 16 2018.........SUNRISE   627 AM CDT   SUNSET   753 PM CDT
APRIL 17 2018.........SUNRISE   625 AM CDT   SUNSET   754 PM CDT

-  INDICATES NEGATIVE NUMBERS.
R  INDICATES RECORD WAS SET OR TIED.
MM INDICATES DATA IS MISSING.
T  INDICATES TRACE AMOUNT.

$$

FAB
