065
CDUS43 KDMX 150700
CLIALO

CLIMATE REPORT
NATIONAL WEATHER SERVICE DES MOINES IA
156 AM CDT SUN APR 15 2018

...................................

...THE WATERLOO IA CLIMATE SUMMARY FOR APRIL 14 2018...

CLIMATE NORMAL PERIOD 1981 TO 2010
CLIMATE RECORD PERIOD 1895 TO 2018

WEATHER ITEM   OBSERVED TIME   RECORD YEAR NORMAL DEPARTURE LAST
                VALUE   (LST)  VALUE       VALUE  FROM      YEAR
                                                  NORMAL
..................................................................
TEMPERATURE (F)
 YESTERDAY
  MAXIMUM         36   1049 AM  90    2003  60    -24       64
  MINIMUM         26   1159 PM  18    1928  37    -11       48
  AVERAGE         31                        48    -17       56

PRECIPITATION (IN)
  YESTERDAY        0.30          1.10 1937   0.13   0.17     0.44
  MONTH TO DATE    0.98                      1.52  -0.54     1.73
  SINCE MAR 1      2.65                      3.58  -0.93     3.79
  SINCE JAN 1      7.13                      5.40   1.73     7.72

SNOWFALL (IN)
  YESTERDAY        T             1.5  1928   0.0    0.0      0.0
  MONTH TO DATE    5.5                       1.2    4.3      0.0
  SINCE MAR 1     16.9                       5.8   11.1     10.6
  SINCE JUL 1     39.0                      34.7    4.3     26.2
  SNOW DEPTH       0

DEGREE DAYS
 HEATING
  YESTERDAY       34                        17     17        9
  MONTH TO DATE  474                       274    200      204
  SINCE MAR 1   1476                      1180    296     1121
  SINCE JUL 1   6919                      6599    320     5583

 COOLING
  YESTERDAY        0                         0      0        0
  MONTH TO DATE    0                         0      0        3
  SINCE MAR 1      0                         0      0        3
  SINCE JAN 1      0                         0      0        3
..................................................................

WIND (MPH)
  HIGHEST WIND SPEED    41   HIGHEST WIND DIRECTION     E (70)
  HIGHEST GUST SPEED    52   HIGHEST GUST DIRECTION     E (70)
  AVERAGE WIND SPEED    23.0

SKY COVER
  POSSIBLE SUNSHINE  MM
  AVERAGE SKY COVER 1.0

WEATHER CONDITIONS
 THE FOLLOWING WEATHER WAS RECORDED YESTERDAY.
  HEAVY RAIN
  RAIN
  LIGHT RAIN
  LT FREEZING RAIN
  LIGHT SNOW
  FOG

RELATIVE HUMIDITY (PERCENT)
 HIGHEST   100           100 PM
 LOWEST     85           700 PM
 AVERAGE    93
..........................................................

THE WATERLOO IA CLIMATE NORMALS FOR TODAY
                         NORMAL    RECORD    YEAR
 MAXIMUM TEMPERATURE (F)   61        91      2002
 MINIMUM TEMPERATURE (F)   37        15      1928

SUNRISE AND SUNSET
APRIL 15 2018.........SUNRISE   628 AM CDT   SUNSET   752 PM CDT
APRIL 16 2018.........SUNRISE   627 AM CDT   SUNSET   753 PM CDT

-  INDICATES NEGATIVE NUMBERS.
R  INDICATES RECORD WAS SET OR TIED.
MM INDICATES DATA IS MISSING.
T  INDICATES TRACE AMOUNT.

$$

FAB
