629
CDUS43 KDMX 120637
CLIALO

CLIMATE REPORT
NATIONAL WEATHER SERVICE DES MOINES IA
136 AM CDT SAT MAY 12 2018


...................................

...THE WATERLOO IA CLIMATE SUMMARY FOR MAY 11 2018...

CLIMATE NORMAL PERIOD 1981 TO 2010
CLIMATE RECORD PERIOD 1895 TO 2018


WEATHER ITEM   OBSERVED TIME   RECORD YEAR NORMAL DEPARTURE LAST
                VALUE   (LST)  VALUE       VALUE  FROM      YEAR
                                                  NORMAL
..................................................................
TEMPERATURE (F)
 YESTERDAY
  MAXIMUM         53    414 AM  89    1911  70    -17       71
  MINIMUM         45   1149 PM  27    1925  47     -2       45
  AVERAGE         49                        59    -10       58

PRECIPITATION (IN)
  YESTERDAY        0.02          1.96 1966   0.14  -0.12     0.00
  MONTH TO DATE    1.07                      1.54  -0.47     0.95
  SINCE MAR 1      4.47                      7.31  -2.84     6.52
  SINCE JAN 1      8.95                      9.13  -0.18    10.45

SNOWFALL (IN)
  YESTERDAY        0.0           0.3  1966   0.0    0.0      0.0
  MONTH TO DATE    0.0                       0.0    0.0      0.0
  SINCE MAR 1     23.5                       6.4   17.1     10.6
  SINCE JUL 1     45.6                      35.3   10.3     26.2
  SNOW DEPTH       0

DEGREE DAYS
 HEATING
  YESTERDAY       16                         7      9        7
  MONTH TO DATE   41                        95    -54      119
  SINCE MAR 1   1844                      1492    352     1448
  SINCE JUL 1   7287                      6911    376     5910

 COOLING
  YESTERDAY        0                         1     -1        0
  MONTH TO DATE    2                        11     -9        0
  SINCE MAR 1      3                        19    -16        6
  SINCE JAN 1      3                        19    -16        6
..................................................................


WIND (MPH)
  HIGHEST WIND SPEED    26   HIGHEST WIND DIRECTION     E (90)
  HIGHEST GUST SPEED    33   HIGHEST GUST DIRECTION     E (80)
  AVERAGE WIND SPEED    15.8


SKY COVER
  POSSIBLE SUNSHINE  MM
  AVERAGE SKY COVER 0.9


WEATHER CONDITIONS
 THE FOLLOWING WEATHER WAS RECORDED YESTERDAY.
  THUNDERSTORM
  LIGHT RAIN
  FOG


RELATIVE HUMIDITY (PERCENT)
 HIGHEST    93           500 AM
 LOWEST     77           300 AM
 AVERAGE    85

..........................................................


THE WATERLOO IA CLIMATE NORMALS FOR TODAY
                         NORMAL    RECORD    YEAR
 MAXIMUM TEMPERATURE (F)   71        89      1900
 MINIMUM TEMPERATURE (F)   48        30      1928
                                             1895


SUNRISE AND SUNSET
MAY 12 2018...........SUNRISE   551 AM CDT   SUNSET   822 PM CDT
MAY 13 2018...........SUNRISE   550 AM CDT   SUNSET   823 PM CDT


-  INDICATES NEGATIVE NUMBERS.
R  INDICATES RECORD WAS SET OR TIED.
MM INDICATES DATA IS MISSING.
T  INDICATES TRACE AMOUNT.

$$

PODRAZIK
