000
CDUS43 KDMX 120822
CLIALO

CLIMATE REPORT
NATIONAL WEATHER SERVICE DES MOINES IA
206 AM CDT THU APR 12 2018

...................................

...THE WATERLOO IA CLIMATE SUMMARY FOR APRIL 11 2018...

CLIMATE NORMAL PERIOD 1981 TO 2010
CLIMATE RECORD PERIOD 1895 TO 2018

WEATHER ITEM   OBSERVED TIME   RECORD YEAR NORMAL DEPARTURE LAST
                VALUE   (LST)  VALUE       VALUE  FROM      YEAR
                                                  NORMAL
..................................................................
TEMPERATURE (F)
 YESTERDAY
  MAXIMUM         59    352 PM  87    1930  59      0       57
  MINIMUM         27    302 AM  16    2004  35     -8       37
  AVERAGE         43                        47     -4       47

PRECIPITATION (IN)
  YESTERDAY        0.03          1.15 1961   0.12  -0.09     0.00
  MONTH TO DATE    0.44                      1.14  -0.70     1.09
  SINCE MAR 1      2.11                      3.20  -1.09     3.15
  SINCE JAN 1      6.59                      5.02   1.57     7.08

SNOWFALL (IN)
  YESTERDAY        0.0           4.3  2007   0.1   -0.1      0.0
  MONTH TO DATE    5.5                       1.0    4.5      0.0
  SINCE MAR 1     16.9                       5.6   11.3     10.6
  SINCE JUL 1     39.0                      34.5    4.5     26.2
  SNOW DEPTH       0

DEGREE DAYS
 HEATING
  YESTERDAY       22                        18      4       18
  MONTH TO DATE  403                       222    181      170
  SINCE MAR 1   1405                      1128    277     1087
  SINCE JUL 1   6848                      6547    301     5549

 COOLING
  YESTERDAY        0                         0      0        0
  MONTH TO DATE    0                         0      0        3
  SINCE MAR 1      0                         0      0        3
  SINCE JAN 1      0                         0      0        3
..................................................................

WIND (MPH)
  HIGHEST WIND SPEED    20   HIGHEST WIND DIRECTION    SE (140)
  HIGHEST GUST SPEED    25   HIGHEST GUST DIRECTION    SE (140)
  AVERAGE WIND SPEED     7.8

SKY COVER
  POSSIBLE SUNSHINE  MM
  AVERAGE SKY COVER 0.5

WEATHER CONDITIONS
 THE FOLLOWING WEATHER WAS RECORDED YESTERDAY.
  LIGHT RAIN
  FOG
  HAZE

RELATIVE HUMIDITY (PERCENT)
 HIGHEST   100           300 AM
 LOWEST     55          1100 AM
 AVERAGE    78
..........................................................

THE WATERLOO IA CLIMATE NORMALS FOR TODAY
                         NORMAL    RECORD    YEAR
 MAXIMUM TEMPERATURE (F)   59        87      1925
 MINIMUM TEMPERATURE (F)   36        18      1940
                                             1939

SUNRISE AND SUNSET
APRIL 12 2018.........SUNRISE   633 AM CDT   SUNSET   748 PM CDT
APRIL 13 2018.........SUNRISE   632 AM CDT   SUNSET   749 PM CDT

-  INDICATES NEGATIVE NUMBERS.
R  INDICATES RECORD WAS SET OR TIED.
MM INDICATES DATA IS MISSING.
T  INDICATES TRACE AMOUNT.

$$

FAB
