000
CDUS43 KDMX 042228
CLIALO

CLIMATE REPORT
NATIONAL WEATHER SERVICE DES MOINES IA
526 PM CDT WED APR 4 2018


...................................

...THE WATERLOO IA CLIMATE SUMMARY FOR APRIL 4 2018...
VALID TODAY AS OF 0500 PM LOCAL TIME.

CLIMATE NORMAL PERIOD 1981 TO 2010
CLIMATE RECORD PERIOD 1895 TO 2018


WEATHER ITEM   OBSERVED TIME   RECORD YEAR NORMAL DEPARTURE LAST
                VALUE   (LST)  VALUE       VALUE  FROM      YEAR
                                                  NORMAL
..................................................................
TEMPERATURE (F)
 TODAY
  MAXIMUM         29    327 PM  82    1921  55    -26       55
  MINIMUM         11    700 AM   4    1975  33    -22       42
  AVERAGE         20                        44    -24       49

PRECIPITATION (IN)
  TODAY            0.00          0.98 1969   0.10  -0.10     0.10
  MONTH TO DATE    0.16                      0.37  -0.21     1.09
  SINCE MAR 1      1.83                      2.43  -0.60     3.15
  SINCE JAN 1      6.31                      4.25   2.06     7.08

SNOWFALL (IN)
  TODAY            0.0           1.5  2003   0.1   -0.1      0.0
                                      1977
  MONTH TO DATE    0.5                       0.4    0.1      0.0
  SINCE MAR 1     11.9                       5.0    6.9     10.6
  SINCE JUL 1     34.0                      33.9    0.1     26.2
  SNOW DEPTH       0

DEGREE DAYS
 HEATING
  TODAY           45                        21     24       16
  MONTH TO DATE  160                        86     74       73
  SINCE MAR 1   1162                       992    170      990
  SINCE JUL 1   6605                      6411    194     5452

 COOLING
  TODAY            0                         0      0        0
  MONTH TO DATE    0                         0      0        0
  SINCE MAR 1      0                         0      0        0
  SINCE JAN 1      0                         0      0        0
..................................................................


WIND (MPH)
  HIGHEST WIND SPEED    23   HIGHEST WIND DIRECTION    NW (300)
  HIGHEST GUST SPEED    30   HIGHEST GUST DIRECTION    NW (300)
  AVERAGE WIND SPEED    13.3


SKY COVER
  POSSIBLE SUNSHINE  MM
  AVERAGE SKY COVER 0.2


WEATHER CONDITIONS
 THE FOLLOWING WEATHER WAS RECORDED TODAY.
  NO SIGNIFICANT WEATHER WAS OBSERVED.


RELATIVE HUMIDITY (PERCENT)
 HIGHEST    88           100 AM
 LOWEST     50           400 PM
 AVERAGE    69

..........................................................


THE WATERLOO IA CLIMATE NORMALS FOR TOMORROW
                         NORMAL    RECORD    YEAR
 MAXIMUM TEMPERATURE (F)   56        84      1991
 MINIMUM TEMPERATURE (F)   33         9      1982


SUNRISE AND SUNSET
APRIL  4 2018.........SUNRISE   647 AM CDT   SUNSET   739 PM CDT
APRIL  5 2018.........SUNRISE   645 AM CDT   SUNSET   740 PM CDT


-  INDICATES NEGATIVE NUMBERS.
R  INDICATES RECORD WAS SET OR TIED.
MM INDICATES DATA IS MISSING.
T  INDICATES TRACE AMOUNT.




$$
