000
CDUS43 KDMX 282242
CLIALO

CLIMATE REPORT
NATIONAL WEATHER SERVICE DES MOINES IA
540 PM CDT WED MAR 28 2018


...................................

...THE WATERLOO IA CLIMATE SUMMARY FOR MARCH 28 2018...
VALID TODAY AS OF 0500 PM LOCAL TIME.

CLIMATE NORMAL PERIOD 1981 TO 2010
CLIMATE RECORD PERIOD 1895 TO 2018


WEATHER ITEM   OBSERVED TIME   RECORD YEAR NORMAL DEPARTURE LAST
                VALUE   (LST)  VALUE       VALUE  FROM      YEAR
                                                  NORMAL
..................................................................
TEMPERATURE (F)
 TODAY
  MAXIMUM         43    223 PM  81    1986  52     -9       60
  MINIMUM         18    441 AM   3    1970  30    -12       39
  AVERAGE         31                        41    -10       50

PRECIPITATION (IN)
  TODAY            0.00          0.85 1931   0.08  -0.08     0.00
  MONTH TO DATE    1.66                      1.80  -0.14     1.60
  SINCE MAR 1      1.66                      1.80  -0.14     1.60
  SINCE JAN 1      6.14                      3.62   2.52     5.53

SNOWFALL (IN)
  TODAY            0.0           8.5  1931   0.1   -0.1      0.0
  MONTH TO DATE   11.4                       4.2    7.2     10.6
  SINCE MAR 1     11.4                       4.2    7.2     10.6
  SINCE JUL 1     33.5                      33.1    0.4     26.2
  SNOW DEPTH       0

DEGREE DAYS
 HEATING
  TODAY           34                        24     10       15
  MONTH TO DATE  914                       836     78      840
  SINCE MAR 1    914                       836     78      840
  SINCE JUL 1   6357                      6255    102     5302

 COOLING
  TODAY            0                         0      0        0
  MONTH TO DATE    0                         0      0        0
  SINCE MAR 1      0                         0      0        0
  SINCE JAN 1      0                         0      0        0
..................................................................


WIND (MPH)
  HIGHEST WIND SPEED    14   HIGHEST WIND DIRECTION     S (170)
  HIGHEST GUST SPEED    16   HIGHEST GUST DIRECTION     S (180)
  AVERAGE WIND SPEED     4.2


SKY COVER
  POSSIBLE SUNSHINE  MM
  AVERAGE SKY COVER 0.6


WEATHER CONDITIONS
 THE FOLLOWING WEATHER WAS RECORDED TODAY.
  FOG
  FOG W/VISIBILITY <= 1/4 MILE
  HAZE


RELATIVE HUMIDITY (PERCENT)
 HIGHEST   100          1200 AM
 LOWEST     73           200 PM
 AVERAGE    87

..........................................................


THE WATERLOO IA CLIMATE NORMALS FOR TOMORROW
                         NORMAL    RECORD    YEAR
 MAXIMUM TEMPERATURE (F)   52        87      1986
 MINIMUM TEMPERATURE (F)   31         4      1969


SUNRISE AND SUNSET
MARCH 28 2018.........SUNRISE   659 AM CDT   SUNSET   731 PM CDT
MARCH 29 2018.........SUNRISE   657 AM CDT   SUNSET   732 PM CDT


-  INDICATES NEGATIVE NUMBERS.
R  INDICATES RECORD WAS SET OR TIED.
MM INDICATES DATA IS MISSING.
T  INDICATES TRACE AMOUNT.




$$
