000
CDUS43 KDMX 010644 RRA
CLIALO

CLIMATE REPORT
NATIONAL WEATHER SERVICE DES MOINES IA
142 AM CDT TUE MAY 1 2018

...................................

...THE WATERLOO IA CLIMATE SUMMARY FOR APRIL 30 2018...

CLIMATE NORMAL PERIOD 1981 TO 2010
CLIMATE RECORD PERIOD 1895 TO 2018


WEATHER ITEM   OBSERVED TIME   RECORD YEAR NORMAL DEPARTURE LAST
                VALUE   (LST)  VALUE       VALUE  FROM      YEAR
                                                  NORMAL
..................................................................
TEMPERATURE (F)
 YESTERDAY
  MAXIMUM         83    212 PM  92    1910  67     16       45
  MINIMUM         49    550 AM  26    1956  43      6       39
  AVERAGE         66                        55     11       42

PRECIPITATION (IN)
  YESTERDAY        0.00          2.33 1997   0.15  -0.15     0.83
  MONTH TO DATE    1.73                      3.71  -1.98     3.51
  SINCE MAR 1      3.40                      5.77  -2.37     5.57
  SINCE JAN 1      7.88                      7.59   0.29     9.50

SNOWFALL (IN)
  YESTERDAY        0.0           0.4  1997   0.0    0.0      0.0
  MONTH TO DATE   12.1                       1.8   10.3      0.0
  SINCE MAR 1     23.5                       6.4   17.1     10.6
  SINCE JUL 1     45.6                      35.3   10.3     26.2
  SNOW DEPTH       0

DEGREE DAYS
 HEATING
  YESTERDAY        0                        11    -11       23
  MONTH TO DATE  801                       492    309      412
  SINCE MAR 1   1803                      1397    406     1329
  SINCE JUL 1   7246                      6816    430     5791

 COOLING
  YESTERDAY        1                         0      1        0
  MONTH TO DATE    1                         8     -7        6
  SINCE MAR 1      1                         8     -7        6
  SINCE JAN 1      1                         8     -7        6
..................................................................


WIND (MPH)
  HIGHEST WIND SPEED    35   HIGHEST WIND DIRECTION     S (170)
  HIGHEST GUST SPEED    45   HIGHEST GUST DIRECTION     S (170)
  AVERAGE WIND SPEED    17.6


SKY COVER
  POSSIBLE SUNSHINE  MM
  AVERAGE SKY COVER 0.0


WEATHER CONDITIONS
 THE FOLLOWING WEATHER WAS RECORDED YESTERDAY.
  NO SIGNIFICANT WEATHER WAS OBSERVED.


RELATIVE HUMIDITY (PERCENT)
 HIGHEST    48           700 AM
 LOWEST     28           300 PM
 AVERAGE    38

..........................................................


THE WATERLOO IA CLIMATE NORMALS FOR TODAY
                         NORMAL    RECORD    YEAR
 MAXIMUM TEMPERATURE (F)   67        89      1992
 MINIMUM TEMPERATURE (F)   44        27      1918


SUNRISE AND SUNSET
MAY  1 2018...........SUNRISE   604 AM CDT   SUNSET   810 PM CDT
MAY  2 2018...........SUNRISE   603 AM CDT   SUNSET   811 PM CDT


-  INDICATES NEGATIVE NUMBERS.
R  INDICATES RECORD WAS SET OR TIED.
MM INDICATES DATA IS MISSING.
T  INDICATES TRACE AMOUNT.




$$
