000
CDUS43 KDMX 242238
CLIALO

CLIMATE REPORT
NATIONAL WEATHER SERVICE DES MOINES IA
536 PM CDT TUE APR 24 2018


...................................

...THE WATERLOO IA CLIMATE SUMMARY FOR APRIL 24 2018...
VALID TODAY AS OF 0500 PM LOCAL TIME.

CLIMATE NORMAL PERIOD 1981 TO 2010
CLIMATE RECORD PERIOD 1895 TO 2018


WEATHER ITEM   OBSERVED TIME   RECORD YEAR NORMAL DEPARTURE LAST
                VALUE   (LST)  VALUE       VALUE  FROM      YEAR
                                                  NORMAL
..................................................................
TEMPERATURE (F)
 TODAY
  MAXIMUM         73    204 PM  90    1939  64      9       75
  MINIMUM         36    544 AM  20    1956  41     -5       45
  AVERAGE         55                        52      3       60

PRECIPITATION (IN)
  TODAY            0.00          1.90 2008   0.14  -0.14     0.00
  MONTH TO DATE    1.73                      2.85  -1.12     2.44
  SINCE MAR 1      3.40                      4.91  -1.51     4.50
  SINCE JAN 1      7.88                      6.73   1.15     8.43

SNOWFALL (IN)
  TODAY            0.0           0.5  1910   0.0    0.0      0.0
  MONTH TO DATE   12.1                       1.7   10.4      0.0
  SINCE MAR 1     23.5                       6.3   17.2     10.6
  SINCE JUL 1     45.6                      35.2   10.4     26.2
  SNOW DEPTH       0

DEGREE DAYS
 HEATING
  TODAY           10                        13     -3        5
  MONTH TO DATE  720                       422    298      293
  SINCE MAR 1   1722                      1328    394     1210
  SINCE JUL 1   7165                      6747    418     5672

 COOLING
  TODAY            0                         0      0        0
  MONTH TO DATE    0                         0      0        6
  SINCE MAR 1      0                         0      0        6
  SINCE JAN 1      0                         0      0        6
..................................................................


WIND (MPH)
  HIGHEST WIND SPEED    21   HIGHEST WIND DIRECTION     N (340)
  HIGHEST GUST SPEED    26   HIGHEST GUST DIRECTION     N (350)
  AVERAGE WIND SPEED     4.5


SKY COVER
  POSSIBLE SUNSHINE  MM
  AVERAGE SKY COVER 0.0


WEATHER CONDITIONS
 THE FOLLOWING WEATHER WAS RECORDED TODAY.
  NO SIGNIFICANT WEATHER WAS OBSERVED.


RELATIVE HUMIDITY (PERCENT)
 HIGHEST    85           400 AM
 LOWEST     25          1100 AM
 AVERAGE    55

..........................................................


THE WATERLOO IA CLIMATE NORMALS FOR TOMORROW
                         NORMAL    RECORD    YEAR
 MAXIMUM TEMPERATURE (F)   65        90      1949
 MINIMUM TEMPERATURE (F)   41        21      1934


SUNRISE AND SUNSET
APRIL 24 2018.........SUNRISE   614 AM CDT   SUNSET   802 PM CDT
APRIL 25 2018.........SUNRISE   613 AM CDT   SUNSET   803 PM CDT


-  INDICATES NEGATIVE NUMBERS.
R  INDICATES RECORD WAS SET OR TIED.
MM INDICATES DATA IS MISSING.
T  INDICATES TRACE AMOUNT.




$$
