000
CDUS43 KDMX 230635
CLIALO

CLIMATE REPORT
NATIONAL WEATHER SERVICE DES MOINES IA
134 AM CDT MON APR 23 2018

...................................

...THE WATERLOO IA CLIMATE SUMMARY FOR APRIL 22 2018...

CLIMATE NORMAL PERIOD 1981 TO 2010
CLIMATE RECORD PERIOD 1895 TO 2018


WEATHER ITEM   OBSERVED TIME   RECORD YEAR NORMAL DEPARTURE LAST
                VALUE   (LST)  VALUE       VALUE  FROM      YEAR
                                                  NORMAL
..................................................................
TEMPERATURE (F)
 YESTERDAY
  MAXIMUM         67    157 PM 100    1980  64      3       67
  MINIMUM         38    606 AM  20    1986  40     -2       35
  AVERAGE         53                        52      1       51

PRECIPITATION (IN)
  YESTERDAY        0.00          2.11 1968   0.13  -0.13     0.00
  MONTH TO DATE    1.73                      2.57  -0.84     2.44
  SINCE MAR 1      3.40                      4.63  -1.23     4.50
  SINCE JAN 1      7.88                      6.45   1.43     8.43

SNOWFALL (IN)
  YESTERDAY        0.0           1.3  1984   0.0    0.0      0.0
  MONTH TO DATE   12.1                       1.6   10.5      0.0
  SINCE MAR 1     23.5                       6.2   17.3     10.6
  SINCE JUL 1     45.6                      35.1   10.5     26.2
  SNOW DEPTH       0

DEGREE DAYS
 HEATING
  YESTERDAY       12                        14     -2       14
  MONTH TO DATE  698                       396    302      277
  SINCE MAR 1   1700                      1302    398     1194
  SINCE JUL 1   7143                      6721    422     5656

 COOLING
  YESTERDAY        0                         0      0        0
  MONTH TO DATE    0                         0      0        6
  SINCE MAR 1      0                         0      0        6
  SINCE JAN 1      0                         0      0        6
..................................................................


WIND (MPH)
  HIGHEST WIND SPEED    21   HIGHEST WIND DIRECTION     E (80)
  HIGHEST GUST SPEED    26   HIGHEST GUST DIRECTION     E (70)
  AVERAGE WIND SPEED     9.9


SKY COVER
  POSSIBLE SUNSHINE  MM
  AVERAGE SKY COVER 0.0


WEATHER CONDITIONS
 THE FOLLOWING WEATHER WAS RECORDED YESTERDAY.
  NO SIGNIFICANT WEATHER WAS OBSERVED.


RELATIVE HUMIDITY (PERCENT)
 HIGHEST    79           200 AM
 LOWEST     27          1100 AM
 AVERAGE    53

..........................................................


THE WATERLOO IA CLIMATE NORMALS FOR TODAY
                         NORMAL    RECORD    YEAR
 MAXIMUM TEMPERATURE (F)   64        89      1925
 MINIMUM TEMPERATURE (F)   40        19      1927


SUNRISE AND SUNSET
APRIL 23 2018.........SUNRISE   616 AM CDT   SUNSET   801 PM CDT
APRIL 24 2018.........SUNRISE   614 AM CDT   SUNSET   802 PM CDT


-  INDICATES NEGATIVE NUMBERS.
R  INDICATES RECORD WAS SET OR TIED.
MM INDICATES DATA IS MISSING.
T  INDICATES TRACE AMOUNT.

$$

SMALL
