000
CXUS56 KPDT 011910
CF6ALW
PRELIMINARY LOCAL CLIMATOLOGICAL DATA (WS FORM: F-6)
STATION: WALLA WALLA WA
MONTH: JANUARY
YEAR: 2022
LATITUDE: 46 5 N
LONGITUDE: 118 17 W
TEMPERATURE IN F: :PCPN: SNOW: WIND :SUNSHINE: SKY :PK WND
================================================================================
1 2 3 4 5 6A 6B 7 8 9 10 11 12 13 14 15 16 17 18
12Z AVG MX 2MIN
DY MAX MIN AVG DEP HDD CDD WTR SNW DPTH SPD SPD DIR MIN PSBL S-S WX SPD DR
================================================================================
1 19 -3 8 -27 57 0 0.00 M M 4.0 13 70 M M 3 15 80
2 44 6 25 -10 40 0 0.00 M M 8.7 44 160 M M 1 58 160
3 46 32 39 4 26 0 0.41 M M 19.1 41 170 M M 8 1 65 190
4 39 30 35 0 30 0 0.09 M M 9.1 16 170 M M 7 1 21 200
5 35 26 31 -4 34 0 0.18 M M 5.3 13 40 M M 10 126 15 230
6 46 24 35 0 30 0 0.27 M M 6.9 15 190 M M 10 16 20 180
7 49 35 42 6 23 0 0.29 M M 18.9 38 230 M M 7 62 250
8 44 31 38 2 27 0 0.00 M M 9.2 21 210 M M 1 29 210
9 37 25 31 -5 34 0 0.00 M M 5.0 10 190 M M 0 12 200
10 37 22 30 -6 35 0 0.00 M M 3.6 14 110 M M 2 1 17 110
11 56 27 42 6 23 0 T M M 7.8 20 170 M M 8 12 29 180
12 63 32 48 12 17 0 0.02 M M 9.8 18 170 M M 5 36 180
13 44 30 37 1 28 0 0.00 M M 6.1 13 130 M M 6 1 16 150
14 38 30 34 -2 31 0 0.00 M M 3.9 10 280 M M 9 12 13 290
15 32 29 31 -5 34 0 0.00 M M 2.2 7 360 M M 10 12 10 280
16 30 28 29 -7 36 0 0.00 M M 1.5 6 360 M M 10 12 8 260
17 36 28 32 -4 33 0 0.00 M M 2.6 12 120 M M 9 12 13 120
18 46 28 37 1 28 0 T M M 5.5 15 220 M M 9 12 21 210
19 35 30 33 -4 32 0 0.00 M M 1.3 9 270 M M 10 12 11 270
20 55 32 44 7 21 0 0.28 M M 8.9 24 230 M M 8 12 34 220
21 47 35 41 4 24 0 0.00 M M 8.6 16 190 M M 1 21 200
22 38 28 33 -4 32 0 0.00 M M 2.7 8 160 M M 6 12 9 150
23 30 28 29 -8 36 0 0.00 M M 2.3 8 350 M M 10 12 12 350
24 30 27 29 -8 36 0 0.00 M M 3.0 9 330 M M 10 1 12 200
25 31 29 30 -7 35 0 0.00 M M 1.8 7 350 M M 10 1 9 180
26 31 29 30 -7 35 0 T M M 1.9 9 250 M M 10 1 12 240
27 30 29 30 -7 35 0 T M M 2.4 8 50 M M 10 11 60
28 31 24 28 -9 37 0 0.00 M M 4.7 10 50 M M 9 14 90
29 31 26 29 -8 36 0 0.00 M M 2.5 8 330 M M 10 10 330
30 43 27 35 -3 30 0 0.09 M M 4.1 22 140 M M 8 30 230
31 44 33 39 1 26 0 0.00 M M 16.2 31 240 M M 7 45 240
================================================================================
SM 1217 837 981 0 1.63 M 189.6 M 224
================================================================================
AV 39.3 27.0 6.1 FASTST M M 7 MAX(MPH)
MISC ----> 44 160 65 190
================================================================================
NOTES:
# LAST OF SEVERAL OCCURRENCES
COLUMN 17 PEAK WIND IN M.P.H.
PRELIMINARY LOCAL CLIMATOLOGICAL DATA (WS FORM: F-6) , PAGE 2
STATION: WALLA WALLA WA
MONTH: JANUARY
YEAR: 2022
LATITUDE: 46 5 N
LONGITUDE: 118 17 W
[TEMPERATURE DATA] [PRECIPITATION DATA] SYMBOLS USED IN COLUMN 16
AVERAGE MONTHLY: 33.1 TOTAL FOR MONTH: 1.63 1 = FOG OR MIST
DPTR FM NORMAL: -3.2 DPTR FM NORMAL: -0.47 2 = FOG REDUCING VISIBILITY
HIGHEST: 63 ON 12 GRTST 24HR 0.41 ON 2- 3 TO 1/4 MILE OR LESS
LOWEST: -3 ON 1 3 = THUNDER
SNOW, ICE PELLETS, HAIL 4 = ICE PELLETS
TOTAL MONTH: M 5 = HAIL
GRTST 24HR M ON M 6 = FREEZING RAIN OR DRIZZLE
GRTST DEPTH: M ON M 7 = DUSTSTORM OR SANDSTORM:
VSBY 1/2 MILE OR LESS
8 = SMOKE OR HAZE
[NO. OF DAYS WITH] [WEATHER - DAYS WITH] 9 = BLOWING SNOW
X = TORNADO
MAX 32 OR BELOW: 10 0.01 INCH OR MORE: 8
MAX 90 OR ABOVE: 0 0.10 INCH OR MORE: 5
MIN 32 OR BELOW: 28 0.50 INCH OR MORE: 0
MIN 0 OR BELOW: 1 1.00 INCH OR MORE: 0
[HDD (BASE 65) ]
TOTAL THIS MO. 981 CLEAR (SCALE 0-3) 6
DPTR FM NORMAL 91 PTCLDY (SCALE 4-7) 9
TOTAL FM JUL 1 2888 CLOUDY (SCALE 8-10) 16
DPTR FM NORMAL -26
[CDD (BASE 65) ]
TOTAL THIS MO. 0
DPTR FM NORMAL 0 [PRESSURE DATA]
TOTAL FM JAN 1 0 HIGHEST SLP 30.72 ON 27
DPTR FM NORMAL 0 LOWEST SLP 29.34 ON 7
[REMARKS]
#FINAL-01-22#