000
CXUS53 KDMX 052300
CF6AMW
PRELIMINARY LOCAL CLIMATOLOGICAL DATA (WS FORM: F-6)
STATION: AMES IA
MONTH: NOVEMBER
YEAR: 2020
LATITUDE: 41 59 N
LONGITUDE: 93 37 W
TEMPERATURE IN F: :PCPN: SNOW: WIND :SUNSHINE: SKY :PK WND
================================================================================
1 2 3 4 5 6A 6B 7 8 9 10 11 12 13 14 15 16 17 18
12Z AVG MX 2MIN
DY MAX MIN AVG DEP HDD CDD WTR SNW DPTH SPD SPD DIR MIN PSBL S-S WX SPD DR
================================================================================
1 45 21 33 -11 32 0 0.00 0.0 0 12.7 31 310 M M 0 44 320
2 64 20 42 -2 23 0 0.00 0.0 0 7.4 21 250 M M 0 28 230
3 78 28 53 10 12 0 0.00 0.0 0 7.2 20 210 M M 0 27 210
4 73 38 56 14 9 0 0.00 0.0 0 5.8 14 210 M M 0 18 190
5 75 33 54 12 11 0 0.00 0.0 0 1.1 8 220 M M 0 18 12 340
6 75 33 54 12 11 0 0.00 0.0 0 8.4 20 180 M M 1 128 27 190
7 72 50 61 20 4 0 0.00 0.0 0 13.1 24 190 M M 0 1 34 210
8 74 47 61 21 4 0 0.00 0.0 0 16.0 33 190 M M 2 45 190
9 68 38 53 13 12 0 0.03 0.0 0 16.3 25 180 M M 7 18 36 180
10 39 28 34 -5 31 0 0.89 0.0 0 14.4 30 270 M M 10 13 44 280
11 50 24 37 -2 28 0 0.00 0.0 0 7.9 16 240 M M 1 1 22 250
12 51 23 37 -1 28 0 0.00 0.0 0 8.4 26 330 M M 3 1 35 350
13 42 15 29 -9 36 0 0.00 0.0 0 9.2 18 160 M M 0 23 160
14 51 26 39 2 26 0 0.00 0.0 0 13.0 22 160 M M 6 1 31 150
15 45 28 37 0 28 0 T 0.0 0 19.2 35 290 M M 5 54 280
16 55 20 38 2 27 0 0.00 0.0 0 12.1 30 300 M M 1 43 290
17 43 20 32 -4 33 0 0.00 0.0 0 7.1 15 140 M M 3 22 170
18 65 30 48 13 17 0 0.00 0.0 0 13.2 28 180 M M 0 39 170
19 71 44 58 24 7 0 0.00 0.0 0 12.8 26 220 M M 0 33 200
20 49 33 41 7 24 0 0.00 0.0 0 8.3 15 340 M M 2 8 22 340
21 43 24 34 1 31 0 0.00 0.0 0 3.7 8 80 M M 1 18 10 100
22 52 24 38 5 27 0 0.00 0.0 0 8.7 23 300 M M 3 18 33 310
23 38 18 28 -4 37 0 0.28 M 0 7.2 17 180 M M 4 1 21 190
24 42 33 38 6 27 0 0.11 0.0 0 8.9 17 140 M M 10 1 26 130
25 40 37 39 8 26 0 0.00 0.0 0 10.8 18 340 M M 10 1 25 350
26 47 32 40 9 25 0 0.00 0.0 0 9.8 18 220 M M M 1 23 220
27 44 22 33 3 32 0 0.00 0.0 0 4.4 16 310 M M 1 1 20 290
28 58 28 43 13 22 0 0.00 0.0 0 9.2 18 220 M M 0 22 230
29 39 25 32 3 33 0 0.00 0.0 0 17.6 32 350 M M 2 45 350
30 32 12 22 -7 43 0 0.00 0.0 0 8.9 22 340 M M 2 33 330
================================================================================
SM 1620 854 706 0 1.31 0.0 302.8 M 74
================================================================================
AV 54.0 28.5 10.1 FASTST M M 3 MAX(MPH)
MISC ----> 35 290 54 280
================================================================================
NOTES:
# LAST OF SEVERAL OCCURRENCES
COLUMN 17 PEAK WIND IN M.P.H.
PRELIMINARY LOCAL CLIMATOLOGICAL DATA (WS FORM: F-6) , PAGE 2
STATION: AMES IA
MONTH: NOVEMBER
YEAR: 2020
LATITUDE: 41 59 N
LONGITUDE: 93 37 W
[TEMPERATURE DATA] [PRECIPITATION DATA] SYMBOLS USED IN COLUMN 16
AVERAGE MONTHLY: 41.2 TOTAL FOR MONTH: 1.31 1 = FOG OR MIST
DPTR FM NORMAL: 4.8 DPTR FM NORMAL: -0.79 2 = FOG REDUCING VISIBILITY
HIGHEST: 78 ON 3 GRTST 24HR 0.89 ON 10-10 TO 1/4 MILE OR LESS
LOWEST: 12 ON 30 3 = THUNDER
SNOW, ICE PELLETS, HAIL 4 = ICE PELLETS
TOTAL MONTH: 0.0 INCH 5 = HAIL
GRTST 24HR 0.0 6 = FREEZING RAIN OR DRIZZLE
GRTST DEPTH: 0 7 = DUSTSTORM OR SANDSTORM:
VSBY 1/2 MILE OR LESS
8 = SMOKE OR HAZE
[NO. OF DAYS WITH] [WEATHER - DAYS WITH] 9 = BLOWING SNOW
X = TORNADO
MAX 32 OR BELOW: 1 0.01 INCH OR MORE: 4
MAX 90 OR ABOVE: 0 0.10 INCH OR MORE: 3
MIN 32 OR BELOW: 20 0.50 INCH OR MORE: 1
MIN 0 OR BELOW: 0 1.00 INCH OR MORE: 0
[HDD (BASE 65) ]
TOTAL THIS MO. 706 CLEAR (SCALE 0-3) 20
DPTR FM NORMAL -152 PTCLDY (SCALE 4-7) 6
TOTAL FM JUL 1 1419 CLOUDY (SCALE 8-10) 4
DPTR FM NORMAL -35
[CDD (BASE 65) ]
TOTAL THIS MO. 0
DPTR FM NORMAL 0 [PRESSURE DATA]
TOTAL FM JAN 1 939 HIGHEST SLP 30.60 ON 21
DPTR FM NORMAL 187 LOWEST SLP 29.40 ON 14
[REMARKS]
#FINAL-11-20#