000
CXAK56 PAFC 011029
CF6ANC
PRELIMINARY LOCAL CLIMATOLOGICAL DATA (WS FORM: F-6)
STATION: ANCHORAGE AK
MONTH: MARCH
YEAR: 2021
LATITUDE: 61 10 N
LONGITUDE: 150 2 W
TEMPERATURE IN F: :PCPN: SNOW: WIND :SUNSHINE: SKY :PK WND
================================================================================
1 2 3 4 5 6A 6B 7 8 9 10 11 12 13 14 15 16 17 18
12Z AVG MX 2MIN
DY MAX MIN AVG DEP HDD CDD WTR SNW DPTH SPD SPD DIR MIN PSBL S-S WX SPD DR
================================================================================
1 17 7 12 -11 53 0 0.32 3.3 24 5.0 13 350 M M 9 1 19 10
2 18 5 12 -11 53 0 T T 27 4.7 12 30 M M 6 1 16 20
3 24 2 13 -10 52 0 0.00 0.0 26 3.2 9 70 M M 4 12 22 30
4 24 1 13 -11 52 0 0.00 0.0 26 2.1 8 340 M M 2 12 12 30
5 28 19 24 0 41 0 0.00 0.0 26 6.2 12 350 M M 8 16 200
6 29 11 20 -4 45 0 T T 25 3.0 7 340 M M 6 1 18 10
7 26 4 15 -9 50 0 0.00 0.0 25 2.4 7 340 M M 1 1 9 340
8 28 5 17 -7 48 0 0.00 0.0 25 2.0 8 60 M M 4 9 60
9 31 16 24 -1 41 0 0.05 0.7 24 2.6 8 330 M M 9 1 12 360
10 30 23 27 2 38 0 0.05 2.6 25 9.8 23 340 M M 10 189 34 360
11 23 11 17 -8 48 0 0.01 T 27 12.3 25 350 M M 10 9 32 350
12 22 6 14 -11 51 0 0.00 0.0 26 9.5 18 350 M M 1 23 350
13 19 -3 8 -18 57 0 0.00 0.0 26 3.7 17 350 M M 0 23 350
14 23 2 13 -13 52 0 T T 25 5.6 16 360 M M 7 18 350
15 22 15 19 -7 46 0 0.30 4.1 26 6.1 15 340 M M 10 18 19 350
16 28 10 19 -7 46 0 T 0.2 28 1.3 8 240 M M 6 1 11 220
17 23 2 13 -14 52 0 0.00 0.0 28 3.4 12 330 M M 2 14 360
18 24 12 18 -9 47 0 0.01 0.7 27 10.0 22 330 M M 6 18 29 330
19 21 -2 10 -17 55 0 0.00 0.0 27 2.7 15 350 M M 0 21 340
20 24 4 14 -13 51 0 0.00 0.0 27 8.7 15 360 M M 7 20 350
21 27 7 17 -11 48 0 0.00 0.0 27 4.6 15 360 M M 2 19 350
22 28 2 15 -13 50 0 0.00 0.0 27 3.9 9 90 M M 5 14 150
23 32 21 27 -1 38 0 0.00 0.0 26 3.8 9 260 M M 7 14 180
24 34 15 25 -3 40 0 0.10 1.1 26 6.4 13 190 M M 8 1 18 190
25 31 24 28 -1 37 0 0.14 0.6 28 4.0 12 300 M M 10 1 15 330
26 32 17 25 -4 40 0 0.00 0.0 28 3.3 7 270 M M 7 1 M M
27 34 23 29 -1 36 0 0.00 0.0 27 6.4 20 350 M M 6 28 340
28 34 15 25 -5 40 0 T T 26 4.4 17 160 M M 7 25 160
29 37 25 31 1 34 0 0.02 0.2 26 12.7 25 140 M M 9 1 39 140
30 40 23 32 2 33 0 0.00 0.0 26 6.8 15 170 M M 6 23 170
31 33 21 27 -4 38 0 T T 25 6.7 18 360 M M 7 8 24 360
================================================================================
SM 846 343 1412 0 1.00 13.5 167.3 M 182
================================================================================
AV 27.3 11.1 5.4 FASTST M M 6 MAX(MPH)
MISC ----> # 25 350 39 140
================================================================================
NOTES:
# LAST OF SEVERAL OCCURRENCES
COLUMN 17 PEAK WIND IN M.P.H.
PRELIMINARY LOCAL CLIMATOLOGICAL DATA (WS FORM: F-6) , PAGE 2
STATION: ANCHORAGE AK
MONTH: MARCH
YEAR: 2021
LATITUDE: 61 10 N
LONGITUDE: 150 2 W
[TEMPERATURE DATA] [PRECIPITATION DATA] SYMBOLS USED IN COLUMN 16
AVERAGE MONTHLY: 19.2 TOTAL FOR MONTH: 1.00 1 = FOG OR MIST
DPTR FM NORMAL: -7.4 DPTR FM NORMAL: 0.40 2 = FOG REDUCING VISIBILITY
HIGHEST: 40 ON 30 GRTST 24HR 0.32 ON 1- 1 TO 1/4 MILE OR LESS
LOWEST: -3 ON 13 3 = THUNDER
SNOW, ICE PELLETS, HAIL 4 = ICE PELLETS
TOTAL MONTH: 13.5 INCHES 5 = HAIL
GRTST 24HR 4.1 ON 15-15 6 = FREEZING RAIN OR DRIZZLE
GRTST DEPTH: 28 ON 26,25 7 = DUSTSTORM OR SANDSTORM:
VSBY 1/2 MILE OR LESS
8 = SMOKE OR HAZE
[NO. OF DAYS WITH] [WEATHER - DAYS WITH] 9 = BLOWING SNOW
X = TORNADO
MAX 32 OR BELOW: 25 0.01 INCH OR MORE: 9
MAX 90 OR ABOVE: 0 0.10 INCH OR MORE: 4
MIN 32 OR BELOW: 31 0.50 INCH OR MORE: 0
MIN 0 OR BELOW: 2 1.00 INCH OR MORE: 0
[HDD (BASE 65) ]
TOTAL THIS MO. 1412 CLEAR (SCALE 0-3) 7
DPTR FM NORMAL 220 PTCLDY (SCALE 4-7) 16
TOTAL FM JUL 1 8329 CLOUDY (SCALE 8-10) 8
DPTR FM NORMAL -193
[CDD (BASE 65) ]
TOTAL THIS MO. 0
DPTR FM NORMAL 0 [PRESSURE DATA]
TOTAL FM JAN 1 0 HIGHEST SLP M ON M
DPTR FM NORMAL 0 LOWEST SLP 29.18 ON 2
[REMARKS]
#FINAL-03-21#