000
CXUS51 KCTP 010900
CF6AOO
PRELIMINARY LOCAL CLIMATOLOGICAL DATA (WS FORM: F-6)
STATION: ALTOONA
MONTH: JANUARY
YEAR: 2022
LATITUDE: 40 17 N
LONGITUDE: 78 19 W
TEMPERATURE IN F: :PCPN: SNOW: WIND :SUNSHINE: SKY :PK WND
================================================================================
1 2 3 4 5 6A 6B 7 8 9 10 11 12 13 14 15 16 17 18
12Z AVG MX 2MIN
DY MAX MIN AVG DEP HDD CDD WTR SNW DPTH SPD SPD DIR MIN PSBL S-S WX SPD DR
================================================================================
1 54 47 51 21 14 0 0.67 M M 2.3 9 170 M M 10 12 11 190
2 54 32 43 13 22 0 T M M 9.0 23 280 M M 10 1 29 280
3 32 21 27 -2 38 0 0.00 M M 12.0 20 310 M M 5 26 320
4 37 20 29 0 36 0 0.00 M M 8.6 20 190 M M 1 24 200
5 44 27 36 7 29 0 T M M 10.9 33 280 M M 2 46 280
6 39 24 32 3 33 0 0.18 M M 10.6 33 280 M M 4 1 42 300
7 25 18 22 -7 43 0 0.04 M M 13.7 25 280 M M 10 18 33 280
8 27 6 17 -12 48 0 0.00 M M 5.8 20 310 M M 2 18 24 310
9 42 26 34 5 31 0 0.25 M M 8.7 28 290 M M 10 16 39 290
10 29 17 23 -5 42 0 T M M 18.1 30 290 M M 6 8 39 270
11 20 10 15 -13 50 0 T M M 7.8 28 290 M M 3 39 280
12 46 16 31 3 34 0 0.00 M M 8.9 20 250 M M 1 26 260
13 45 32 39 11 26 0 T M M 4.3 12 240 M M 7 1 14 230
14 37 22 30 2 35 0 T M M 9.5 22 320 M M 10 1 30 320
15 22 10 16 -12 49 0 0.00 M M 6.3 14 360 M M 1 17 350
16 30 7 19 -9 46 0 0.45 M M 7.3 21 50 M M 4 18 31 50
17 35 25 30 2 35 0 0.16 M M 18.1 32 280 M M 10 168 46 270
18 31 17 24 -4 41 0 T M M 12.0 32 280 M M 8 8 42 280
19 45 21 33 5 32 0 T M M 11.1 22 240 M M 6 28 240
20 39 12 26 -2 39 0 0.00 M M 11.3 18 340 M M 6 25 320
21 18 4 11 -17 54 0 0.00 M M 5.9 14 40 M M 0 8 18 40
22 25 -2 12 -16 53 0 0.00 M M 4.5 13 240 M M 2 8 16 240
23 32 22 27 -1 38 0 T M M 11.4 20 220 M M 7 1 25 230
24 31 9 20 -8 45 0 0.08 M M 5.5 16 190 M M 7 1 22 180
25 33 13 23 -5 42 0 0.01 M M 7.6 17 290 M M 8 18 24 290
26 20 1 11 -17 54 0 0.00 M M 4.1 14 280 M M 5 18 310
27 29 -2 14 -14 51 0 0.00 M M 4.6 12 180 M M 3 18 14 180
28 30 22 26 -2 39 0 0.02 M M 6.3 16 20 M M 10 18 20 30
29 22 9 16 -12 49 0 T M M 12.9 23 320 M M 4 31 310
30 21 4 13 -15 52 0 T M M 2.9 10 220 M M 6 8 12 210
31 27 7 17 -11 48 0 0.00 M M 0.6 6 270 M M 4 18 7 270
================================================================================
SM 1021 497 1248 0 1.86 M 262.6 M 172
================================================================================
AV 32.9 16.0 8.5 FASTST M M 6 MAX(MPH)
MISC ----> # 33 280 # 46 280
================================================================================
NOTES:
# LAST OF SEVERAL OCCURRENCES
COLUMN 17 PEAK WIND IN M.P.H.
PRELIMINARY LOCAL CLIMATOLOGICAL DATA (WS FORM: F-6) , PAGE 2
STATION: ALTOONA
MONTH: JANUARY
YEAR: 2022
LATITUDE: 40 17 N
LONGITUDE: 78 19 W
[TEMPERATURE DATA] [PRECIPITATION DATA] SYMBOLS USED IN COLUMN 16
AVERAGE MONTHLY: 24.5 TOTAL FOR MONTH: 1.86 1 = FOG OR MIST
DPTR FM NORMAL: -3.9 DPTR FM NORMAL: -0.37 2 = FOG REDUCING VISIBILITY
HIGHEST: 54 ON 2, 1 GRTST 24HR 0.85 ON 16-17 TO 1/4 MILE OR LESS
LOWEST: -2 ON 27,22 3 = THUNDER
SNOW, ICE PELLETS, HAIL 4 = ICE PELLETS
TOTAL MONTH: M 5 = HAIL
GRTST 24HR M ON M 6 = FREEZING RAIN OR DRIZZLE
GRTST DEPTH: M ON M 7 = DUSTSTORM OR SANDSTORM:
VSBY 1/2 MILE OR LESS
8 = SMOKE OR HAZE
[NO. OF DAYS WITH] [WEATHER - DAYS WITH] 9 = BLOWING SNOW
X = TORNADO
MAX 32 OR BELOW: 18 0.01 INCH OR MORE: 9
MAX 90 OR ABOVE: 0 0.10 INCH OR MORE: 5
MIN 32 OR BELOW: 30 0.50 INCH OR MORE: 1
MIN 0 OR BELOW: 2 1.00 INCH OR MORE: 0
[HDD (BASE 65) ]
TOTAL THIS MO. 1248 CLEAR (SCALE 0-3) 9
DPTR FM NORMAL 114 PTCLDY (SCALE 4-7) 15
TOTAL FM JUL 1 3011 CLOUDY (SCALE 8-10) 7
DPTR FM NORMAL -302
[CDD (BASE 65) ]
TOTAL THIS MO. 0
DPTR FM NORMAL 0 [PRESSURE DATA]
TOTAL FM JAN 1 0 HIGHEST SLP 30.65 ON 8
DPTR FM NORMAL 0 LOWEST SLP 29.04 ON 17
[REMARKS]
#FINAL-01-22#