000
CXUS51 KCTP 010900
CF6AOO
PRELIMINARY LOCAL CLIMATOLOGICAL DATA (WS FORM: F-6)
STATION: ALTOONA
MONTH: JANUARY
YEAR: 2024
LATITUDE: 40 17 N
LONGITUDE: 78 19 W
TEMPERATURE IN F: :PCPN: SNOW: WIND :SUNSHINE: SKY :PK WND
================================================================================
1 2 3 4 5 6A 6B 7 8 9 10 11 12 13 14 15 16 17 18
12Z AVG MX 2MIN
DY MAX MIN AVG DEP HDD CDD WTR SNW DPTH SPD SPD DIR MIN PSBL S-S WX SPD DR
================================================================================
1 35 32 34 4 31 0 0.03 M M 6.2 16 310 M M 10 1 23 310
2 34 29 32 2 33 0 T M M 10.9 17 310 M M 9 23 310
3 41 31 36 7 29 0 0.00 M M 7.1 15 280 M M 5 20 290
4 35 23 29 0 36 0 T M M 11.0 22 330 M M 7 31 330
5 37 19 28 -1 37 0 0.00 M M 4.5 16 310 M M 2 23 310
6 30 23 27 -2 38 0 0.79 M M 2.3 10 110 M M 6 126 14 120
7 37 30 34 5 31 0 0.06 M M 6.9 24 290 M M 10 18 34 290
8 38 27 33 4 32 0 0.01 M M 4.7 17 340 M M 7 23 300
9 49 32 41 12 24 0 1.93 M M 12.1 32 270 M M 8 12 44 250
10 44 34 39 11 26 0 0.01 M M 20.3 46 280 M M 10 58 270
11 44 32 38 10 27 0 T M M 9.3 22 270 M M 6 31 280
12 41 28 35 7 30 0 0.61 M M 7.5 24 140 M M 5 1 39 140
13 40 27 34 6 31 0 0.04 M M 16.0 35 270 M M 10 128 53 290
14 29 13 21 -7 44 0 0.01 M M 16.4 43 270 M M 5 18 60 270
15 22 11 17 -11 48 0 T M M 3.5 12 220 M M 8 1 14 230
16 21 10 16 -12 49 0 0.06 M M 8.7 23 300 M M 10 16 30 290
17 20 7 14 -14 51 0 0.00 M M 15.0 28 270 M M 2 37 280
18 32 16 24 -4 41 0 0.00 M M 7.2 18 240 M M 5 28 240
19 28 18 23 -5 42 0 T M M 8.4 20 310 M M 9 18 28 300
20 18 13 16 -12 49 0 T M M 16.1 24 300 M M 10 8 42 280
21 24 11 18 -10 47 0 T M M 12.2 24 300 M M 8 38 300
22 36 6 21 -7 44 0 0.00 M M 4.7 10 210 M M 1 13 220
23 45 32 39 11 26 0 T M M 3.4 14 210 M M 9 16 220
24 45 35 40 12 25 0 0.22 M M 0.8 7 160 M M 10 128 10 170
25 48 40 44 16 21 0 0.23 M M 1.3 6 70 M M 10 12 8 80
26 63 40 52 24 13 0 0.08 M M 8.8 24 260 M M 9 12 32 240
27 49 42 46 18 19 0 0.14 M M 4.6 13 80 M M 9 1 20 80
28 43 36 40 12 25 0 0.62 M M 7.5 15 70 M M 10 1 25 100
29 37 33 35 7 30 0 T M M 10.5 20 320 M M 10 30 330
30 38 33 36 8 29 0 0.00 M M 6.6 15 160 M M 10 19 160
31 42 32 37 9 28 0 0.00 M M 3.9 15 270 M M 10 8 19 270
================================================================================
SM 1145 795 1036 0 4.84 M 258.4 M 240
================================================================================
AV 36.9 25.6 8.3 FASTST M M 8 MAX(MPH)
MISC ----> 46 280 60 270
================================================================================
NOTES:
# LAST OF SEVERAL OCCURRENCES
COLUMN 17 PEAK WIND IN M.P.H.
PRELIMINARY LOCAL CLIMATOLOGICAL DATA (WS FORM: F-6) , PAGE 2
STATION: ALTOONA
MONTH: JANUARY
YEAR: 2024
LATITUDE: 40 17 N
LONGITUDE: 78 19 W
[TEMPERATURE DATA] [PRECIPITATION DATA] SYMBOLS USED IN COLUMN 16
AVERAGE MONTHLY: 31.3 TOTAL FOR MONTH: 4.84 1 = FOG OR MIST
DPTR FM NORMAL: 2.9 DPTR FM NORMAL: 2.61 2 = FOG REDUCING VISIBILITY
HIGHEST: 63 ON 26 GRTST 24HR 2.47 ON 9-10 TO 1/4 MILE OR LESS
LOWEST: 6 ON 22 3 = THUNDER
SNOW, ICE PELLETS, HAIL 4 = ICE PELLETS
TOTAL MONTH: M 5 = HAIL
GRTST 24HR M ON M 6 = FREEZING RAIN OR DRIZZLE
GRTST DEPTH: M ON M 7 = DUSTSTORM OR SANDSTORM:
VSBY 1/2 MILE OR LESS
8 = SMOKE OR HAZE
[NO. OF DAYS WITH] [WEATHER - DAYS WITH] 9 = BLOWING SNOW
X = TORNADO
MAX 32 OR BELOW: 9 0.01 INCH OR MORE: 15
MAX 90 OR ABOVE: 0 0.10 INCH OR MORE: 7
MIN 32 OR BELOW: 23 0.50 INCH OR MORE: 4
MIN 0 OR BELOW: 0 1.00 INCH OR MORE: 1
[HDD (BASE 65) ]
TOTAL THIS MO. 1036 CLEAR (SCALE 0-3) 3
DPTR FM NORMAL -98 PTCLDY (SCALE 4-7) 11
TOTAL FM JUL 1 2961 CLOUDY (SCALE 8-10) 17
DPTR FM NORMAL -352
[CDD (BASE 65) ]
TOTAL THIS MO. 0
DPTR FM NORMAL 0 [PRESSURE DATA]
TOTAL FM JAN 1 0 HIGHEST SLP 30.61 ON 21
DPTR FM NORMAL 0 LOWEST SLP 29.04 ON 9
[REMARKS]
#FINAL-01-24#