000
CXUS52 KMFL 011130
CF6APF
PRELIMINARY LOCAL CLIMATOLOGICAL DATA (WS FORM: F-6)
STATION: NAPLES
MONTH: FEBRUARY
YEAR: 2023
LATITUDE: 26 8 N
LONGITUDE: 81 46 W
TEMPERATURE IN F: :PCPN: SNOW: WIND :SUNSHINE: SKY :PK WND
================================================================================
1 2 3 4 5 6A 6B 7 8 9 10 11 12 13 14 15 16 17 18
12Z AVG MX 2MIN
DY MAX MIN AVG DEP HDD CDD WTR SNW DPTH SPD SPD DIR MIN PSBL S-S WX SPD DR
================================================================================
1 82 67 75 9 0 10 0.00 0.0 0 4.3 13 210 M M 1 1 16 220
2 84 66 75 9 0 10 0.00 0.0 0 5.2 17 210 M M 2 1 21 210
3 81 61 71 5 0 6 0.00 0.0 0 8.2 17 50 M M 2 1 24 50
4 79 56 68 2 0 3 0.00 0.0 0 14.7 28 50 M M 6 33 50
5 84 66 75 9 0 10 0.00 0.0 0 7.8 22 80 M M 4 27 90
6 83 66 75 9 0 10 0.00 0.0 M 10.2 15 80 M M 3 21 70
7 83 63 73 6 0 8 0.00 0.0 M 10.9 18 100 M M 1 25 90
8 84 62 73 6 0 8 0.00 0.0 0 9.2 16 70 M M 0 22 110
9 86 65 76 9 0 11 0.00 0.0 0 10.1 21 160 M M 1 1 24 160
10 86 69 78 11 0 13 0.00 0.0 0 9.5 23 140 M M 1 28 160
11 85 68 77 10 0 12 0.00 0.0 0 10.6 22 180 M M 3 1 29 170
12 76 66 71 4 0 6 0.00 0.0 0 17.7 28 280 M M 8 34 280
13 70 58 64 -3 1 0 0.00 0.0 0 8.1 22 310 M M 3 29 310
14 81 50 66 -2 0 1 0.00 0.0 0 8.1 21 210 M M 0 24 210
15 84 60 72 4 0 7 0.00 0.0 0 9.1 21 150 M M 1 25 160
16 85 68 77 9 0 12 0.00 0.0 0 9.8 21 140 M M 4 25 150
17 84 70 77 9 0 12 0.00 0.0 0 8.4 16 220 M M 2 1 21 200
18 80 65 73 5 0 8 0.00 0.0 0 10.5 20 50 M M 5 1 23 50
19 84 64 74 6 0 9 0.00 0.0 0 6.9 13 240 M M 1 17 270
20 83 66 75 7 0 10 0.00 0.0 0 6.5 12 280 M M 2 16 230
21 81 67 74 6 0 9 0.00 0.0 0 3.5 13 210 M M 4 1 15 280
22 87 65 76 8 0 11 0.00 0.0 0 7.6 17 200 M M 0 24 150
23 87 70 79 10 0 14 0.00 0.0 0 7.9 17 140 M M 2 1 21 160
24 87 67 77 8 0 12 0.00 0.0 0 4.6 13 220 M M 2 17 100
25 84 66 75 6 0 10 0.00 0.0 0 4.5 13 260 M M 0 1 20 250
26 82 66 74 5 0 9 0.00 0.0 0 4.4 15 270 M M 1 1 18 280
27 82 63 73 4 0 8 0.00 0.0 0 6.3 21 210 M M 1 1 24 220
28 83 63 73 4 0 8 0.00 0.0 0 5.3 16 220 M M 0 21 240
================================================================================
SM 2317 1803 1 247 0.00 0.0 229.9 M 60
================================================================================
AV 82.8 64.4 8.2 FASTST M M 2 MAX(MPH)
MISC ----> # 28 50 34 280
================================================================================
NOTES:
# LAST OF SEVERAL OCCURRENCES
COLUMN 17 PEAK WIND IN M.P.H.
PRELIMINARY LOCAL CLIMATOLOGICAL DATA (WS FORM: F-6) , PAGE 2
STATION: NAPLES
MONTH: FEBRUARY
YEAR: 2023
LATITUDE: 26 8 N
LONGITUDE: 81 46 W
[TEMPERATURE DATA] [PRECIPITATION DATA] SYMBOLS USED IN COLUMN 16
AVERAGE MONTHLY: 73.6 TOTAL FOR MONTH: 0.00 1 = FOG OR MIST
DPTR FM NORMAL: 6.1 DPTR FM NORMAL: -1.40 2 = FOG REDUCING VISIBILITY
HIGHEST: 87 ON 24,23 GRTST 24HR 0.00 ON 1- 1 TO 1/4 MILE OR LESS
LOWEST: 50 ON 14 3 = THUNDER
SNOW, ICE PELLETS, HAIL 4 = ICE PELLETS
TOTAL MONTH: 0.0 INCH 5 = HAIL
GRTST 24HR 0.0 6 = FREEZING RAIN OR DRIZZLE
GRTST DEPTH: 0 7 = DUSTSTORM OR SANDSTORM:
VSBY 1/2 MILE OR LESS
8 = SMOKE OR HAZE
[NO. OF DAYS WITH] [WEATHER - DAYS WITH] 9 = BLOWING SNOW
X = TORNADO
MAX 32 OR BELOW: 0 0.01 INCH OR MORE: 0
MAX 90 OR ABOVE: 0 0.10 INCH OR MORE: 0
MIN 32 OR BELOW: 0 0.50 INCH OR MORE: 0
MIN 0 OR BELOW: 0 1.00 INCH OR MORE: 0
[HDD (BASE 65) ]
TOTAL THIS MO. 1 CLEAR (SCALE 0-3) 21
DPTR FM NORMAL -46 PTCLDY (SCALE 4-7) 6
TOTAL FM JUL 1 92 CLOUDY (SCALE 8-10) 1
DPTR FM NORMAL -106
[CDD (BASE 65) ]
TOTAL THIS MO. 247
DPTR FM NORMAL 128 [PRESSURE DATA]
TOTAL FM JAN 1 416 HIGHEST SLP 30.30 ON 24
DPTR FM NORMAL 202 LOWEST SLP 29.94 ON 11
[REMARKS]
#FINAL-02-23#