000
CXUS53 KAPX 010830
CF6APN
PRELIMINARY LOCAL CLIMATOLOGICAL DATA (WS FORM: F-6)
STATION: ALPENA MI
MONTH: NOVEMBER
YEAR: 2023
LATITUDE: 45 4 N
LONGITUDE: 83 34 W
TEMPERATURE IN F: :PCPN: SNOW: WIND :SUNSHINE: SKY :PK WND
================================================================================
1 2 3 4 5 6A 6B 7 8 9 10 11 12 13 14 15 16 17 18
12Z AVG MX 2MIN
DY MAX MIN AVG DEP HDD CDD WTR SNW DPTH SPD SPD DIR MIN PSBL S-S WX SPD DR
================================================================================
1 40 23 32 -10 33 0 0.00 0.0 0 5.4 12 240 M M 7 18 240
2 49 28 39 -2 26 0 0.00 0.0 0 8.0 16 230 M M 6 26 190
3 54 38 46 5 19 0 T 0.0 0 9.0 17 340 M M 7 24 330
4 49 25 37 -4 28 0 0.00 0.0 0 2.5 9 80 M M 2 12 70
5 45 26 36 -4 29 0 0.02 0.0 0 2.8 9 190 M M 9 12 240
6 56 42 49 9 16 0 0.22 0.0 0 11.4 28 190 M M 10 13 39 190
7 48 33 41 1 24 0 T T 0 10.4 18 320 M M 10 18 29 300
8 40 31 36 -3 29 0 0.33 0.0 0 10.1 20 120 M M 10 13 29 110
9 49 38 44 5 21 0 0.01 0.0 0 8.4 29 270 M M 9 1 47 260
10 47 34 41 3 24 0 T 0.0 0 6.1 16 340 M M 8 22 330
11 42 26 34 -4 31 0 0.00 0.0 0 3.3 12 20 M M 6 1 16 330
12 50 31 41 3 24 0 0.01 0.0 0 8.5 18 170 M M 9 26 170
13 54 40 47 9 18 0 T 0.0 0 10.4 22 310 M M 5 38 310
14 52 28 40 3 25 0 0.00 0.0 0 6.0 14 160 M M 1 19 160
15 62 27 45 8 20 0 0.00 0.0 0 6.0 15 330 M M 1 21 260
16 63 26 45 9 20 0 0.00 0.0 0 10.0 24 190 M M 0 39 180
17 59 28 44 8 21 0 0.28 0.0 0 9.3 24 350 M M 6 1 35 10
18 49 26 38 2 27 0 0.00 0.0 0 6.5 14 260 M M 1 27 260
19 42 21 32 -3 33 0 0.00 0.0 0 4.8 13 340 M M 3 20 320
20 38 18 28 -7 37 0 0.00 0.0 0 6.1 15 100 M M 5 22 90
21 39 36 38 3 27 0 0.37 0.0 0 9.0 15 340 M M 8 1 24 100
22 40 27 34 0 31 0 T 0.0 0 5.8 16 330 M M 7 21 340
23 40 23 32 -2 33 0 T T 0 9.6 21 320 M M 5 31 310
24 31 23 27 -7 38 0 T T T 8.1 18 300 M M 8 29 290
25 37 21 29 -4 36 0 0.00 0.0 0 6.9 15 220 M M 3 22 240
26 32 30 31 -2 34 0 0.14 1.9 0 6.1 14 190 M M 10 1 18 180
27 31 17 24 -9 41 0 0.07 1.9 2 8.3 18 270 M M 8 128 33 260
28 29 17 23 -9 42 0 T T 3 9.2 16 250 M M 7 18 28 280
29 35 20 28 -4 37 0 0.01 0.1 2 8.8 16 200 M M 10 25 220
30 49 26 38 6 27 0 0.00 0.0 2 7.2 15 240 M M 2 1 25 250
================================================================================
SM 1351 829 851 0 1.46 3.9 224.0 M 183
================================================================================
AV 45.0 27.6 7.5 FASTST M M 6 MAX(MPH)
MISC ----> 29 270 47 260
================================================================================
NOTES:
# LAST OF SEVERAL OCCURRENCES
COLUMN 17 PEAK WIND IN M.P.H.
PRELIMINARY LOCAL CLIMATOLOGICAL DATA (WS FORM: F-6) , PAGE 2
STATION: ALPENA MI
MONTH: NOVEMBER
YEAR: 2023
LATITUDE: 45 4 N
LONGITUDE: 83 34 W
[TEMPERATURE DATA] [PRECIPITATION DATA] SYMBOLS USED IN COLUMN 16
AVERAGE MONTHLY: 36.3 TOTAL FOR MONTH: 1.46 1 = FOG OR MIST
DPTR FM NORMAL: -0.3 DPTR FM NORMAL: -0.61 2 = FOG REDUCING VISIBILITY
HIGHEST: 63 ON 16 GRTST 24HR 0.37 ON 21-21 TO 1/4 MILE OR LESS
LOWEST: 17 ON 28,27 3 = THUNDER
SNOW, ICE PELLETS, HAIL 4 = ICE PELLETS
TOTAL MONTH: 4.9 INCHES 5 = HAIL
GRTST 24HR 1.9 ON 26-26 6 = FREEZING RAIN OR DRIZZLE
GRTST DEPTH: 3 ON 28 7 = DUSTSTORM OR SANDSTORM:
VSBY 1/2 MILE OR LESS
8 = SMOKE OR HAZE
[NO. OF DAYS WITH] [WEATHER - DAYS WITH] 9 = BLOWING SNOW
X = TORNADO
MAX 32 OR BELOW: 4 0.01 INCH OR MORE: 10
MAX 90 OR ABOVE: 0 0.10 INCH OR MORE: 5
MIN 32 OR BELOW: 23 0.50 INCH OR MORE: 0
MIN 0 OR BELOW: 0 1.00 INCH OR MORE: 0
[HDD (BASE 65) ]
TOTAL THIS MO. 851 CLEAR (SCALE 0-3) 7
DPTR FM NORMAL -1 PTCLDY (SCALE 4-7) 14
TOTAL FM JUL 1 1520 CLOUDY (SCALE 8-10) 9
DPTR FM NORMAL -179
[CDD (BASE 65) ]
TOTAL THIS MO. 0
DPTR FM NORMAL 0 [PRESSURE DATA]
TOTAL FM JAN 1 315 HIGHEST SLP 30.50 ON 11
DPTR FM NORMAL -36 LOWEST SLP 29.46 ON 6
[REMARKS]
#FINAL-11-23#