000
CXUS53 KAPX 010730
CF6APX
PRELIMINARY LOCAL CLIMATOLOGICAL DATA (WS FORM: F-6)
STATION: GAYLORD WFO
MONTH: AUGUST
YEAR: 2021
LATITUDE: 45 4 N
LONGITUDE: 84 43 W
TEMPERATURE IN F: :PCPN: SNOW: WIND :SUNSHINE: SKY :PK WND
================================================================================
1 2 3 4 5 6A 6B 7 8 9 10 11 12 13 14 15 16 17 18
12Z AVG MX 2MIN
DY MAX MIN AVG DEP HDD CDD WTR SNW DPTH SPD SPD DIR MIN PSBL S-S WX SPD DR
================================================================================
1 70 55 63 -4 2 0 T 0.0 0 M M M M M M M M
2 70 49 60 -7 5 0 0.00 0.0 0 M M M M M M M M
3 77 55 66 -1 0 1 0.00 0.0 0 M M M M M M M M
4 81 57 69 2 0 4 0.00 0.0 0 M M M M M M M M
5 83 60 72 5 0 7 0.03 0.0 0 M M M M M M M M
6 73 62 68 1 0 3 0.30 0.0 0 M M M M M M 3 M M
7 80 64 72 5 0 7 T 0.0 0 M M M M M M M M
8 81 65 73 6 0 8 0.45 0.0 0 M M M M M M M M
9 83 67 75 8 0 10 1.21 0.0 0 M M M M M M M M
10 81 65 73 6 0 8 1.95 0.0 0 M M M M M M 3 M M
11 83 63 73 6 0 8 0.31 0.0 0 M M M M M M M M
12 81 64 73 7 0 8 T 0.0 0 M M M M M M M M
13 74 54 64 -2 1 0 0.00 0.0 0 M M M M M M M M
14 72 48 60 -6 5 0 0.00 0.0 M M M M M M 0 M M
15 80 54 67 1 0 2 0.00 0.0 0 M M M M M M M M
16 78 55 67 1 0 2 0.00 0.0 0 M M M M M M M M
17 81 55 68 2 0 3 0.00 0.0 0 M M M M M M M M
18 81 56 69 3 0 4 0.00 0.0 0 M M M M M M M M
19 83 61 72 6 0 7 0.00 0.0 0 M M M M M M M M
20 86 59 73 7 0 8 0.00 0.0 0 M M M M M M M M
21 87 66 77 11 0 12 0.01 0.0 0 M M M M M M M M
22 77 60 69 4 0 4 T 0.0 0 M M M M M M M M
23 79 60 70 5 0 5 0.00 0.0 0 M M M M M M M M
24 86 66 76 11 0 11 T 0.0 0 M M M M M M M M
25 83 65 74 9 0 9 0.00 0.0 0 M M M M M M M M
26 81 63 72 7 0 7 T 0.0 0 M M M M M M M M
27 67 62 65 0 0 0 0.66 0.0 0 M M M M M M M M
28 82 64 73 9 0 8 0.86 0.0 0 M M M M M M M M
29 85 63 74 10 0 9 0.48 0.0 0 M M M M M M M M
30 75 59 67 3 0 2 0.00 0.0 0 M M M M M M M M
31 71 52 62 -2 3 0 0.00 0.0 0 M M M M M M M M
================================================================================
SM 2451 1848 16 157 6.26 0.0 M M 0
================================================================================
AV 79.1 59.6 M FASTST M M 0 MAX(MPH)
MISC ----> M M M M
================================================================================
NOTES:
# LAST OF SEVERAL OCCURRENCES
COLUMN 17 PEAK WIND IN M.P.H.
PRELIMINARY LOCAL CLIMATOLOGICAL DATA (WS FORM: F-6) , PAGE 2
STATION: GAYLORD WFO
MONTH: AUGUST
YEAR: 2021
LATITUDE: 45 4 N
LONGITUDE: 84 43 W
[TEMPERATURE DATA] [PRECIPITATION DATA] SYMBOLS USED IN COLUMN 16
AVERAGE MONTHLY: 69.3 TOTAL FOR MONTH: 6.26 1 = FOG OR MIST
DPTR FM NORMAL: 3.4 DPTR FM NORMAL: 2.73 2 = FOG REDUCING VISIBILITY
HIGHEST: 87 ON 21 GRTST 24HR 1.95 ON 10-10 TO 1/4 MILE OR LESS
LOWEST: 48 ON 14 3 = THUNDER
SNOW, ICE PELLETS, HAIL 4 = ICE PELLETS
TOTAL MONTH: 0.0 INCH 5 = HAIL
GRTST 24HR 0.0 6 = FREEZING RAIN OR DRIZZLE
GRTST DEPTH: 0 7 = DUSTSTORM OR SANDSTORM:
VSBY 1/2 MILE OR LESS
8 = SMOKE OR HAZE
[NO. OF DAYS WITH] [WEATHER - DAYS WITH] 9 = BLOWING SNOW
X = TORNADO
MAX 32 OR BELOW: 0 0.01 INCH OR MORE: 10
MAX 90 OR ABOVE: 0 0.10 INCH OR MORE: 8
MIN 32 OR BELOW: 0 0.50 INCH OR MORE: 4
MIN 0 OR BELOW: 0 1.00 INCH OR MORE: 2
[HDD (BASE 65) ]
TOTAL THIS MO. 16 CLEAR (SCALE 0-3) 1
DPTR FM NORMAL -43 PTCLDY (SCALE 4-7) 0
TOTAL FM JUL 1 67 CLOUDY (SCALE 8-10) 30
DPTR FM NORMAL -42
[CDD (BASE 65) ]
TOTAL THIS MO. 157
DPTR FM NORMAL 70 [PRESSURE DATA]
TOTAL FM JAN 1 393 HIGHEST SLP M ON M
DPTR FM NORMAL 105 LOWEST SLP M ON M
[REMARKS]
#FINAL-08-21#