000
CXUS53 KARX 240648
CF6ARX
PRELIMINARY LOCAL CLIMATOLOGICAL DATA (WS FORM: F-6)
STATION: LA CROSSE WEATHER OFFICE WI
MONTH: JULY
YEAR: 2022
LATITUDE: 43 49 N
LONGITUDE: 91 12 W
TEMPERATURE IN F: :PCPN: SNOW: WIND :SUNSHINE: SKY :PK WND
================================================================================
1 2 3 4 5 6A 6B 7 8 9 10 11 12 13 14 15 16 17 18
12Z AVG MX 2MIN
DY MAX MIN AVG DEP HDD CDD WTR SNW DPTH SPD SPD DIR MIN PSBL S-S WX SPD DR
================================================================================
1 75 63 69 -1 0 4 0.00 0.0 0 M M M M M M 22 M
2 77 60 69 -1 0 4 0.05 0.0 0 M M M M M M 3 22 M
3 81 59 70 0 0 5 0.00 0.0 0 M M M M M M 22 M
4 79 66 73 3 0 8 0.96 0.0 0 M M M M M M 3 15 M
5 88 68 78 8 0 13 0.37 0.0 0 M M M M M M 1 27 M
6 78 67 73 3 0 8 0.01 0.0 0 M M M M M M 1 12 M
7 85 65 75 4 0 10 0.00 0.0 0 M M M M M M 11 M
8 73 59 66 -5 0 1 0.53 0.0 0 M M M M M M 12 16 M
9 79 56 68 -3 0 3 0.00 0.0 0 M M M M M M 12 M
10 80 62 71 0 0 6 T 0.0 0 M M M M M M 23 M
11 80 65 73 2 0 8 0.11 0.0 0 M M M M M M 3 30 M
12 79 59 69 -2 0 4 0.09 0.0 0 M M M M M M 26 M
13 76 58 67 -4 0 2 0.00 0.0 0 M M M M M M 14 M
14 79 60 70 -1 0 5 0.00 0.0 0 M M M M M M 24 M
15 79 60 70 -1 0 5 1.90 0.0 0 M M M M M M 27 M
16 78 62 70 -1 0 5 0.00 0.0 0 M M M M M M 1 11 M
17 81 61 71 0 0 6 0.00 0.0 0 M M M M M M 1 9 M
18 86 65 76 5 0 11 0.00 0.0 0 M M M M M M 20 M
19 84 71 78 7 0 13 T 0.0 0 M M M M M M 28 M
20 81 66 74 3 0 9 0.00 0.0 0 M M M M M M 25 M
21 81 65 73 2 0 8 0.02 0.0 0 M M M M M M 3 19 M
22 86 63 75 4 0 10 0.00 0.0 0 M M M M M M 19 M
23 85 65 75 4 0 10 1.54 0.0 0 M M M M M M 3 42 M
24 76 63 70 -1 0 5 0.00 0.0 0 M M M M M M 26 M
25 73 56 65 -6 0 0 T 0.0 0 M M M M M M 13 M
26 78 61 70 -1 0 5 0.03 0.0 0 M M M M M M 3 14 M
27 78 61 70 -1 0 5 0.33 0.0 0 M M M M M M 3 19 M
28 73 59 66 -5 0 1 0.00 0.0 0 M M M M M M 21 M
29 74 55 65 -6 0 0 0.00 0.0 0 M M M M M M 21 M
30 78 59 69 -1 0 4 0.00 0.0 0 M M M M M M 16 M
31 79 63 71 1 0 6 0.09 0.0 0 M M M M M M 3 24 M
================================================================================
SM 2459 1922 0 184 6.03 0.0 M M M
================================================================================
AV 79.3 62.0 M FASTST M M M MAX(MPH)
MISC ----> M M 42 9999
================================================================================
NOTES:
# LAST OF SEVERAL OCCURRENCES
COLUMN 17 PEAK WIND IN M.P.H.
PRELIMINARY LOCAL CLIMATOLOGICAL DATA (WS FORM: F-6) , PAGE 2
STATION: LA CROSSE WEATHER OFFICE WI
MONTH: JULY
YEAR: 2022
LATITUDE: 43 49 N
LONGITUDE: 91 12 W
[TEMPERATURE DATA] [PRECIPITATION DATA] SYMBOLS USED IN COLUMN 16
AVERAGE MONTHLY: 70.7 TOTAL FOR MONTH: 6.03 1 = FOG OR MIST
DPTR FM NORMAL: 0.0 DPTR FM NORMAL: 1.77 2 = FOG REDUCING VISIBILITY
HIGHEST: 88 ON 5 GRTST 24HR 1.90 ON 15-15 TO 1/4 MILE OR LESS
LOWEST: 55 ON 29 3 = THUNDER
SNOW, ICE PELLETS, HAIL 4 = ICE PELLETS
TOTAL MONTH: 0.0 INCH 5 = HAIL
GRTST 24HR 0.0 6 = FREEZING RAIN OR DRIZZLE
GRTST DEPTH: 0 7 = DUSTSTORM OR SANDSTORM:
VSBY 1/2 MILE OR LESS
8 = SMOKE OR HAZE
[NO. OF DAYS WITH] [WEATHER - DAYS WITH] 9 = BLOWING SNOW
X = TORNADO
MAX 32 OR BELOW: 0 0.01 INCH OR MORE: 13
MAX 90 OR ABOVE: 0 0.10 INCH OR MORE: 7
MIN 32 OR BELOW: 0 0.50 INCH OR MORE: 4
MIN 0 OR BELOW: 0 1.00 INCH OR MORE: 2
[HDD (BASE 65) ]
TOTAL THIS MO. 0 CLEAR (SCALE 0-3) 0
DPTR FM NORMAL -13 PTCLDY (SCALE 4-7) 0
TOTAL FM JUL 1 0 CLOUDY (SCALE 8-10) 31
DPTR FM NORMAL -2
[CDD (BASE 65) ]
TOTAL THIS MO. 184
DPTR FM NORMAL -4 [PRESSURE DATA]
TOTAL FM JAN 1 382 HIGHEST SLP M ON M
DPTR FM NORMAL 51 LOWEST SLP M ON M
[REMARKS]
#FINAL-07-22#