000
CXUS53 KARX 181946
CF6ARX
PRELIMINARY LOCAL CLIMATOLOGICAL DATA (WS FORM: F-6)
STATION: LA CROSSE WEATHER OFFICE WI
MONTH: JANUARY
YEAR: 2024
LATITUDE: 43 49 N
LONGITUDE: 91 12 W
TEMPERATURE IN F: :PCPN: SNOW: WIND :SUNSHINE: SKY :PK WND
================================================================================
1 2 3 4 5 6A 6B 7 8 9 10 11 12 13 14 15 16 17 18
12Z AVG MX 2MIN
DY MAX MIN AVG DEP HDD CDD WTR SNW DPTH SPD SPD DIR MIN PSBL S-S WX SPD DR
================================================================================
1 23 20 22 4 43 0 0.00 0.0 T M M M M M M 23 M
2 30 20 25 7 40 0 0.00 0.0 T M M M M M M 25 M
3 31 24 28 11 37 0 0.00 0.0 T M M M M M M 19 M
4 24 22 23 6 42 0 0.00 0.0 0 M M M M M M 15 M
5 35 22 29 12 36 0 0.00 0.0 0 M M M M M M 20 M
6 29 25 27 10 38 0 0.00 0.0 0 M M M M M M 8 20 M
7 28 24 26 10 39 0 0.00 0.0 0 M M M M M M 12 M
8 29 22 26 10 39 0 0.03 0.4 0 M M M M M M 19 M
9 28 27 28 12 37 0 0.30 4.8 2 M M M M M M 1 23 M
10 28 21 25 9 40 0 0.03 0.4 5 M M M M M M 1 23 M
11 23 13 18 2 47 0 0.09 1.2 7 M M M M M M 12 M
12 24 13 19 3 46 0 0.48 5.4 7 M M M M M M 129 26 M
13 20 -7 7 -9 58 0 0.07 1.7 12 M M M M M M 1 27 M
14 -2 -13 -7 -23 72 0 0.00 0.0 12 M M M M M M 15 M
15 2 -13 -5 -20 70 0 0.00 0.0 11 M M M M M M 27 M
16 3 -11 -4 -19 69 0 0.00 0.0 11 M M M M M M 16 M
17 12 -5 4 -11 61 0 0.00 0.0 10 M M M M M M 10 M
18 9 1 5 -10 60 0 T T 10 M M M M M M 6 M
19 5 -4 1 -14 64 0 T T 9 M M M M M M 4 M
20 10 -7 2 -13 63 0 0.00 0.0 9 M M M M M M 6 M
21 18 -3 8 -7 57 0 0.00 0.0 9 M M M M M M 30 190
22 32 18 25 10 40 0 0.00 0.0 9 M M M M M M 1 20 180
23 31 28 30 15 35 0 0.00 0.0 8 M M M M M M 1 11 70
24 35 28 32 17 33 0 T 0.0 8 M M M M M M 12 M M
25 36 31 34 18 31 0 0.25 0.0 8 M M M M M M M M
26 36 32 34 18 31 0 0.25 0.0 6 M M M M M M 1 1 M
27 34 29 32 16 33 0 0.00 0.0 5 M M M M M M 12 6 M
28 30 27 29 13 36 0 T 0.0 4 M M M M M M 126 10 M
29 41 26 34 18 31 0 0.00 0.0 3 M M M M M M 15 M
30 37 32 35 19 30 0 0.00 0.0 3 M M M M M M 18 M
31 47 29 38 22 27 0 0.00 0.0 2 M M M M M M 22 M
================================================================================
SM 768 471 1385 0 1.50 13.9 M M M
================================================================================
AV 24.8 15.2 M FASTST M M M MAX(MPH)
MISC ----> M M 30 190
================================================================================
NOTES:
# LAST OF SEVERAL OCCURRENCES
COLUMN 17 PEAK WIND IN M.P.H.
PRELIMINARY LOCAL CLIMATOLOGICAL DATA (WS FORM: F-6) , PAGE 2
STATION: LA CROSSE WEATHER OFFICE WI
MONTH: JANUARY
YEAR: 2024
LATITUDE: 43 49 N
LONGITUDE: 91 12 W
[TEMPERATURE DATA] [PRECIPITATION DATA] SYMBOLS USED IN COLUMN 16
AVERAGE MONTHLY: 20.0 TOTAL FOR MONTH: 1.50 1 = FOG OR MIST
DPTR FM NORMAL: 4.0 DPTR FM NORMAL: 0.38 2 = FOG REDUCING VISIBILITY
HIGHEST: 47 ON 31 GRTST 24HR 0.48 ON 12-12 TO 1/4 MILE OR LESS
LOWEST: -13 ON 15,14 3 = THUNDER
SNOW, ICE PELLETS, HAIL 4 = ICE PELLETS
TOTAL MONTH: 14.1 INCHES 5 = HAIL
GRTST 24HR 5.4 ON 12-12 6 = FREEZING RAIN OR DRIZZLE
GRTST DEPTH: 12 ON 14,13 7 = DUSTSTORM OR SANDSTORM:
VSBY 1/2 MILE OR LESS
8 = SMOKE OR HAZE
[NO. OF DAYS WITH] [WEATHER - DAYS WITH] 9 = BLOWING SNOW
X = TORNADO
MAX 32 OR BELOW: 23 0.01 INCH OR MORE: 8
MAX 90 OR ABOVE: 0 0.10 INCH OR MORE: 4
MIN 32 OR BELOW: 31 0.50 INCH OR MORE: 0
MIN 0 OR BELOW: 8 1.00 INCH OR MORE: 0
[HDD (BASE 65) ]
TOTAL THIS MO. 1385 CLEAR (SCALE 0-3) 0
DPTR FM NORMAL -135 PTCLDY (SCALE 4-7) 0
TOTAL FM JUL 1 3774 CLOUDY (SCALE 8-10) 31
DPTR FM NORMAL -688
[CDD (BASE 65) ]
TOTAL THIS MO. 0
DPTR FM NORMAL 0 [PRESSURE DATA]
TOTAL FM JAN 1 0 HIGHEST SLP M ON M
DPTR FM NORMAL 0 LOWEST SLP M ON M
[REMARKS]
#FINAL-01-24#