000
CXUS55 KGJT 010910
CF6ASE
PRELIMINARY LOCAL CLIMATOLOGICAL DATA (WS FORM: F-6)
STATION: ASPEN CO
MONTH: APRIL
YEAR: 2021
LATITUDE: 39 13 N
LONGITUDE: 106 52 W
TEMPERATURE IN F: :PCPN: SNOW: WIND :SUNSHINE: SKY :PK WND
================================================================================
1 2 3 4 5 6A 6B 7 8 9 10 11 12 13 14 15 16 17 18
12Z AVG MX 2MIN
DY MAX MIN AVG DEP HDD CDD WTR SNW DPTH SPD SPD DIR MIN PSBL S-S WX SPD DR
================================================================================
1 60 19 40 4 25 0 0.00 M M 4.8 12 210 M M 0 16 210
2 64 26 45 9 20 0 0.00 M M 6.6 16 350 M M 1 24 330
3 67 31 49 13 16 0 0.00 M M 6.4 13 210 M M 0 19 350
4 66 34 50 13 15 0 0.00 M M 6.9 21 230 M M 3 38 240
5 67 35 51 14 14 0 0.00 M M 9.3 22 170 M M 0 28 180
6 55 28 42 5 23 0 T M M 10.2 25 260 M M 5 39 330
7 53 26 40 2 25 0 T M M 6.9 17 340 M M 5 8 27 340
8 60 31 46 8 19 0 0.00 M M 8.0 23 340 M M 3 40 350
9 50 25 38 0 27 0 0.00 M M 9.6 22 330 M M 1 30 350
10 59 23 41 3 24 0 0.00 M M 7.7 22 350 M M 0 34 310
11 60 28 44 5 21 0 0.00 M M 8.2 23 340 M M 1 36 340
12 59 24 42 3 23 0 0.00 M M 8.0 22 310 M M 2 41 260
13 53 35 44 5 21 0 T M M 10.0 24 170 M M 8 35 140
14 61 35 48 9 17 0 0.04 M M 11.9 29 180 M M 6 38 200
15 50 28 39 -1 26 0 0.23 M M 5.0 21 320 M M 8 128 29 350
16 42 25 34 -6 31 0 0.04 M M 5.0 14 230 M M 9 1 20 260
17 43 24 34 -6 31 0 0.02 M M 5.5 17 340 M M 6 18 28 330
18 50 16 33 -7 32 0 0.00 M M 6.4 16 320 M M 3 26 310
19 55 24 40 -1 25 0 0.06 M M 8.5 22 330 M M 6 1 37 330
20 52 15 34 -7 31 0 0.00 M M 4.6 15 320 M M 3 22 300
21 55 27 41 0 24 0 T M M 7.1 22 260 M M 7 35 270
22 47 30 39 -3 26 0 0.12 M M 6.6 20 290 M M 9 18 29 220
23 47 26 37 -5 28 0 T M M 7.0 18 140 M M 5 28 290
24 59 26 43 1 22 0 0.00 M M 7.8 24 180 M M 3 36 220
25 67 38 53 11 12 0 0.00 M M 9.3 24 200 M M 3 39 240
26 62 41 52 9 13 0 0.00 M M 10.4 29 180 M M 2 48 180
27 51 34 43 0 22 0 0.08 M M 7.1 23 170 M M 7 18 29 200
28 56 33 45 2 20 0 0.03 M M 4.7 15 360 M M 7 1 21 360
29 69 28 49 5 16 0 0.00 M M 7.2 16 350 M M 0 24 330
30 74 35 55 11 10 0 0.00 M M 7.3 15 330 M M 0 24 330
================================================================================
SM 1713 850 659 0 0.62 M 224.0 M 113
================================================================================
AV 57.1 28.3 7.5 FASTST M M 4 MAX(MPH)
MISC ----> # 29 180 48 180
================================================================================
NOTES:
# LAST OF SEVERAL OCCURRENCES
COLUMN 17 PEAK WIND IN M.P.H.
PRELIMINARY LOCAL CLIMATOLOGICAL DATA (WS FORM: F-6) , PAGE 2
STATION: ASPEN CO
MONTH: APRIL
YEAR: 2021
LATITUDE: 39 13 N
LONGITUDE: 106 52 W
[TEMPERATURE DATA] [PRECIPITATION DATA] SYMBOLS USED IN COLUMN 16
AVERAGE MONTHLY: 42.7 TOTAL FOR MONTH: 0.62 1 = FOG OR MIST
DPTR FM NORMAL: 2.9 DPTR FM NORMAL: -1.22 2 = FOG REDUCING VISIBILITY
HIGHEST: 74 ON 30 GRTST 24HR 0.27 ON 15-16 TO 1/4 MILE OR LESS
LOWEST: 15 ON 20 3 = THUNDER
SNOW, ICE PELLETS, HAIL 4 = ICE PELLETS
TOTAL MONTH: M 5 = HAIL
GRTST 24HR M ON M 6 = FREEZING RAIN OR DRIZZLE
GRTST DEPTH: M ON M 7 = DUSTSTORM OR SANDSTORM:
VSBY 1/2 MILE OR LESS
8 = SMOKE OR HAZE
[NO. OF DAYS WITH] [WEATHER - DAYS WITH] 9 = BLOWING SNOW
X = TORNADO
MAX 32 OR BELOW: 0 0.01 INCH OR MORE: 8
MAX 90 OR ABOVE: 0 0.10 INCH OR MORE: 2
MIN 32 OR BELOW: 21 0.50 INCH OR MORE: 0
MIN 0 OR BELOW: 0 1.00 INCH OR MORE: 0
[HDD (BASE 65) ]
TOTAL THIS MO. 659 CLEAR (SCALE 0-3) 17
DPTR FM NORMAL -96 PTCLDY (SCALE 4-7) 10
TOTAL FM JUL 1 7371 CLOUDY (SCALE 8-10) 3
DPTR FM NORMAL -758
[CDD (BASE 65) ]
TOTAL THIS MO. 0
DPTR FM NORMAL 0 [PRESSURE DATA]
TOTAL FM JAN 1 0 HIGHEST SLP M ON M
DPTR FM NORMAL 0 LOWEST SLP 29.33 ON 6
[REMARKS]
#FINAL-04-21#