000
CXUS54 KMAF 011210
CF6ATS
PRELIMINARY LOCAL CLIMATOLOGICAL DATA (WS FORM: F-6)
STATION: ARTESIA
MONTH: JANUARY
YEAR: 2022
LATITUDE: 32 54 N
LONGITUDE: 104 30 W
TEMPERATURE IN F: :PCPN: SNOW: WIND :SUNSHINE: SKY :PK WND
================================================================================
1 2 3 4 5 6A 6B 7 8 9 10 11 12 13 14 15 16 17 18
12Z AVG MX 2MIN
DY MAX MIN AVG DEP HDD CDD WTR SNW DPTH SPD SPD DIR MIN PSBL S-S WX SPD DR
================================================================================
1 59 19 39 M 26 0 0.00 M M 29.6 45 240 M M 1 58 240
2 46 12 29 M 36 0 0.00 M M 5.8 13 160 M M 0 12 0
3 50 14 32 M 33 0 0.00 M M 6.4 14 150 M M 0 M M
4 66 19 43 M 22 0 0.00 M M 5.5 15 270 M M 0 21 350
5 63 25 44 M 21 0 0.00 M M 8.5 22 260 M M 0 29 270
6 52 27 40 M 25 0 0.00 M M 10.0 20 350 M M 0 24 360
7 73 19 46 M 19 0 0.00 M M 9.4 23 220 M M 0 36 230
8 73 34 54 M 11 0 0.00 M M 13.5 26 240 M M 0 36 260
9 52 28 40 M 25 0 0.00 M M 12.0 18 10 M M 0 24 340
10 46 23 35 M 30 0 0.00 M M 5.8 9 170 M M 4 M M
11 55 28 42 M 23 0 0.00 M M 8.2 16 150 M M 1 21 150
12 66 23 45 M 20 0 0.00 M M 6.2 12 310 M M 0 M M
13 66 30 48 M 17 0 0.00 M M 5.2 10 350 M M 0 M M
14 75 34 55 M 10 0 0.00 M M 12.5 31 20 M M 1 8 40 20
15 48 28 38 M 27 0 0.00 M M 11.3 28 30 M M 2 36 30
16 64 19 42 M 23 0 0.00 M M 5.6 13 270 M M 0 M M
17 64 25 45 M 20 0 0.00 M M 7.5 14 280 M M 0 14 160
18 72 41 57 M 8 0 0.00 M M 14.1 23 280 M M 0 30 270
19 52 34 43 M 22 0 0.00 M M 13.9 22 10 M M 3 30 30
20 34 21 28 M 37 0 0.00 M M 8.0 18 10 M M 7 24 10
21 52 16 34 M 31 0 0.00 M M 10.7 21 150 M M 0 25 140
22 46 23 35 M 30 0 0.00 M M 5.7 14 140 M M 3 17 140
23 48 32 40 M 25 0 0.00 M M 5.4 12 350 M M 6 M M
24 63 27 45 M 20 0 0.00 M M 6.9 15 350 M M 0 29 99
25 61 27 44 M 21 0 0.00 M M 10.9 21 140 M M 0 31 140
26 41 23 32 M 33 0 0.00 M M 6.7 16 30 M M 5 15 80
27 52 23 38 M 27 0 0.00 M M 8.7 15 10 M M 5 12 21 20
28 48 23 36 M 29 0 0.00 M M 5.7 18 20 M M 0 25 20
29 59 18 39 M 26 0 0.00 M M 7.0 14 150 M M 0 18 150
30 54 25 40 M 25 0 0.00 M M 7.2 13 290 M M 1 12 99
31 68 27 48 M 17 0 0.00 M M 6.6 15 250 M M 0 17 150
================================================================================
SM 1768 767 739 0 0.00 M 280.7 M 39
================================================================================
AV 57.0 24.7 9.1 FASTST M M 1 MAX(MPH)
MISC ----> 45 240 58 240
================================================================================
NOTES:
# LAST OF SEVERAL OCCURRENCES
COLUMN 17 PEAK WIND IN M.P.H.
PRELIMINARY LOCAL CLIMATOLOGICAL DATA (WS FORM: F-6) , PAGE 2
STATION: ARTESIA
MONTH: JANUARY
YEAR: 2022
LATITUDE: 32 54 N
LONGITUDE: 104 30 W
[TEMPERATURE DATA] [PRECIPITATION DATA] SYMBOLS USED IN COLUMN 16
AVERAGE MONTHLY: 40.9 TOTAL FOR MONTH: 0.00 1 = FOG OR MIST
DPTR FM NORMAL: 0.0 DPTR FM NORMAL: M 2 = FOG REDUCING VISIBILITY
HIGHEST: 75 ON 14 GRTST 24HR 0.01 ON 20-20 TO 1/4 MILE OR LESS
LOWEST: 12 ON 2 3 = THUNDER
SNOW, ICE PELLETS, HAIL 4 = ICE PELLETS
TOTAL MONTH: M 5 = HAIL
GRTST 24HR M ON M 6 = FREEZING RAIN OR DRIZZLE
GRTST DEPTH: M ON M 7 = DUSTSTORM OR SANDSTORM:
VSBY 1/2 MILE OR LESS
8 = SMOKE OR HAZE
[NO. OF DAYS WITH] [WEATHER - DAYS WITH] 9 = BLOWING SNOW
X = TORNADO
MAX 32 OR BELOW: 0 0.01 INCH OR MORE: 0
MAX 90 OR ABOVE: 0 0.10 INCH OR MORE: 0
MIN 32 OR BELOW: 27 0.50 INCH OR MORE: 0
MIN 0 OR BELOW: 0 1.00 INCH OR MORE: 0
[HDD (BASE 65) ]
TOTAL THIS MO. 739 CLEAR (SCALE 0-3) 25
DPTR FM NORMAL M PTCLDY (SCALE 4-7) 6
TOTAL FM JUL 1 1553 CLOUDY (SCALE 8-10) 0
DPTR FM NORMAL M
[CDD (BASE 65) ]
TOTAL THIS MO. 0
DPTR FM NORMAL M [PRESSURE DATA]
TOTAL FM JAN 1 0 HIGHEST SLP M ON M
DPTR FM NORMAL M LOWEST SLP M ON M
[REMARKS]
#FINAL-01-22#