000
CXUS53 KGRB 310716
CF6ATW
PRELIMINARY LOCAL CLIMATOLOGICAL DATA (WS FORM: F-6)
STATION: APPLETON WI
MONTH: MARCH
YEAR: 2023
LATITUDE: 44 16 N
LONGITUDE: 88 31 W
TEMPERATURE IN F: :PCPN: SNOW: WIND :SUNSHINE: SKY :PK WND
================================================================================
1 2 3 4 5 6A 6B 7 8 9 10 11 12 13 14 15 16 17 18
12Z AVG MX 2MIN
DY MAX MIN AVG DEP HDD CDD WTR SNW DPTH SPD SPD DIR MIN PSBL S-S WX SPD DR
================================================================================
1 37 32 35 10 30 0 M M M 6.2 10 170 M M 10 M M
2 32 25 29 3 36 0 M M M 7.4 15 350 M M 6 21 360
3 37 23 30 4 35 0 M M M 4.1 10 10 M M 5 1 M M
4 37 27 32 6 33 0 M M M 7.0 10 230 M M 4 18 M M
5 43 25 34 7 31 0 M M M 6.6 10 110 M M 4 M M
6 36 32 34 7 31 0 M M M 10.1 17 10 M M 10 1 21 70
7 39 25 32 5 33 0 M M M 8.2 16 20 M M 3 18 20
8 39 25 32 4 33 0 M M M 6.0 10 130 M M 5 M M
9 34 27 31 3 34 0 M M M 8.8 14 40 M M 10 23 50
10 32 16 24 -5 41 0 M M M 12.9 18 10 M M 10 24 50
11 30 21 26 -3 39 0 M M M 7.3 10 70 M M 10 M M
12 30 25 28 -2 37 0 0.05 M M 8.1 15 250 M M 10 M M
13 28 16 22 -8 43 0 M M M 13.4 22 10 M M 7 29 30
14 30 9 20 -10 45 0 M M M 5.8 12 300 M M 1 M M
15 41 14 28 -3 37 0 M M M 9.0 17 210 M M 5 21 210
16 39 34 37 6 28 0 0.11 M M 7.6 13 190 M M 10 12 M M
17 36 14 25 -7 40 0 0.01 M M 19.7 25 270 M M 8 32 270
18 25 9 17 -15 48 0 M M M 15.7 23 300 M M 6 29 280
19 36 12 24 -8 41 0 M M M 13.2 18 270 M M 0 25 240
20 43 21 32 -1 33 0 M M M 8.3 16 210 M M 2 24 220
21 37 27 32 -1 33 0 M M M 9.5 14 50 M M 7 20 50
22 45 30 38 4 27 0 M M M 9.0 14 240 M M 9 1 18 280
23 43 30 37 3 28 0 M M M 6.3 10 340 M M 5 M M
24 41 25 33 -2 32 0 M M M 6.8 10 40 M M 2 M M
25 37 27 32 -3 33 0 M M M 11.0 16 360 M M 7 20 320
26 45 21 33 -3 32 0 M M M 5.6 12 360 M M 3 M M
27 43 25 34 -2 31 0 M M M 6.3 9 40 M M 1 M M
28 43 25 34 -3 31 0 M M M 7.7 13 220 M M 2 17 250
29 34 21 28 -9 37 0 M M M 10.7 17 320 M M 4 26 310
30 39 18 29 -9 36 0 0.05 M M 7.2 14 150 M M 5 18 100
================================================================================
SM 1111 681 1048 0 0.22 M 265.2 M 171
================================================================================
AV 37.0 22.7 8.8 FASTST M M 6 MAX(MPH)
MISC ----> 25 270 32 270
================================================================================
NOTES:
# LAST OF SEVERAL OCCURRENCES
COLUMN 17 PEAK WIND IN M.P.H.
PRELIMINARY LOCAL CLIMATOLOGICAL DATA (WS FORM: F-6) , PAGE 2
STATION: APPLETON WI
MONTH: MARCH
YEAR: 2023
LATITUDE: 44 16 N
LONGITUDE: 88 31 W
[TEMPERATURE DATA] [PRECIPITATION DATA] SYMBOLS USED IN COLUMN 16
AVERAGE MONTHLY: 29.9 TOTAL FOR MONTH: 0.22 1 = FOG OR MIST
DPTR FM NORMAL: -1.3 DPTR FM NORMAL: -1.53 2 = FOG REDUCING VISIBILITY
HIGHEST: 45 ON 26,22 GRTST 24HR 0.11 ON 16-16 TO 1/4 MILE OR LESS
LOWEST: 9 ON 18,14 3 = THUNDER
SNOW, ICE PELLETS, HAIL 4 = ICE PELLETS
TOTAL MONTH: M 5 = HAIL
GRTST 24HR M ON M 6 = FREEZING RAIN OR DRIZZLE
GRTST DEPTH: M ON M 7 = DUSTSTORM OR SANDSTORM:
VSBY 1/2 MILE OR LESS
8 = SMOKE OR HAZE
[NO. OF DAYS WITH] [WEATHER - DAYS WITH] 9 = BLOWING SNOW
X = TORNADO
MAX 32 OR BELOW: 7 0.01 INCH OR MORE: 4
MAX 90 OR ABOVE: 0 0.10 INCH OR MORE: 1
MIN 32 OR BELOW: 29 0.50 INCH OR MORE: 0
MIN 0 OR BELOW: 0 1.00 INCH OR MORE: 0
[HDD (BASE 65) ]
TOTAL THIS MO. 1048 CLEAR (SCALE 0-3) 7
DPTR FM NORMAL 31 PTCLDY (SCALE 4-7) 15
TOTAL FM JUL 1 6157 CLOUDY (SCALE 8-10) 8
DPTR FM NORMAL -523
[CDD (BASE 65) ]
TOTAL THIS MO. 0
DPTR FM NORMAL 0 [PRESSURE DATA]
TOTAL FM JAN 1 0 HIGHEST SLP M ON M
DPTR FM NORMAL 0 LOWEST SLP M ON M
[REMARKS]