000
CXUS53 KGRB 200649
CF6ATW
PRELIMINARY LOCAL CLIMATOLOGICAL DATA (WS FORM: F-6)
STATION: APPLETON WI
MONTH: OCTOBER
YEAR: 2022
LATITUDE: 44 16 N
LONGITUDE: 88 31 W
TEMPERATURE IN F: :PCPN: SNOW: WIND :SUNSHINE: SKY :PK WND
================================================================================
1 2 3 4 5 6A 6B 7 8 9 10 11 12 13 14 15 16 17 18
12Z AVG MX 2MIN
DY MAX MIN AVG DEP HDD CDD WTR SNW DPTH SPD SPD DIR MIN PSBL S-S WX SPD DR
================================================================================
1 68 43 56 2 9 0 M M M 4.0 10 40 M M 1 12 M M
2 63 46 55 1 10 0 M M M 6.2 10 40 M M 8 M M
3 66 41 54 1 11 0 M M M 3.7 9 160 M M 2 M M
4 72 45 59 6 6 0 M M M 4.1 8 210 M M 2 M M
5 73 45 59 7 6 0 M M M 5.7 10 240 M M 4 M M
6 63 37 50 -2 15 0 M M M 12.2 18 310 M M 4 25 10
7 48 34 41 -11 24 0 M M M 8.7 15 340 M M 5 M M
8 55 32 44 -7 21 0 M M M 12.5 21 260 M M 0 26 260
9 59 37 48 -3 17 0 M M M 3.8 9 260 M M 2 M M
10 61 37 49 -1 16 0 M M M 6.4 9 120 M M 1 M M
11 73 45 59 9 6 0 M M M 11.3 23 210 M M 4 1 31 210
12 63 43 53 3 12 0 M M M 13.1 21 270 M M 8 31 190
13 43 36 40 -9 25 0 M M M 10.3 20 270 M M 9 20 270
14 37 30 34 -15 31 0 M M M 6.5 12 210 M M 9 1 M M
15 48 32 40 -9 25 0 M M M 9.3 13 260 M M 8 M M
16 46 34 40 -8 25 0 M M M 11.7 18 300 M M 7 25 290
17 43 32 38 -10 27 0 M M M 18.7 23 320 M M 9 30 320
18 43 32 38 -10 27 0 M M M 19.0 25 330 M M 7 36 320
19 43 27 35 -12 30 0 M M M 9.7 15 270 M M 3 21 280
================================================================================
SM 1067 708 343 0 M M 177.0 M 93
================================================================================
AV 56.2 37.3 9.3 FASTST M M 5 MAX(MPH)
MISC ----> 25 330 36 320
================================================================================
NOTES:
# LAST OF SEVERAL OCCURRENCES
COLUMN 17 PEAK WIND IN M.P.H.
PRELIMINARY LOCAL CLIMATOLOGICAL DATA (WS FORM: F-6) , PAGE 2
STATION: APPLETON WI
MONTH: OCTOBER
YEAR: 2022
LATITUDE: 44 16 N
LONGITUDE: 88 31 W
[TEMPERATURE DATA] [PRECIPITATION DATA] SYMBOLS USED IN COLUMN 16
AVERAGE MONTHLY: 46.7 TOTAL FOR MONTH: M 1 = FOG OR MIST
DPTR FM NORMAL: -3.8 DPTR FM NORMAL: M 2 = FOG REDUCING VISIBILITY
HIGHEST: 73 ON 11, 5 GRTST 24HR M ON M TO 1/4 MILE OR LESS
LOWEST: 27 ON 19 3 = THUNDER
SNOW, ICE PELLETS, HAIL 4 = ICE PELLETS
TOTAL MONTH: M 5 = HAIL
GRTST 24HR M ON M 6 = FREEZING RAIN OR DRIZZLE
GRTST DEPTH: M ON M 7 = DUSTSTORM OR SANDSTORM:
VSBY 1/2 MILE OR LESS
8 = SMOKE OR HAZE
[NO. OF DAYS WITH] [WEATHER - DAYS WITH] 9 = BLOWING SNOW
X = TORNADO
MAX 32 OR BELOW: 0 0.01 INCH OR MORE: 0
MAX 90 OR ABOVE: 0 0.10 INCH OR MORE: 0
MIN 32 OR BELOW: 6 0.50 INCH OR MORE: 0
MIN 0 OR BELOW: 0 1.00 INCH OR MORE: 0
[HDD (BASE 65) ]
TOTAL THIS MO. 343 CLEAR (SCALE 0-3) 7
DPTR FM NORMAL 66 PTCLDY (SCALE 4-7) 7
TOTAL FM JUL 1 521 CLOUDY (SCALE 8-10) 5
DPTR FM NORMAL 38
[CDD (BASE 65) ]
TOTAL THIS MO. 0
DPTR FM NORMAL 0 [PRESSURE DATA]
TOTAL FM JAN 1 495 HIGHEST SLP M ON M
DPTR FM NORMAL -116 LOWEST SLP M ON M
[REMARKS]