000
CXUS53 KABR 011100
CF6ATY
PRELIMINARY LOCAL CLIMATOLOGICAL DATA (WS FORM: F-6)
STATION: WATERTOWN SD
MONTH: AUGUST
YEAR: 2022
LATITUDE: 44 55 N
LONGITUDE: 97 9 W
TEMPERATURE IN F: :PCPN: SNOW: WIND :SUNSHINE: SKY :PK WND
================================================================================
1 2 3 4 5 6A 6B 7 8 9 10 11 12 13 14 15 16 17 18
12Z AVG MX 2MIN
DY MAX MIN AVG DEP HDD CDD WTR SNW DPTH SPD SPD DIR MIN PSBL S-S WX SPD DR
================================================================================
1 83 54 69 -2 0 4 0.00 0.0 0 6.5 14 150 M M 0 20 150
2 96 68 82 11 0 17 0.03 0.0 0 10.4 25 230 M M 1 3 35 230
3 79 60 70 0 0 5 0.00 0.0 0 8.9 22 310 M M 0 29 350
4 86 57 72 2 0 7 0.00 0.0 0 11.0 21 180 M M 0 31 170
5 93 69 81 11 0 16 1.64 0.0 0 17.1 54 230 M M 1 123 76 230
6 77 58 68 -2 0 3 0.05 0.0 0 13.7 44 340 M M 4 1 61 350
7 71 52 62 -8 3 0 0.52 0.0 0 8.9 17 360 M M 7 13 21 40
8 77 50 64 -6 1 0 0.00 0.0 0 3.5 12 200 M M 2 12 16 210
9 84 55 70 0 0 5 0.00 0.0 0 8.2 17 200 M M 0 23 200
10 82 59 71 1 0 6 0.00 0.0 0 7.3 17 40 M M 0 25 50
11 73 64 69 -1 0 4 T 0.0 0 10.0 17 140 M M 4 29 130
12 90 67 79 10 0 14 0.00 0.0 0 11.7 18 200 M M 1 26 140
13 78 63 71 2 0 6 T 0.0 0 7.7 15 360 M M 7 1 20 360
14 79 58 69 0 0 4 0.00 0.0 0 6.9 17 200 M M 1 1 21 200
15 78 63 71 2 0 6 0.00 0.0 0 7.9 14 220 M M 2 19 170
16 79 57 68 -1 0 3 0.00 0.0 0 6.5 12 180 M M 2 12 M M
17 82 61 72 4 0 7 0.00 0.0 0 9.4 18 200 M M 0 24 190
18 81 64 73 5 0 8 0.00 0.0 0 8.7 20 330 M M 2 3 25 320
19 69 59 64 -4 1 0 0.93 0.0 0 12.8 28 340 M M 6 1 37 340
20 77 57 67 -1 0 2 0.00 0.0 0 6.8 16 40 M M 4 12 20 40
21 80 54 67 -1 0 2 0.00 0.0 0 1.6 8 180 M M 3 12 12 180
22 84 60 72 4 0 7 0.00 0.0 0 4.9 10 150 M M 1 14 70
23 82 66 74 7 0 9 0.00 0.0 0 5.6 13 70 M M 0 19 70
24 81 58 70 3 0 5 T 0.0 0 7.8 16 10 M M 4 1 22 30
25 76 57 67 0 0 2 0.00 0.0 0 6.5 15 30 M M 0 1 20 40
26 76 50 63 -4 2 0 0.00 0.0 0 8.1 18 140 M M 4 25 130
27 82 63 73 7 0 8 0.04 0.0 0 12.4 25 220 M M 2 1 45 200
28 82 62 72 6 0 7 0.00 0.0 0 10.9 20 170 M M 5 1 27 160
29 77 60 69 3 0 4 0.00 0.0 0 13.6 26 310 M M 0 36 290
30 82 51 67 1 0 2 0.00 0.0 0 5.7 14 290 M M 0 20 290
31 90 56 73 7 0 8 0.00 0.0 0 5.6 12 200 M M 0 14 220
================================================================================
SM 2506 1832 7 171 3.21 0.0 266.6 M 63
================================================================================
AV 80.8 59.1 8.6 FASTST M M 2 MAX(MPH)
MISC ----> 54 230 76 230
================================================================================
NOTES:
# LAST OF SEVERAL OCCURRENCES
COLUMN 17 PEAK WIND IN M.P.H.
PRELIMINARY LOCAL CLIMATOLOGICAL DATA (WS FORM: F-6) , PAGE 2
STATION: WATERTOWN SD
MONTH: AUGUST
YEAR: 2022
LATITUDE: 44 55 N
LONGITUDE: 97 9 W
[TEMPERATURE DATA] [PRECIPITATION DATA] SYMBOLS USED IN COLUMN 16
AVERAGE MONTHLY: 70.0 TOTAL FOR MONTH: 3.21 1 = FOG OR MIST
DPTR FM NORMAL: 1.5 DPTR FM NORMAL: 0.32 2 = FOG REDUCING VISIBILITY
HIGHEST: 96 ON 2 GRTST 24HR 1.69 ON 5- 6 TO 1/4 MILE OR LESS
LOWEST: 50 ON 26, 8 3 = THUNDER
SNOW, ICE PELLETS, HAIL 4 = ICE PELLETS
TOTAL MONTH: 0.0 INCH 5 = HAIL
GRTST 24HR 0.0 6 = FREEZING RAIN OR DRIZZLE
GRTST DEPTH: 0 7 = DUSTSTORM OR SANDSTORM:
VSBY 1/2 MILE OR LESS
8 = SMOKE OR HAZE
[NO. OF DAYS WITH] [WEATHER - DAYS WITH] 9 = BLOWING SNOW
X = TORNADO
MAX 32 OR BELOW: 0 0.01 INCH OR MORE: 6
MAX 90 OR ABOVE: 4 0.10 INCH OR MORE: 3
MIN 32 OR BELOW: 0 0.50 INCH OR MORE: 3
MIN 0 OR BELOW: 0 1.00 INCH OR MORE: 1
[HDD (BASE 65) ]
TOTAL THIS MO. 7 CLEAR (SCALE 0-3) 21
DPTR FM NORMAL -28 PTCLDY (SCALE 4-7) 10
TOTAL FM JUL 1 8 CLOUDY (SCALE 8-10) 0
DPTR FM NORMAL -44
[CDD (BASE 65) ]
TOTAL THIS MO. 171
DPTR FM NORMAL 27 [PRESSURE DATA]
TOTAL FM JAN 1 612 HIGHEST SLP 30.19 ON 11
DPTR FM NORMAL 141 LOWEST SLP 29.52 ON 28
[REMARKS]
#FINAL-08-22#