000
CXUS51 KGYX 021449
CF6AUG
PRELIMINARY LOCAL CLIMATOLOGICAL DATA (WS FORM: F-6)
STATION: AUGUSTA
MONTH: DECEMBER
YEAR: 2023
LATITUDE: 44 18 N
LONGITUDE: 69 48 W
TEMPERATURE IN F: :PCPN: SNOW: WIND :SUNSHINE: SKY :PK WND
================================================================================
1 2 3 4 5 6A 6B 7 8 9 10 11 12 13 14 15 16 17 18
12Z AVG MX 2MIN
DY MAX MIN AVG DEP HDD CDD WTR SNW DPTH SPD SPD DIR MIN PSBL S-S WX SPD DR
================================================================================
1 55 32 44 12 21 0 0.14 M M 4.1 9 160 M M 3 1 17 190
2 43 37 40 8 25 0 0.01 M M 4.4 13 20 M M 10 12 18 10
3 37 32 35 3 30 0 0.25 M M 8.0 14 20 M M 10 1 17 20
4 32 28 30 -1 35 0 0.46 M M 7.4 13 20 M M 10 1 18 20
5 28 17 23 -8 42 0 0.01 M M 7.7 16 360 M M 7 1 20 350
6 25 12 19 -11 46 0 0.00 M M 5.5 12 340 M M 2 1 13 330
7 25 6 16 -14 49 0 0.00 M M 2.6 8 360 M M 0 9 360
8 34 5 20 -10 45 0 0.00 M M 1.7 8 10 M M 0 1 8 10
9 32 18 25 -4 40 0 T M M 1.4 6 330 M M 9 12 7 360
10 52 32 42 13 23 0 0.92 M M 4.6 14 340 M M 10 12 17 340
11 43 33 38 9 27 0 1.66 M M 9.3 20 320 M M 8 1 27 310
12 39 26 33 5 32 0 0.00 M M 6.5 17 290 M M 1 33 280
13 40 24 32 4 33 0 T M M 7.9 20 340 M M 6 32 310
14 31 19 25 -3 40 0 0.00 M M 7.7 16 300 M M 1 27 290
15 50 24 37 10 28 0 0.00 M M 6.6 17 280 M M 1 31 300
16 47 27 37 10 28 0 0.00 M M 5.9 18 350 M M 0 23 340
17 49 25 37 10 28 0 0.52 M M 1.6 10 120 M M 8 1 15 120
18 58 46 52 26 13 0 2.59 M M 18.4 33 160 M M 9 1 68 160
19 49 30 40 14 25 0 0.00 M M 10.6 41 160 M M 2 1 68 160
20 39 25 32 6 33 0 0.00 M M 10.1 24 360 M M 0 34 360
21 31 20 26 0 39 0 0.00 M M 18.6 35 350 M M 1 47 360
22 32 15 24 -1 41 0 0.00 M M 5.6 18 360 M M 0 23 360
23 37 18 28 3 37 0 0.00 M M 2.3 9 200 M M 1 20 230
24 43 31 37 12 28 0 0.00 M M 1.6 7 180 M M 8 11 210
25 43 36 40 16 25 0 T M M 1.8 9 170 M M 10 12 14 160
26 42 36 39 15 26 0 0.00 M M 2.0 8 250 M M 10 12 13 280
27 41 36 39 15 26 0 0.40 M M 3.4 8 350 M M 10 12 11 360
28 39 34 37 13 28 0 0.45 M M 9.5 17 20 M M 10 12 25 10
29 37 34 36 13 29 0 0.08 M M 6.3 17 10 M M 10 1 26 360
30 34 33 34 11 31 0 0.29 M M 6.4 12 340 M M 10 1 16 310
31 33 24 29 6 36 0 0.00 M M 6.6 12 320 M M 8 19 320
================================================================================
SM 1220 815 989 0 7.78 M 196.1 M 175
================================================================================
AV 39.4 26.3 6.3 FASTST M M 6 MAX(MPH)
MISC ----> 41 160 68 160
================================================================================
NOTES:
# LAST OF SEVERAL OCCURRENCES
COLUMN 17 PEAK WIND IN M.P.H.
PRELIMINARY LOCAL CLIMATOLOGICAL DATA (WS FORM: F-6) , PAGE 2
STATION: AUGUSTA
MONTH: DECEMBER
YEAR: 2023
LATITUDE: 44 18 N
LONGITUDE: 69 48 W
[TEMPERATURE DATA] [PRECIPITATION DATA] SYMBOLS USED IN COLUMN 16
AVERAGE MONTHLY: 32.8 TOTAL FOR MONTH: 7.78 1 = FOG OR MIST
DPTR FM NORMAL: 5.6 DPTR FM NORMAL: 4.34 2 = FOG REDUCING VISIBILITY
HIGHEST: 58 ON 18 GRTST 24HR 2.59 ON 18-18 TO 1/4 MILE OR LESS
LOWEST: 5 ON 8 3 = THUNDER
SNOW, ICE PELLETS, HAIL 4 = ICE PELLETS
TOTAL MONTH: M 5 = HAIL
GRTST 24HR M ON M 6 = FREEZING RAIN OR DRIZZLE
GRTST DEPTH: M ON M 7 = DUSTSTORM OR SANDSTORM:
VSBY 1/2 MILE OR LESS
8 = SMOKE OR HAZE
[NO. OF DAYS WITH] [WEATHER - DAYS WITH] 9 = BLOWING SNOW
X = TORNADO
MAX 32 OR BELOW: 8 0.01 INCH OR MORE: 13
MAX 90 OR ABOVE: 0 0.10 INCH OR MORE: 10
MIN 32 OR BELOW: 22 0.50 INCH OR MORE: 4
MIN 0 OR BELOW: 0 1.00 INCH OR MORE: 2
[HDD (BASE 65) ]
TOTAL THIS MO. 989 CLEAR (SCALE 0-3) 13
DPTR FM NORMAL -181 PTCLDY (SCALE 4-7) 5
TOTAL FM JUL 1 2196 CLOUDY (SCALE 8-10) 13
DPTR FM NORMAL -471
[CDD (BASE 65) ]
TOTAL THIS MO. 0
DPTR FM NORMAL 0 [PRESSURE DATA]
TOTAL FM JAN 1 585 HIGHEST SLP 30.65 ON 16
DPTR FM NORMAL 158 LOWEST SLP 29.27 ON 18
[REMARKS]
#FINAL-12-23#