000
CXUS53 KGID 011519
CF6AUH
PRELIMINARY LOCAL CLIMATOLOGICAL DATA (WS FORM: F-6)
STATION: AURORA NE
MONTH: SEPTEMBER
YEAR: 2021
LATITUDE: 40 54 N
LONGITUDE: 97 59 W
TEMPERATURE IN F: :PCPN: SNOW: WIND :SUNSHINE: SKY :PK WND
================================================================================
1 2 3 4 5 6A 6B 7 8 9 10 11 12 13 14 15 16 17 18
12Z AVG MX 2MIN
DY MAX MIN AVG DEP HDD CDD WTR SNW DPTH SPD SPD DIR MIN PSBL S-S WX SPD DR
================================================================================
1 77 64 71 M 0 6 0.00 M M 10.6 14 130 M M 4 21 120
2 76 68 72 M 0 7 0.17 M M 10.6 17 160 M M 7 1 24 160
3 74 60 67 M 0 2 0.00 M M 5.2 15 350 M M 5 2 21 350
4 77 61 69 M 0 4 T M M 3.5 9 350 M M 3 M M
5 82 61 72 M 0 7 0.12 M M 7.7 16 350 M M 3 30 250
6 89 62 76 M 0 11 0.00 M M 7.6 10 210 M M 0 M M
7 78 56 67 M 0 2 0.00 M M 9.7 22 360 M M 0 30 360
8 82 53 68 M 0 3 0.00 M M 4.7 8 40 M M 0 M M
9 80 53 67 M 0 2 0.00 M M 5.8 10 110 M M 0 M M
10 86 56 71 M 0 6 0.00 M M 2.5 6 160 M M 0 M M
11 95 62 79 M 0 14 0.00 M M 5.6 10 210 M M 0 16 180
12 79 64 72 M 0 7 T M M 7.7 16 360 M M 1 3 20 360
13 86 62 74 M 0 9 0.00 M M 4.7 13 10 M M 3 12 M M
14 76 57 67 M 0 2 0.00 M M 6.1 10 360 M M 2 1 17 360
15 83 49 66 M 0 1 0.00 M M 8.8 16 170 M M 1 23 170
16 92 66 79 M 0 14 0.00 M M 13.5 18 180 M M 0 27 190
17 73 56 65 M 0 0 0.27 M M 9.4 17 20 M M 4 3 30 310
18 89 53 71 M 0 6 0.00 M M 8.7 16 170 M M 0 22 190
19 90 65 78 M 0 13 0.00 M M 15.2 24 180 M M 0 33 180
20 76 51 64 M 1 0 T M M 12.5 21 320 M M 4 30 320
21 73 46 60 M 5 0 0.00 M M 6.6 13 350 M M 1 16 320
22 76 41 59 M 6 0 0.00 M M 4.2 7 140 M M 0 M M
23 84 45 65 M 0 0 0.00 M M 8.1 14 170 M M 0 20 170
24 68 46 57 M 8 0 T M M 8.7 17 360 M M 1 29 360
25 81 43 62 M 3 0 0.00 M M 9.3 17 210 M M 0 25 210
26 93 50 72 M 0 7 0.00 M M 7.2 17 190 M M 0 22 190
27 93 52 73 M 0 8 0.00 M M 6.4 10 330 M M 0 M M
28 93 53 73 M 0 8 0.00 M M 7.6 14 160 M M 0 22 160
29 82 61 72 M 0 7 0.08 M M 8.7 16 120 M M 3 3 20 180
30 69 57 63 M 2 0 T M M 8.6 14 290 M M 10 1 21 310
================================================================================
SM 2452 1673 25 146 0.64 M 235.5 M 52
================================================================================
AV 81.7 55.8 7.8 FASTST M M 2 MAX(MPH)
MISC ----> 24 180 M M
================================================================================
NOTES:
# LAST OF SEVERAL OCCURRENCES
COLUMN 17 PEAK WIND IN M.P.H.
PRELIMINARY LOCAL CLIMATOLOGICAL DATA (WS FORM: F-6) , PAGE 2
STATION: AURORA NE
MONTH: SEPTEMBER
YEAR: 2021
LATITUDE: 40 54 N
LONGITUDE: 97 59 W
[TEMPERATURE DATA] [PRECIPITATION DATA] SYMBOLS USED IN COLUMN 16
AVERAGE MONTHLY: 68.8 TOTAL FOR MONTH: 0.64 1 = FOG OR MIST
DPTR FM NORMAL: M DPTR FM NORMAL: M 2 = FOG REDUCING VISIBILITY
HIGHEST: 95 ON 11 GRTST 24HR 0.27 ON 17-17 TO 1/4 MILE OR LESS
LOWEST: 41 ON 22 3 = THUNDER
SNOW, ICE PELLETS, HAIL 4 = ICE PELLETS
TOTAL MONTH: M 5 = HAIL
GRTST 24HR M ON M 6 = FREEZING RAIN OR DRIZZLE
GRTST DEPTH: M ON M 7 = DUSTSTORM OR SANDSTORM:
VSBY 1/2 MILE OR LESS
8 = SMOKE OR HAZE
[NO. OF DAYS WITH] [WEATHER - DAYS WITH] 9 = BLOWING SNOW
X = TORNADO
MAX 32 OR BELOW: 0 0.01 INCH OR MORE: 4
MAX 90 OR ABOVE: 6 0.10 INCH OR MORE: 3
MIN 32 OR BELOW: 0 0.50 INCH OR MORE: 0
MIN 0 OR BELOW: 0 1.00 INCH OR MORE: 0
[HDD (BASE 65) ]
TOTAL THIS MO. 25 CLEAR (SCALE 0-3) 24
DPTR FM NORMAL M PTCLDY (SCALE 4-7) 5
TOTAL FM JUL 1 25 CLOUDY (SCALE 8-10) 1
DPTR FM NORMAL M
[CDD (BASE 65) ]
TOTAL THIS MO. 146
DPTR FM NORMAL M [PRESSURE DATA]
TOTAL FM JAN 1 1175 HIGHEST SLP M ON M
DPTR FM NORMAL 1165 LOWEST SLP M ON M
[REMARKS]
#FINAL-09-21#