000
CXUS53 KARX 041457
CF6AUM
PRELIMINARY LOCAL CLIMATOLOGICAL DATA (WS FORM: F-6)
STATION: AUSTIN MUNI MN
MONTH: NOVEMBER
YEAR: 2021
LATITUDE: 43 40 N
LONGITUDE: 92 56 W
TEMPERATURE IN F: :PCPN: SNOW: WIND :SUNSHINE: SKY :PK WND
================================================================================
1 2 3 4 5 6A 6B 7 8 9 10 11 12 13 14 15 16 17 18
12Z AVG MX 2MIN
DY MAX MIN AVG DEP HDD CDD WTR SNW DPTH SPD SPD DIR MIN PSBL S-S WX SPD DR
================================================================================
1 43 30 37 M 28 0 0.00 0.0 0 9.6 17 290 M M 5 24 290
2 43 27 35 M 30 0 0.00 0.0 0 6.4 12 310 M M 3 18 320
3 45 21 33 M 32 0 T 0.0 0 3.3 9 180 M M 5 M M
4 52 32 42 M 23 0 0.00 0.0 0 5.3 10 200 M M 5 17 180
5 57 36 47 M 18 0 0.00 0.0 0 14.8 24 190 M M 0 35 180
6 70 36 53 M 12 0 0.00 0.0 0 7.1 13 200 M M 0 18 200
7 63 45 54 M 11 0 0.00 0.0 0 8.9 16 190 M M 0 21 190
8 61 36 49 M 16 0 0.00 0.0 0 5.1 16 30 M M 2 12 23 30
9 55 30 43 M 22 0 0.00 0.0 0 2.5 7 50 M M 1 M M
10 54 34 44 M 21 0 M 0.0 0 9.6 25 120 M M 5 13 31 120
11 50 34 42 M 23 0 M M 0 15.5 21 280 M M 10 1 35 280
12 39 32 36 M 29 0 M M M 14.7 18 300 M M 10 1 25 310
13 36 30 33 M 32 0 M M 0 10.9 16 180 M M 10 23 310
14 36 28 32 M 33 0 M M M 13.6 26 290 M M 9 33 320
15 39 28 34 M 31 0 0.00 0.0 0 6.4 10 120 M M 4 M M
16 48 28 38 M 27 0 0.00 0.0 0 10.9 18 150 M M 0 29 140
17 45 28 37 M 28 0 0.00 0.0 0 16.0 24 300 M M 3 35 280
18 30 21 26 M 39 0 T T 0 15.0 28 300 M M 6 36 300
19 37 18 28 M 37 0 0.00 0.0 0 8.7 17 170 M M 0 27 170
20 46 32 39 M 26 0 0.00 0.0 0 5.7 12 180 M M 1 17 180
21 39 21 30 M 35 0 T 0.0 0 12.9 25 300 M M 4 40 320
22 36 18 27 M 38 0 0.00 0.0 0 5.5 10 300 M M 2 M M
23 52 25 39 M 26 0 0.00 0.0 0 11.2 20 180 M M 0 30 170
24 52 27 40 M 25 0 0.00 0.0 0 13.2 22 330 M M 2 28 330
25 25 12 19 M 46 0 T T 0 12.4 22 320 M M 5 29 320
26 34 14 24 M 41 0 0.00 0.0 0 7.8 15 180 M M 4 24 180
27 46 28 37 M 28 0 0.00 0.0 0 9.8 17 310 M M 0 22 340
28 39 21 30 M 35 0 0.00 0.0 0 7.4 15 300 M M 1 23 300
29 57 32 45 M 20 0 0.00 0.0 0 9.6 15 300 M M 4 23 300
30 46 32 39 M 26 0 M M 0 5.5 12 330 M M 2 17 330
================================================================================
SM 1375 836 838 0 T T 285.3 M 103
================================================================================
AV 45.8 27.9 9.5 FASTST M M 3 MAX(MPH)
MISC ----> 28 300 40 320
================================================================================
NOTES:
# LAST OF SEVERAL OCCURRENCES
COLUMN 17 PEAK WIND IN M.P.H.
PRELIMINARY LOCAL CLIMATOLOGICAL DATA (WS FORM: F-6) , PAGE 2
STATION: AUSTIN MUNI MN
MONTH: NOVEMBER
YEAR: 2021
LATITUDE: 43 40 N
LONGITUDE: 92 56 W
[TEMPERATURE DATA] [PRECIPITATION DATA] SYMBOLS USED IN COLUMN 16
AVERAGE MONTHLY: 36.9 TOTAL FOR MONTH: T 1 = FOG OR MIST
DPTR FM NORMAL: 0.0 DPTR FM NORMAL: M 2 = FOG REDUCING VISIBILITY
HIGHEST: 70 ON 6 GRTST 24HR T ON 3- 3 TO 1/4 MILE OR LESS
LOWEST: 12 ON 25 3 = THUNDER
SNOW, ICE PELLETS, HAIL 4 = ICE PELLETS
TOTAL MONTH: T 5 = HAIL
GRTST 24HR T ON 18-18 6 = FREEZING RAIN OR DRIZZLE
GRTST DEPTH: 0 7 = DUSTSTORM OR SANDSTORM:
VSBY 1/2 MILE OR LESS
8 = SMOKE OR HAZE
[NO. OF DAYS WITH] [WEATHER - DAYS WITH] 9 = BLOWING SNOW
X = TORNADO
MAX 32 OR BELOW: 2 0.01 INCH OR MORE: 0
MAX 90 OR ABOVE: 0 0.10 INCH OR MORE: 0
MIN 32 OR BELOW: 24 0.50 INCH OR MORE: 0
MIN 0 OR BELOW: 0 1.00 INCH OR MORE: 0
[HDD (BASE 65) ]
TOTAL THIS MO. 838 CLEAR (SCALE 0-3) 15
DPTR FM NORMAL M PTCLDY (SCALE 4-7) 11
TOTAL FM JUL 1 1261 CLOUDY (SCALE 8-10) 4
DPTR FM NORMAL M
[CDD (BASE 65) ]
TOTAL THIS MO. 0
DPTR FM NORMAL M [PRESSURE DATA]
TOTAL FM JAN 1 822 HIGHEST SLP M ON M
DPTR FM NORMAL M LOWEST SLP M ON M
[REMARKS]
#FINAL-11-21#