000
CXUS54 KBMX 011110
CF6AUO
PRELIMINARY LOCAL CLIMATOLOGICAL DATA (WS FORM: F-6)
STATION: AUBURN AWOS
MONTH: FEBRUARY
YEAR: 2021
LATITUDE: 32 34 N
LONGITUDE: 85 30 W
TEMPERATURE IN F: :PCPN: SNOW: WIND :SUNSHINE: SKY :PK WND
================================================================================
1 2 3 4 5 6A 6B 7 8 9 10 11 12 13 14 15 16 17 18
12Z AVG MX 2MIN
DY MAX MIN AVG DEP HDD CDD WTR SNW DPTH SPD SPD DIR MIN PSBL S-S WX SPD DR
================================================================================
1 45 35 40 M 25 0 M M 0 16.3 22 320 M M 7 31 320
2 49 29 39 M 26 0 0.00 0.0 0 11.8 18 310 M M 0 8 23 330
3 53 27 40 M 25 0 0.00 0.0 0 7.0 12 310 M M 0 M M
4 55 30 43 M 22 0 M 0.0 0 7.0 16 180 M M 1 22 180
5 55 44 50 M 15 0 0.15 0.0 0 7.2 16 180 M M 4 1 M M
6 48 39 44 M 21 0 0.20 M 0 8.0 17 90 M M 5 1 22 70
7 53 39 46 M 19 0 0.01 0.0 0 6.4 12 350 M M 4 1 M M
8 59 34 47 M 18 0 M M M 6.5 13 130 M M 0 20 130
9 66 52 59 M 6 0 0.29 0.0 M 3.2 6 200 M M 7 12 M M
10 68 52 60 M 5 0 M 0.0 0 3.5 9 180 M M 3 12 M M
11 M M M M M M M 0.0 0 M M M M M M 123 M M
12 59 47 53 M 12 0 0.05 0.0 M 6.2 12 350 M M 10 12 M M
13 M M M M M M M M M 9.2 9 80 M M 1 M M
14 M M M M M M M M M M M M M M 0 M M
15 M M M M M M M M M M M M M M 0 M M
16 M M M M M M M M M M M M M M 0 M M
17 M M M M M M M M M M M M M M 0 M M
18 M M M M M M M M M M M M M M 0 M M
19 M M M M M M M 0.0 0 M M M M M 0 M M
20 M M M M M M M M M M M M M M 0 M M
21 M M M M M M M M M M M M M M 0 M M
22 M M M M M M M M M M M M M M 0 M M
23 M M M M M M M M M M M M M M 0 M M
24 M M M M M M 0.00 0.0 0 M M M M M 0 M M
25 78 51 65 M 0 0 0.00 0.0 0 4.5 8 50 M M 2 8 M M
26 74 58 66 M 0 1 M 0.0 0 8.0 13 190 M M 7 M M
27 73 57 65 M 0 0 0.00 0.0 0 6.8 14 160 M M 6 12 18 160
28 80 63 72 M 0 7 0.00 0.0 0 10.0 20 220 M M 6 1 28 220
================================================================================
SM 915 657 194 8 0.70 0.0 121.6 M 63
================================================================================
AV 61.0 43.8 7.6 FASTST M M 2 MAX(MPH)
MISC ----> 22 320 31 320
================================================================================
NOTES:
# LAST OF SEVERAL OCCURRENCES
COLUMN 17 PEAK WIND IN M.P.H.
PRELIMINARY LOCAL CLIMATOLOGICAL DATA (WS FORM: F-6) , PAGE 2
STATION: AUBURN AWOS
MONTH: FEBRUARY
YEAR: 2021
LATITUDE: 32 34 N
LONGITUDE: 85 30 W
[TEMPERATURE DATA] [PRECIPITATION DATA] SYMBOLS USED IN COLUMN 16
AVERAGE MONTHLY: 52.4 TOTAL FOR MONTH: 0.70 1 = FOG OR MIST
DPTR FM NORMAL: 0.0 DPTR FM NORMAL: 0.70 2 = FOG REDUCING VISIBILITY
HIGHEST: 80 ON 28 GRTST 24HR 0.29 ON 9- 9 TO 1/4 MILE OR LESS
LOWEST: 27 ON 3 3 = THUNDER
SNOW, ICE PELLETS, HAIL 4 = ICE PELLETS
TOTAL MONTH: 0.0 INCH 5 = HAIL
GRTST 24HR 0.0 6 = FREEZING RAIN OR DRIZZLE
GRTST DEPTH: 0 7 = DUSTSTORM OR SANDSTORM:
VSBY 1/2 MILE OR LESS
8 = SMOKE OR HAZE
[NO. OF DAYS WITH] [WEATHER - DAYS WITH] 9 = BLOWING SNOW
X = TORNADO
MAX 32 OR BELOW: 0 0.01 INCH OR MORE: 5
MAX 90 OR ABOVE: 0 0.10 INCH OR MORE: 3
MIN 32 OR BELOW: 3 0.50 INCH OR MORE: 0
MIN 0 OR BELOW: 0 1.00 INCH OR MORE: 0
[HDD (BASE 65) ]
TOTAL THIS MO. 194 CLEAR (SCALE 0-3) 17
DPTR FM NORMAL M PTCLDY (SCALE 4-7) 9
TOTAL FM JUL 1 1489 CLOUDY (SCALE 8-10) 2
DPTR FM NORMAL M
[CDD (BASE 65) ]
TOTAL THIS MO. 8
DPTR FM NORMAL M [PRESSURE DATA]
TOTAL FM JAN 1 9 HIGHEST SLP M ON M
DPTR FM NORMAL M LOWEST SLP M ON M
[REMARKS]
#FINAL-02-21#