000
CXUS53 KGRB 012331
CF6AUW
PRELIMINARY LOCAL CLIMATOLOGICAL DATA (WS FORM: F-6)
STATION: WAUSAU WI
MONTH: OCTOBER
YEAR: 2023
LATITUDE: 44 55 N
LONGITUDE: 89 37 W
TEMPERATURE IN F: :PCPN: SNOW: WIND :SUNSHINE: SKY :PK WND
================================================================================
1 2 3 4 5 6A 6B 7 8 9 10 11 12 13 14 15 16 17 18
12Z AVG MX 2MIN
DY MAX MIN AVG DEP HDD CDD WTR SNW DPTH SPD SPD DIR MIN PSBL S-S WX SPD DR
================================================================================
1 88 59 74 21 0 9 0.00 0.0 0 5.5 16 180 M M 0 18 24 180
2 83 55 69 17 0 4 0.00 0.0 0 5.6 15 160 M M 0 1 19 190
3 83 55 69 17 0 4 0.00 0.0 0 8.2 21 170 M M 0 28 190
4 75 54 65 13 0 0 T 0.0 0 10.4 18 200 M M 5 28 180
5 68 48 58 7 7 0 0.00 0.0 0 9.8 22 260 M M 3 30 260
6 55 41 48 -3 17 0 0.13 0.0 0 12.4 26 270 M M 6 39 260
7 56 37 47 -3 18 0 0.00 0.0 0 8.5 20 330 M M 2 28 320
8 54 35 45 -5 20 0 0.00 0.0 0 4.3 14 20 M M 8 23 340
9 54 35 45 -4 20 0 0.00 0.0 0 10.1 22 290 M M 5 31 280
10 52 41 47 -2 18 0 T 0.0 0 7.7 13 310 M M 10 17 320
11 58 36 47 -1 18 0 0.00 0.0 0 2.0 9 100 M M 6 14 40
12 57 36 47 -1 18 0 0.07 0.0 0 10.3 18 60 M M 4 1 28 60
13 48 44 46 -2 19 0 0.96 0.0 0 13.0 23 70 M M 10 1 33 60
14 54 43 49 2 16 0 T 0.0 0 9.2 18 20 M M 8 28 360
15 57 40 49 2 16 0 0.00 0.0 0 9.5 16 340 M M 8 27 340
16 60 32 46 0 19 0 0.00 0.0 0 3.9 7 290 M M 1 17 290
17 60 32 46 0 19 0 0.00 0.0 0 2.5 8 230 M M 0 12 11 160
18 63 44 54 8 11 0 T 0.0 0 6.6 18 140 M M 5 28 150
19 55 43 49 4 16 0 0.04 0.0 0 5.0 14 300 M M 8 1 21 280
20 59 39 49 4 16 0 0.00 0.0 0 7.9 18 290 M M 3 28 320
21 45 35 40 -4 25 0 0.06 0.0 0 6.9 17 340 M M 9 25 350
22 53 29 41 -3 24 0 0.00 0.0 0 1.1 8 50 M M 2 10 150
23 51 35 43 0 22 0 0.06 0.0 0 5.7 14 130 M M 8 1 19 120
24 62 47 55 12 10 0 3.89 0.0 0 6.2 17 90 M M 9 13 28 220
25 60 51 56 14 9 0 0.25 0.0 0 5.6 15 200 M M 9 18 26 200
26 56 49 53 11 12 0 0.34 0.0 0 4.7 13 80 M M 10 1 17 90
27 61 37 49 7 16 0 T 0.0 0 11.3 24 280 M M 9 1 33 260
28 38 32 35 -6 30 0 T T 0 8.6 17 300 M M 9 1 23 300
29 37 28 33 -8 32 0 0.00 0.0 0 7.3 14 290 M M 5 19 290
30 33 22 28 -12 37 0 0.00 0.0 0 10.6 18 260 M M 4 26 260
31 36 23 30 -10 35 0 0.16 2.6 2 8.5 16 330 M M 7 18 28 330
================================================================================
SM 1771 1237 520 17 5.96 2.6 228.9 M 173
================================================================================
AV 57.1 39.9 7.4 FASTST M M 6 MAX(MPH)
MISC ----> 26 270 39 260
================================================================================
NOTES:
# LAST OF SEVERAL OCCURRENCES
COLUMN 17 PEAK WIND IN M.P.H.
PRELIMINARY LOCAL CLIMATOLOGICAL DATA (WS FORM: F-6) , PAGE 2
STATION: WAUSAU WI
MONTH: OCTOBER
YEAR: 2023
LATITUDE: 44 55 N
LONGITUDE: 89 37 W
[TEMPERATURE DATA] [PRECIPITATION DATA] SYMBOLS USED IN COLUMN 16
AVERAGE MONTHLY: 48.5 TOTAL FOR MONTH: 5.96 1 = FOG OR MIST
DPTR FM NORMAL: 2.2 DPTR FM NORMAL: 2.89 2 = FOG REDUCING VISIBILITY
HIGHEST: 88 ON 1 GRTST 24HR 3.89 ON 24-24 TO 1/4 MILE OR LESS
LOWEST: 22 ON 30 3 = THUNDER
SNOW, ICE PELLETS, HAIL 4 = ICE PELLETS
TOTAL MONTH: 2.6 INCHES 5 = HAIL
GRTST 24HR 2.6 ON 31-31 6 = FREEZING RAIN OR DRIZZLE
GRTST DEPTH: 2 ON 31 7 = DUSTSTORM OR SANDSTORM:
VSBY 1/2 MILE OR LESS
8 = SMOKE OR HAZE
[NO. OF DAYS WITH] [WEATHER - DAYS WITH] 9 = BLOWING SNOW
X = TORNADO
MAX 32 OR BELOW: 0 0.01 INCH OR MORE: 10
MAX 90 OR ABOVE: 0 0.10 INCH OR MORE: 6
MIN 32 OR BELOW: 7 0.50 INCH OR MORE: 2
MIN 0 OR BELOW: 0 1.00 INCH OR MORE: 1
[HDD (BASE 65) ]
TOTAL THIS MO. 520 CLEAR (SCALE 0-3) 8
DPTR FM NORMAL -60 PTCLDY (SCALE 4-7) 13
TOTAL FM JUL 1 651 CLOUDY (SCALE 8-10) 10
DPTR FM NORMAL -198
[CDD (BASE 65) ]
TOTAL THIS MO. 17
DPTR FM NORMAL 15 [PRESSURE DATA]
TOTAL FM JAN 1 603 HIGHEST SLP 30.37 ON 28
DPTR FM NORMAL 181 LOWEST SLP 29.62 ON 19
[REMARKS]
#FINAL-10-23#