000
CXUS53 KGRB 131536
CF6AUW
PRELIMINARY LOCAL CLIMATOLOGICAL DATA (WS FORM: F-6)
STATION: WAUSAU WI
MONTH: JULY
YEAR: 2023
LATITUDE: 44 55 N
LONGITUDE: 89 37 W
TEMPERATURE IN F: :PCPN: SNOW: WIND :SUNSHINE: SKY :PK WND
================================================================================
1 2 3 4 5 6A 6B 7 8 9 10 11 12 13 14 15 16 17 18
12Z AVG MX 2MIN
DY MAX MIN AVG DEP HDD CDD WTR SNW DPTH SPD SPD DIR MIN PSBL S-S WX SPD DR
================================================================================
1 86 63 75 6 0 10 0.00 0.0 0 5.0 12 280 M M 1 18 17 270
2 84 62 73 4 0 8 0.00 0.0 0 4.8 12 60 M M 2 16 300
3 90 58 74 5 0 9 0.01 0.0 0 3.9 22 350 M M 1 3 38 340
4 88 66 77 8 0 12 0.01 0.0 0 4.7 16 290 M M 2 138 21 300
5 80 63 72 3 0 7 0.01 0.0 0 7.3 14 280 M M 6 13 22 350
6 75 53 64 -5 1 0 0.00 0.0 0 7.5 14 280 M M 5 17 300
7 76 48 62 -7 3 0 0.00 0.0 0 3.5 9 280 M M 1 15 270
8 82 58 70 1 0 5 0.11 0.0 0 7.1 15 300 M M 4 3 24 270
9 81 55 68 -2 0 3 0.00 0.0 0 5.9 18 230 M M 1 26 190
10 90 58 74 4 0 9 1.38 0.0 0 10.0 38 270 M M 2 13 52 270
11 75 54 65 -5 0 0 T 0.0 0 6.2 14 280 M M 2 20 330
12 69 57 63 -7 2 0 0.40 0.0 0 5.1 15 90 M M 7 1 19 80
13 75 54 65 -5 0 0 0.00 0.0 0 4.7 10 170 M M 7 12 14 170
14 84 63 74 4 0 9 0.37 0.0 0 7.1 20 290 M M 4 13 31 190
15 81 59 70 0 0 5 0.00 0.0 0 6.6 18 270 M M 3 18 24 270
16 77 56 67 -3 0 2 0.09 0.0 0 10.8 30 280 M M 3 138 41 260
17 72 53 63 -7 2 0 0.02 0.0 0 8.9 18 260 M M 3 8 25 240
18 79 54 67 -3 0 2 0.00 0.0 0 4.8 15 270 M M 3 23 280
19 78 56 67 -3 0 2 0.49 0.0 0 4.1 29 260 M M 4 138 39 280
20 74 57 66 -4 0 1 0.07 0.0 0 9.1 22 330 M M 6 1 31 320
21 83 55 69 -1 0 4 0.00 0.0 0 6.1 15 360 M M 1 3 23 40
22 83 58 71 1 0 6 T 0.0 0 6.7 26 280 M M 1 33 290
23 83 58 71 1 0 6 0.00 0.0 0 7.7 15 280 M M 1 8 21 230
24 83 58 71 1 0 6 0.01 0.0 0 3.2 15 260 M M 4 18 20 260
25 88 60 74 4 0 9 0.00 0.0 0 4.8 14 230 M M 1 18 18 210
26 87 69 78 8 0 13 0.29 0.0 0 4.0 17 260 M M 3 18 23 250
27 91 65 78 8 0 13 0.56 0.0 0 5.4 29 290 M M 0 1 43 300
28 82 65 74 4 0 9 0.65 0.0 0 6.1 22 330 M M 7 13 32 310
29 82 58 70 0 0 5 0.00 0.0 0 6.6 20 280 M M 1 1 31 280
30 78 54 66 -3 0 1 0.00 0.0 0 5.9 18 290 M M 1 26 280
31 78 53 66 -3 0 1 0.00 0.0 0 3.2 9 220 M M 1 14 190
================================================================================
SM 2514 1800 8 157 4.47 0.0 186.8 M 88
================================================================================
AV 81.1 58.1 6.0 FASTST M M 3 MAX(MPH)
MISC ----> 38 270 52 270
================================================================================
NOTES:
# LAST OF SEVERAL OCCURRENCES
COLUMN 17 PEAK WIND IN M.P.H.
PRELIMINARY LOCAL CLIMATOLOGICAL DATA (WS FORM: F-6) , PAGE 2
STATION: WAUSAU WI
MONTH: JULY
YEAR: 2023
LATITUDE: 44 55 N
LONGITUDE: 89 37 W
[TEMPERATURE DATA] [PRECIPITATION DATA] SYMBOLS USED IN COLUMN 16
AVERAGE MONTHLY: 69.6 TOTAL FOR MONTH: 4.47 1 = FOG OR MIST
DPTR FM NORMAL: 0.1 DPTR FM NORMAL: 0.61 2 = FOG REDUCING VISIBILITY
HIGHEST: 91 ON 27 GRTST 24HR 1.38 ON 10-10 TO 1/4 MILE OR LESS
LOWEST: 48 ON 7 3 = THUNDER
SNOW, ICE PELLETS, HAIL 4 = ICE PELLETS
TOTAL MONTH: 0.0 INCH 5 = HAIL
GRTST 24HR 0.0 6 = FREEZING RAIN OR DRIZZLE
GRTST DEPTH: 0 7 = DUSTSTORM OR SANDSTORM:
VSBY 1/2 MILE OR LESS
8 = SMOKE OR HAZE
[NO. OF DAYS WITH] [WEATHER - DAYS WITH] 9 = BLOWING SNOW
X = TORNADO
MAX 32 OR BELOW: 0 0.01 INCH OR MORE: 15
MAX 90 OR ABOVE: 3 0.10 INCH OR MORE: 8
MIN 32 OR BELOW: 0 0.50 INCH OR MORE: 3
MIN 0 OR BELOW: 0 1.00 INCH OR MORE: 1
[HDD (BASE 65) ]
TOTAL THIS MO. 8 CLEAR (SCALE 0-3) 20
DPTR FM NORMAL -13 PTCLDY (SCALE 4-7) 11
TOTAL FM JUL 1 8 CLOUDY (SCALE 8-10) 0
DPTR FM NORMAL -19
[CDD (BASE 65) ]
TOTAL THIS MO. 157
DPTR FM NORMAL -4 [PRESSURE DATA]
TOTAL FM JAN 1 352 HIGHEST SLP 30.19 ON 31
DPTR FM NORMAL 81 LOWEST SLP 29.65 ON 10
[REMARKS]
#FINAL-07-23#