000
CXUS52 KGSP 011553
CF6AVL
PRELIMINARY LOCAL CLIMATOLOGICAL DATA (WS FORM: F-6)
STATION: ASHEVILLE NC
MONTH: AUGUST
YEAR: 2021
LATITUDE: 35 25 N
LONGITUDE: 82 33 W
TEMPERATURE IN F: :PCPN: SNOW: WIND :SUNSHINE: SKY :PK WND
================================================================================
1 2 3 4 5 6A 6B 7 8 9 10 11 12 13 14 15 16 17 18
12Z AVG MX 2MIN
DY MAX MIN AVG DEP HDD CDD WTR SNW DPTH SPD SPD DIR MIN PSBL S-S WX SPD DR
================================================================================
1 84 67 76 1 0 11 0.01 0.0 0 7.2 20 320 M M 3 8 28 340
2 83 62 73 -2 0 8 T 0.0 0 4.5 13 340 M M 3 17 320
3 73 65 69 -6 0 4 0.23 0.0 0 2.4 9 120 M M 8 1 15 110
4 75 65 70 -5 0 5 T 0.0 0 2.4 8 180 M M 9 11 220
5 80 62 71 -4 0 6 T 0.0 0 1.8 12 140 M M 6 17 130
6 81 57 69 -6 0 4 0.00 0.0 0 2.3 10 160 M M 3 18 15 180
7 84 62 73 -2 0 8 0.02 0.0 0 5.3 23 320 M M 5 38 28 320
8 86 61 74 -1 0 9 0.00 0.0 0 4.7 10 320 M M 4 1 15 310
9 84 62 73 -2 0 8 0.28 0.0 0 3.1 16 220 M M 3 13 21 220
10 90 66 78 3 0 13 T 0.0 0 2.6 16 330 M M 2 1238 22 210
11 88 65 77 2 0 12 T 0.0 0 4.4 14 340 M M 2 1238 19 340
12 89 67 78 4 0 13 0.00 0.0 0 4.4 15 330 M M 2 138 18 340
13 89 64 77 3 0 12 T 0.0 0 2.0 15 190 M M 2 38 20 180
14 89 65 77 3 0 12 1.37 0.0 0 3.5 14 30 M M 3 13 23 80
15 80 66 73 -1 0 8 1.40 0.0 0 3.2 17 170 M M 8 123 31 210
16 78 65 72 -2 0 7 2.03 0.0 0 2.4 14 150 M M 8 13 23 140
17 72 67 70 -4 0 5 3.30 0.0 0 5.7 23 180 M M 10 123 34 130
18 85 66 76 2 0 11 0.00 0.0 0 4.4 13 330 M M 6 12 18 320
19 87 66 77 3 0 12 1.03 0.0 0 2.4 22 350 M M 4 123 31 360
20 83 67 75 1 0 10 0.01 0.0 0 5.3 14 310 M M 6 1 17 350
21 83 64 74 0 0 9 0.26 0.0 0 2.6 15 180 M M 5 123 17 190
22 86 67 77 3 0 12 0.00 0.0 0 3.0 9 320 M M 6 1 13 340
23 87 64 76 2 0 11 0.00 0.0 0 5.2 13 320 M M 1 18 340
24 88 66 77 4 0 12 0.00 0.0 0 2.5 7 160 M M 1 18 12 180
25 88 65 77 4 0 12 T 0.0 0 2.9 12 330 M M 2 138 18 40
26 85 65 75 2 0 10 0.26 0.0 0 2.4 13 80 M M 4 1238 21 100
27 86 66 76 3 0 11 0.00 0.0 0 3.1 12 170 M M 5 12 16 160
28 87 67 77 4 0 12 0.00 0.0 0 2.7 10 140 M M 4 12 15 130
29 88 65 77 4 0 12 0.00 0.0 0 2.6 13 160 M M 1 18 17 160
30 87 62 75 3 0 10 0.00 0.0 0 4.2 12 180 M M 1 8 15 320
31 79 68 74 2 0 9 0.75 0.0 0 8.1 17 160 M M 7 1 28 160
================================================================================
SM 2604 2006 0 298 10.95 0.0 113.3 M 134
================================================================================
AV 84.0 64.7 3.7 FASTST M M 4 MAX(MPH)
MISC ----> # 23 320 34 130
================================================================================
NOTES:
# LAST OF SEVERAL OCCURRENCES
COLUMN 17 PEAK WIND IN M.P.H.
PRELIMINARY LOCAL CLIMATOLOGICAL DATA (WS FORM: F-6) , PAGE 2
STATION: ASHEVILLE NC
MONTH: AUGUST
YEAR: 2021
LATITUDE: 35 25 N
LONGITUDE: 82 33 W
[TEMPERATURE DATA] [PRECIPITATION DATA] SYMBOLS USED IN COLUMN 16
AVERAGE MONTHLY: 74.4 TOTAL FOR MONTH: 10.95 1 = FOG OR MIST
DPTR FM NORMAL: 0.4 DPTR FM NORMAL: 5.91 2 = FOG REDUCING VISIBILITY
HIGHEST: 90 ON 10 GRTST 24HR 3.40 ON 16-17 TO 1/4 MILE OR LESS
LOWEST: 57 ON 6 3 = THUNDER
SNOW, ICE PELLETS, HAIL 4 = ICE PELLETS
TOTAL MONTH: 0.0 INCH 5 = HAIL
GRTST 24HR 0.0 6 = FREEZING RAIN OR DRIZZLE
GRTST DEPTH: 0 7 = DUSTSTORM OR SANDSTORM:
VSBY 1/2 MILE OR LESS
8 = SMOKE OR HAZE
[NO. OF DAYS WITH] [WEATHER - DAYS WITH] 9 = BLOWING SNOW
X = TORNADO
MAX 32 OR BELOW: 0 0.01 INCH OR MORE: 13
MAX 90 OR ABOVE: 1 0.10 INCH OR MORE: 10
MIN 32 OR BELOW: 0 0.50 INCH OR MORE: 6
MIN 0 OR BELOW: 0 1.00 INCH OR MORE: 5
[HDD (BASE 65) ]
TOTAL THIS MO. 0 CLEAR (SCALE 0-3) 14
DPTR FM NORMAL 0 PTCLDY (SCALE 4-7) 13
TOTAL FM JUL 1 0 CLOUDY (SCALE 8-10) 4
DPTR FM NORMAL 0
[CDD (BASE 65) ]
TOTAL THIS MO. 298
DPTR FM NORMAL 19 [PRESSURE DATA]
TOTAL FM JAN 1 846 HIGHEST SLP 30.24 ON 28
DPTR FM NORMAL -49 LOWEST SLP 29.61 ON 31
[REMARKS]
#FINAL-08-21#