000
CXUS51 KBOX 010910
CF6BDL
PRELIMINARY LOCAL CLIMATOLOGICAL DATA (WS FORM: F-6)
STATION: HARTFORD CT
MONTH: JANUARY
YEAR: 2024
LATITUDE: 41 55 N
LONGITUDE: 72 41 W
TEMPERATURE IN F: :PCPN: SNOW: WIND :SUNSHINE: SKY :PK WND
================================================================================
1 2 3 4 5 6A 6B 7 8 9 10 11 12 13 14 15 16 17 18
12Z AVG MX 2MIN
DY MAX MIN AVG DEP HDD CDD WTR SNW DPTH SPD SPD DIR MIN PSBL S-S WX SPD DR
================================================================================
1 44 27 36 7 29 0 0.00 0.0 0 5.7 15 320 M M 5 19 340
2 42 19 31 3 34 0 0.00 0.0 0 2.1 12 310 M M 1 14 310
3 40 23 32 4 33 0 0.00 0.0 0 2.9 8 250 M M 8 10 270
4 44 24 34 6 31 0 T T 0 9.6 23 320 M M 7 1 32 310
5 37 21 29 1 36 0 0.00 0.0 0 8.1 21 300 M M 4 24 300
6 36 20 28 0 37 0 0.29 2.4 0 4.8 15 90 M M 8 1 20 70
7 33 27 30 2 35 0 0.73 8.0 8 10.5 22 10 M M 10 18 26 360
8 41 20 31 3 34 0 0.00 0.0 10 8.6 23 310 M M 3 32 290
9 47 14 31 4 34 0 1.74 T 9 5.1 14 100 M M 8 146 18 90
10 51 38 45 18 20 0 1.49 0.0 3 13.3 30 250 M M 8 1 38 260
11 45 34 40 13 25 0 0.00 0.0 0 6.9 17 290 M M 8 23 290
12 47 27 37 10 28 0 0.00 0.0 0 5.1 15 110 M M 5 18 110
13 55 35 45 18 20 0 1.20 0.0 0 14.0 30 250 M M 8 12 40 240
14 40 23 32 5 33 0 T T 0 13.9 35 270 M M 3 5 44 270
15 33 17 25 -2 40 0 T 0.0 0 4.8 14 200 M M 5 18 250
16 27 19 23 -4 42 0 0.31 2.0 0 8.5 18 330 M M 9 146 25 310
17 26 13 20 -7 45 0 0.00 0.0 2 9.9 18 250 M M 2 22 260
18 30 17 24 -2 41 0 0.00 0.0 2 7.8 17 230 M M 7 21 210
19 26 19 23 -3 42 0 0.02 0.5 2 6.1 16 330 M M 9 16 21 340
20 19 12 16 -10 49 0 T 0.2 3 12.8 24 310 M M 8 8 31 310
21 25 11 18 -8 47 0 0.00 0.0 3 8.9 20 310 M M 2 28 320
22 37 6 22 -4 43 0 0.00 0.0 2 6.9 15 210 M M 5 20 220
23 40 31 36 10 29 0 0.07 0.2 2 5.0 15 310 M M 9 14 18 310
24 36 33 35 9 30 0 0.63 0.3 2 0.8 6 170 M M 10 124 7 170
25 53 35 44 18 21 0 0.16 0.0 1 4.7 10 10 M M 10 1 13 90
26 43 37 40 14 25 0 0.68 0.0 0 6.0 10 20 M M 10 1 14 10
27 43 37 40 13 25 0 T 0.0 0 4.7 9 360 M M 10 1 12 360
28 38 33 36 9 29 0 1.02 1.9 0 8.1 20 360 M M 10 14 26 10
29 35 33 34 7 31 0 0.03 T 2 10.6 16 20 M M 10 15 20 360
30 35 29 32 5 33 0 T T 2 4.6 13 100 M M 10 15 110
31 35 28 32 5 33 0 T T 2 5.1 10 220 M M 10 13 210
================================================================================
SM 1183 762 1034 0 8.37 15.5 225.9 M 222
================================================================================
AV 38.2 24.6 7.3 FASTST M M 7 MAX(MPH)
MISC ----> 35 270 44 270
================================================================================
NOTES:
# LAST OF SEVERAL OCCURRENCES
COLUMN 17 PEAK WIND IN M.P.H.
PRELIMINARY LOCAL CLIMATOLOGICAL DATA (WS FORM: F-6) , PAGE 2
STATION: HARTFORD CT
MONTH: JANUARY
YEAR: 2024
LATITUDE: 41 55 N
LONGITUDE: 72 41 W
[TEMPERATURE DATA] [PRECIPITATION DATA] SYMBOLS USED IN COLUMN 16
AVERAGE MONTHLY: 31.4 TOTAL FOR MONTH: 8.37 1 = FOG OR MIST
DPTR FM NORMAL: 4.3 DPTR FM NORMAL: 5.09 2 = FOG REDUCING VISIBILITY
HIGHEST: 55 ON 13 GRTST 24HR 3.10 ON 9-10 TO 1/4 MILE OR LESS
LOWEST: 6 ON 22 3 = THUNDER
SNOW, ICE PELLETS, HAIL 4 = ICE PELLETS
TOTAL MONTH: 15.5 INCHES 5 = HAIL
GRTST 24HR 8.0 ON 7- 7 6 = FREEZING RAIN OR DRIZZLE
GRTST DEPTH: 10 ON 8 7 = DUSTSTORM OR SANDSTORM:
VSBY 1/2 MILE OR LESS
8 = SMOKE OR HAZE
[NO. OF DAYS WITH] [WEATHER - DAYS WITH] 9 = BLOWING SNOW
X = TORNADO
MAX 32 OR BELOW: 6 0.01 INCH OR MORE: 13
MAX 90 OR ABOVE: 0 0.10 INCH OR MORE: 10
MIN 32 OR BELOW: 22 0.50 INCH OR MORE: 7
MIN 0 OR BELOW: 0 1.00 INCH OR MORE: 4
[HDD (BASE 65) ]
TOTAL THIS MO. 1034 CLEAR (SCALE 0-3) 3
DPTR FM NORMAL -142 PTCLDY (SCALE 4-7) 14
TOTAL FM JUL 1 2881 CLOUDY (SCALE 8-10) 14
DPTR FM NORMAL -462
[CDD (BASE 65) ]
TOTAL THIS MO. 0
DPTR FM NORMAL 0 [PRESSURE DATA]
TOTAL FM JAN 1 0 HIGHEST SLP 30.58 ON 24
DPTR FM NORMAL 0 LOWEST SLP 28.94 ON 10
[REMARKS]
#FINAL-01-24#