000
CXUS51 KCTP 010840
CLMBFD
CLIMATE REPORT
NATIONAL WEATHER SERVICE STATE COLLEGE PA
340 AM EST FRI DEC 01 2023
...................................
...THE BRADFORD CLIMATE SUMMARY FOR THE MONTH OF NOVEMBER 2023...
CLIMATE NORMAL PERIOD 1991 TO 2020
CLIMATE RECORD PERIOD 1957 TO 2023
WEATHER OBSERVED NORMAL DEPART LAST YEAR`S
VALUE DATE(S) VALUE FROM VALUE DATE(S)
NORMAL
................................................................
TEMPERATURE (F)
RECORD
HIGH 74 11/04/2015
11/04/2003
07/09/1936
LOW -2 11/30/1976
HIGHEST 63 11/16 73 11/05
LOWEST 16 11/29 15 11/21
AVG. MAXIMUM 47.7 45.7 2.0 49.5
AVG. MINIMUM 29.5 29.9 -0.4 32.8
MEAN 38.6 37.8 0.8 41.2
DAYS MAX >= 90 0 0.0 0.0 0
DAYS MAX <= 32 2 4.3 -2.3 5
DAYS MIN <= 32 22 20.4 1.6 17
DAYS MIN <= 0 0 0.0 0.0 0
PRECIPITATION (INCHES)
RECORD
MAXIMUM 8.93 1985
MINIMUM 0.40 2000
TOTALS 1.50 3.20 -1.70 4.47
DAILY AVG. 0.05 0.11 -0.06 0.15
DAYS >= .01 9 14.4 -5.4 12
DAYS >= .10 2 7.2 -5.2 6
DAYS >= .50 2 1.7 0.3 3
DAYS >= 1.00 0 0.5 -0.5 1
GREATEST
24 HR. TOTAL 0.77 11/21 TO 11/22 2.34 11/11 TO 11/12
DEGREE DAYS
HEATING TOTAL 783 816 -33 709
SINCE 7/1 1363 1647 -284 MM
COOLING TOTAL 0 0 0 1
SINCE 1/1 355 282 73 MM
................................................................
WIND (MPH)
AVERAGE WIND SPEED 7.0
HIGHEST WIND SPEED/DIRECTION 24/300 DATE 11/19
HIGHEST GUST SPEED/DIRECTION 37/150 DATE 11/21
SKY COVER
POSSIBLE SUNSHINE (PERCENT) MM
AVERAGE SKY COVER 0.56
NUMBER OF DAYS FAIR 9
NUMBER OF DAYS PC 10
NUMBER OF DAYS CLOUDY 11
AVERAGE RH (PERCENT) 63
WEATHER CONDITIONS. NUMBER OF DAYS WITH
THUNDERSTORM 0 MIXED PRECIP 0
HEAVY RAIN 2 RAIN 2
LIGHT RAIN 9 FREEZING RAIN 1
LT FREEZING RAIN 1 HAIL 0
HEAVY SNOW 1 SLEET 0
FOG 10 FOG W/VIS <= 1/4 MILE 2
HAZE 7
- INDICATES NEGATIVE NUMBERS.
R INDICATES RECORD WAS SET OR TIED.
MM INDICATES DATA IS MISSING.
T INDICATES TRACE AMOUNT.
$$