000
CXUS51 KCTP 010820
CLSBFD
CLIMATE REPORT
NATIONAL WEATHER SERVICE STATE COLLEGE PA
420 AM EDT WED SEP 01 2021
...................................
...THE BRADFORD CLIMATE SUMMARY FOR THE SEASON, FROM
6/1/2021 TO 8/31/2021...
CLIMATE NORMAL PERIOD 1991 TO 2020
CLIMATE RECORD PERIOD 1957 TO 2021
WEATHER OBSERVED NORMAL DEPART LAST YEAR`S
VALUE DATE(S) VALUE FROM VALUE DATE(S)
NORMAL
................................................................
TEMPERATURE (F)
RECORD
HIGH 90 07/09/2020
LOW 25 08/29/1986
06/11/1972
HIGHEST 89 06/29 90 07/09
LOWEST 35 06/17 33 06/01
AVG. MAXIMUM 78.3 76.8 1.5 79.8
AVG. MINIMUM 56.3 53.5 2.8 54.3
MEAN 67.3 65.2 2.1 67.1
DAYS MAX >= 90 0 0.4 -0.4 1
DAYS MAX <= 32 0 0.0 0.0 0
DAYS MIN <= 32 0 0.2 -0.2 0
DAYS MIN <= 0 0 0.0 0.0 0
PRECIPITATION (INCHES)
RECORD
MAXIMUM 21.21 1994
MINIMUM 5.77 1966
TOTALS 17.68 12.25 5.43 8.94
DAILY AVG. 0.19 0.13 0.06 0.10
DAYS >= .01 47 37.1 9.9 31
DAYS >= .10 35 24.0 11.0 19
DAYS >= .50 13 8.2 4.8 8
DAYS >= 1.00 2 3.0 -1.0 2
GREATEST
24 HR. TOTAL 1.98 1.13 06/23 TO 06/23
STORM TOTAL 1.98 1.13
(MM/DD(HH)) MM
DEGREE DAYS
HEATING TOTAL 141 213 -72 129
SINCE 7/1 58 104 -46 MM
COOLING TOTAL 372 234 138 346
SINCE 1/1 395 253 142 MM
FREEZE DATES
RECORD
EARLIEST 08/05/1972
LATEST 06/30/1961
EARLIEST MM
LATEST 05/15
................................................................
WIND (MPH)
AVERAGE WIND SPEED 4.8
RESULTANT WIND SPEED/DIRECTION 1/260
HIGHEST WIND SPEED/DIRECTION 26/330 DATE 07/06
HIGHEST GUST SPEED/DIRECTION 38/330 DATE 07/06
SKY COVER
POSSIBLE SUNSHINE (PERCENT) MM
AVERAGE SKY COVER 0.44
NUMBER OF DAYS FAIR 35
NUMBER OF DAYS PC 42
NUMBER OF DAYS CLOUDY 15
AVERAGE RH (PERCENT) 71
WEATHER CONDITIONS. NUMBER OF DAYS WITH
THUNDERSTORM 29 MIXED PRECIP 0
HEAVY RAIN 29 RAIN 25
LIGHT RAIN 52 FREEZING RAIN 0
LT FREEZING RAIN 0 HAIL 0
HEAVY SNOW 0 SNOW 0
LIGHT SNOW 0 SLEET 0
FOG 80 FOG W/VIS <= 1/4 MILE 25
HAZE 29
- INDICATES NEGATIVE NUMBERS.
R INDICATES RECORD WAS SET OR TIED.
MM INDICATES DATA IS MISSING.
T INDICATES TRACE AMOUNT.
$$