404
CXUS51 KCTP 011434
CLSBFD
CLIMATE REPORT
NATIONAL WEATHER SERVICE STATE COLLEGE PA
934 AM EST MON MAR 01 2021
...................................
...THE BRADFORD CLIMATE SUMMARY FOR THE SEASON, FROM
12/1/2020 TO 2/28/2021...
CLIMATE NORMAL PERIOD 1981 TO 2010
CLIMATE RECORD PERIOD 1957 TO 2021
WEATHER OBSERVED NORMAL DEPART LAST YEAR`S
VALUE DATE(S) VALUE FROM VALUE DATE(S)
NORMAL
................................................................
TEMPERATURE (F)
RECORD
HIGH 75 12/01/2010
LOW -30 02/11/1979
HIGHEST 56 02/24 63 01/11
LOWEST 02/17 -12 02/15
AVG. MAXIMUM 33.2 31.4 1.8 36.2
AVG. MINIMUM 20.7 15.6 5.1 21.4
MEAN 27.0 23.5 3.5 28.8
DAYS MAX >= 90 0 MM MM 0
DAYS MAX <= 32 40 MM MM 35
DAYS MIN <= 32 86 MM MM 82
DAYS MIN <= 0 2 MM MM 3
PRECIPITATION (INCHES)
RECORD
MAXIMUM 15.38 1993
MINIMUM 3.73 2000
TOTALS 5.56 9.04 -3.48 8.20
DAILY AVG. 0.06 0.10 -0.04 0.09
DAYS >= .01 47 MM MM 50
DAYS >= .10 19 MM MM 28
DAYS >= .50 1 MM MM 3
DAYS >= 1.00 1 MM MM 1
GREATEST
24 HR. TOTAL 1.23 1.06 02/26 TO 02/27
STORM TOTAL 0.40 1.02
(MM/DD(HH)) MM
DEGREE DAYS
HEATING TOTAL 3396 3735 -339 3273
SINCE 7/1 4751 5413 -662 MM
COOLING TOTAL 0 0 0 0
SINCE 1/1 0 0 0 MM
FREEZE DATES
RECORD
EARLIEST 08/05/1972
LATEST 06/30/1961
EARLIEST 09/19
LATEST 05/21
................................................................
WIND (MPH)
AVERAGE WIND SPEED 8.1
RESULTANT WIND SPEED/DIRECTION 3/270
HIGHEST WIND SPEED/DIRECTION 30/310 DATE 01/29
HIGHEST GUST SPEED/DIRECTION 43/300 DATE 01/29
SKY COVER
POSSIBLE SUNSHINE (PERCENT) MM
AVERAGE SKY COVER 0.78
NUMBER OF DAYS FAIR 9
NUMBER OF DAYS PC 25
NUMBER OF DAYS CLOUDY 56
AVERAGE RH (PERCENT) 68
WEATHER CONDITIONS. NUMBER OF DAYS WITH
THUNDERSTORM 0 MIXED PRECIP 0
HEAVY RAIN 0 RAIN 2
LIGHT RAIN 16 FREEZING RAIN 4
LT FREEZING RAIN 10 HAIL 0
HEAVY SNOW 6 SNOW 22
LIGHT SNOW 67 SLEET 0
FOG 29 FOG W/VIS <= 1/4 MILE 1
HAZE 70
- INDICATES NEGATIVE NUMBERS.
R INDICATES RECORD WAS SET OR TIED.
MM INDICATES DATA IS MISSING.
T INDICATES TRACE AMOUNT.
$$