000
CXUS51 KCTP 011331
CLSBFD
CLIMATE REPORT
NATIONAL WEATHER SERVICE STATE COLLEGE PA
831 AM EST TUE DEC 01 2020
...................................
...THE BRADFORD CLIMATE SUMMARY FOR THE SEASON, FROM
9/1/2020 TO 11/30/2020...
CLIMATE NORMAL PERIOD 1981 TO 2010
CLIMATE RECORD PERIOD 1957 TO 2020
WEATHER OBSERVED NORMAL DEPART LAST YEAR`S
VALUE DATE(S) VALUE FROM VALUE DATE(S)
NORMAL
................................................................
TEMPERATURE (F)
RECORD
HIGH 90 09/03/2011
LOW -2 11/30/1976
HIGHEST 85 09/09 84 10/01
09/11
LOWEST 21 11/18 13 11/08
AVG. MAXIMUM 60.7 56.7 4.0 57.9
AVG. MINIMUM 40.3 36.7 3.6 37.9
MEAN 50.5 46.7 3.8 47.9
DAYS MAX >= 90 0 MM MM 0
DAYS MAX <= 32 1 MM MM 5
DAYS MIN <= 32 23 MM MM 33
DAYS MIN <= 0 0 MM MM 0
PRECIPITATION (INCHES)
RECORD
MAXIMUM 17.08 1970
MINIMUM 4.03 1964
TOTALS 8.98 11.11 -2.13 9.70
DAILY AVG. 0.10 0.12 -0.02 0.10
DAYS >= .01 43 MM MM 39
DAYS >= .10 21 MM MM 20
DAYS >= .50 6 MM MM 8
DAYS >= 1.00 1 MM MM 1
GREATEST
24 HR. TOTAL 1.53 10/29 TO 10/30 1.63
DEGREE DAYS
HEATING TOTAL 1324 1682 -358 1556
SINCE 7/1 1355 1696 -341 MM
COOLING TOTAL 27 16 11 30
SINCE 1/1 395 193 202 MM
FREEZE DATES
RECORD
EARLIEST 08/05/1972
LATEST 06/30/1961
EARLIEST 09/19
LATEST 05/21
................................................................
WIND (MPH)
AVERAGE WIND SPEED 6.2
RESULTANT WIND SPEED/DIRECTION 2/220
HIGHEST WIND SPEED/DIRECTION 31/300 DATE 10/07
HIGHEST GUST SPEED/DIRECTION 45/260 DATE 11/15
SKY COVER
POSSIBLE SUNSHINE (PERCENT) MM
AVERAGE SKY COVER 0.50
NUMBER OF DAYS FAIR 31
NUMBER OF DAYS PC 32
NUMBER OF DAYS CLOUDY 28
AVERAGE RH (PERCENT) 67
WEATHER CONDITIONS. NUMBER OF DAYS WITH
THUNDERSTORM 1 MIXED PRECIP 0
HEAVY RAIN 6 RAIN 16
LIGHT RAIN 47 FREEZING RAIN 1
LT FREEZING RAIN 1 HAIL 0
HEAVY SNOW 2 SNOW 3
LIGHT SNOW 9 SLEET 0
FOG 62 FOG W/VIS <= 1/4 MILE 15
HAZE 36
- INDICATES NEGATIVE NUMBERS.
R INDICATES RECORD WAS SET OR TIED.
MM INDICATES DATA IS MISSING.
T INDICATES TRACE AMOUNT.
$$