000
CXUS51 KCTP 011645
CLSBFD
CLIMATE REPORT
NATIONAL WEATHER SERVICE STATE COLLEGE PA
1245 PM EDT MON JUN 01 2020
...................................
...THE BRADFORD CLIMATE SUMMARY FOR THE SEASON, FROM
3/1/2020 TO 5/31/2020...
CLIMATE NORMAL PERIOD 1981 TO 2010
CLIMATE RECORD PERIOD 1957 TO 2020
WEATHER OBSERVED NORMAL DEPART LAST YEAR`S
VALUE DATE(S) VALUE FROM VALUE DATE(S)
NORMAL
................................................................
TEMPERATURE (F)
RECORD
HIGH 88 05/29/2018
05/30/2006
05/30/2006
LOW -21 03/02/1980
HIGHEST 86 05/26 84 05/19
LOWEST 16 03/01 -6 03/08
03/22
AVG. MAXIMUM 54.1 54.0 0.1 54.9
AVG. MINIMUM 34.2 31.5 2.7 33.9
MEAN 44.1 42.7 1.4 44.4
DAYS MAX >= 90 0 MM MM 0
DAYS MAX <= 32 1 MM MM 7
DAYS MIN <= 32 49 MM MM 36
DAYS MIN <= 0 0 MM MM 1
PRECIPITATION (INCHES)
RECORD
MAXIMUM 20.43 2011
MINIMUM 5.47 1999
TOTALS 11.88 11.10 0.78 12.82
DAILY AVG. 0.13 0.12 0.01 0.14
DAYS >= .01 51 MM MM 53
DAYS >= .10 28 MM MM 33
DAYS >= .50 11 MM MM 6
DAYS >= 1.00 0 MM MM 2
GREATEST
24 HR. TOTAL 1.06 03/28 TO 03/29 1.77
DEGREE DAYS
HEATING TOTAL 1913 2058 -145 1880
SINCE 7/1 6815 7493 -678 7111
COOLING TOTAL 22 10 12 7
SINCE 1/1 22 10 12 7
FREEZE DATES
RECORD
EARLIEST 08/05/1972
LATEST 06/30/1961
EARLIEST 10/10
LATEST 06/04
................................................................
WIND (MPH)
AVERAGE WIND SPEED 8.1
RESULTANT WIND SPEED/DIRECTION 2/260
HIGHEST WIND SPEED/DIRECTION 35/300 DATE 03/03
HIGHEST GUST SPEED/DIRECTION 46/300 DATE 03/03
SKY COVER
POSSIBLE SUNSHINE (PERCENT) MM
AVERAGE SKY COVER 0.61
NUMBER OF DAYS FAIR 20
NUMBER OF DAYS PC 39
NUMBER OF DAYS CLOUDY 33
AVERAGE RH (PERCENT) 66
WEATHER CONDITIONS. NUMBER OF DAYS WITH
THUNDERSTORM 7 MIXED PRECIP 0
HEAVY RAIN 10 RAIN 20
LIGHT RAIN 47 FREEZING RAIN 1
LT FREEZING RAIN 2 HAIL 0
HEAVY SNOW 5 SNOW 11
LIGHT SNOW 25 SLEET 0
FOG 62 FOG W/VIS <= 1/4 MILE 17
HAZE 24
- INDICATES NEGATIVE NUMBERS.
R INDICATES RECORD WAS SET OR TIED.
MM INDICATES DATA IS MISSING.
T INDICATES TRACE AMOUNT.
$$