000
CXUS55 KCYS 021326
CLMBFF
CLIMATE REPORT
NATIONAL WEATHER SERVICE CHEYENNE WY
626 AM MST TUE JAN 02 2024
...................................
...THE SCOTTSBLUFF NE AIRPORT CLIMATE SUMMARY FOR THE MONTH OF DECEMBER 2023...
CLIMATE NORMAL PERIOD 1991 TO 2020
CLIMATE RECORD PERIOD 1871 TO 2024
WEATHER OBSERVED NORMAL DEPART LAST YEAR`S
VALUE DATE(S) VALUE FROM VALUE DATE(S)
NORMAL
................................................................
TEMPERATURE (F)
RECORD
HIGH 77 12/27/1980
LOW -42 12/22/1989
HIGHEST 71 12/06 40 31 59
LOWEST 13 12/25 13 0 -18
AVG. MAXIMUM 49.9 41.6 8.3 35.3
AVG. MINIMUM 21.4 14.4 7.0 10.8
MEAN 35.6 28.0 7.6 23.0
DAYS MAX >= 90 0 0.0 0.0 0
DAYS MAX <= 32 0 7.9 -7.9 12
DAYS MIN <= 32 31 30.7 0.3 30
DAYS MIN <= 0 0 3.9 -3.9 6
PRECIPITATION (INCHES)
RECORD
MAXIMUM 2.22 1913
TOTALS 0.11 0.52 -0.41 0.65
DAYS >= .01 7 5.2 1.8 5
DAYS >= .10 0 1.7 -1.7 2
DAYS >= .50 0 0.0 0.0 0
DAYS >= 1.00 0 0.0 0.0 0
GREATEST
24 HR. TOTAL 0.04 12/03 TO 12/03 0.41 12/13 TO 12/13
SNOWFALL (INCHES)
RECORDS
TOTAL MM 2023
24 HR TOTAL 12.9 MM
TOTALS 1.3 7.8 -6.5 12.9
SINCE 7/1 11.6 16.8 -5.2 MM
DAYS >= 1.0 0 2.5 -2.5 2
GREATEST
SNOW DEPTH 2 12/01 10
24 HR TOTAL 1.3 12.9
DEGREE DAYS
HEATING TOTAL 905 1147 -242 1293
SINCE 7/1 2204 2613 -409 MM
COOLING TOTAL 0 0 0 0
SINCE 1/1 790 853 -63 MM
................................................................
WIND (MPH)
AVERAGE WIND SPEED 9.7
HIGHEST WIND SPEED/DIRECTION 39/260 DATE 12/07
HIGHEST GUST SPEED/DIRECTION 56/270 DATE 12/07
SKY COVER
POSSIBLE SUNSHINE (PERCENT) MM
AVERAGE SKY COVER 0.25
NUMBER OF DAYS FAIR 21
NUMBER OF DAYS PC 8
NUMBER OF DAYS CLOUDY 2
AVERAGE RH (PERCENT) 62
WEATHER CONDITIONS. NUMBER OF DAYS WITH
THUNDERSTORM 0 MIXED PRECIP 0
HEAVY RAIN 0 RAIN 0
LIGHT RAIN 3 FREEZING RAIN 0
LT FREEZING RAIN 0 HAIL 0
HEAVY SNOW 0 SNOW 0
LIGHT SNOW 8 SLEET 0
FOG 6 FOG W/VIS <= 1/4 MILE 0
HAZE 0
- INDICATES NEGATIVE NUMBERS.
R INDICATES RECORD WAS SET OR TIED.
MM INDICATES DATA IS MISSING.
T INDICATES TRACE AMOUNT.
$$