000
CXUS54 KAMA 010810
CF6BGD
PRELIMINARY LOCAL CLIMATOLOGICAL DATA (WS FORM: F-6)
STATION: BORGER
MONTH: NOVEMBER
YEAR: 2022
LATITUDE: 35 42 N
LONGITUDE: 101 24 W
TEMPERATURE IN F: :PCPN: SNOW: WIND :SUNSHINE: SKY :PK WND
================================================================================
1 2 3 4 5 6A 6B 7 8 9 10 11 12 13 14 15 16 17 18
12Z AVG MX 2MIN
DY MAX MIN AVG DEP HDD CDD WTR SNW DPTH SPD SPD DIR MIN PSBL S-S WX SPD DR
================================================================================
1 76 51 64 9 1 0 0.00 M M 14.6 24 150 M M 0 35 150
2 76 55 66 11 0 1 0.00 M M 15.1 24 170 M M 0 37 170
3 80 56 68 14 0 3 0.00 M M 14.7 25 160 M M 0 46 190
4 66 33 50 -4 15 0 0.31 M M 9.7 21 320 M M 6 12 28 300
5 66 31 49 -4 16 0 0.00 M M 8.9 17 150 M M 2 1 25 160
6 66 46 56 3 9 0 0.00 M M 9.8 20 350 M M 0 26 360
7 69 40 55 2 10 0 0.00 M M 6.6 16 110 M M 1 24 110
8 77 58 68 16 0 3 0.00 M M 13.4 25 150 M M 8 1 37 160
9 77 61 69 17 0 4 0.00 M M 17.3 26 160 M M 4 41 170
10 68 42 55 3 10 0 0.00 M M 12.7 25 170 M M 0 41 170
11 44 29 37 -14 28 0 0.00 M M 12.5 26 10 M M 6 38 360
12 55 25 40 -11 25 0 0.00 M M 8.2 18 140 M M 0 26 140
13 58 32 45 -5 20 0 0.00 M M 14.9 25 180 M M 0 38 170
14 41 24 33 -17 32 0 T M M 10.1 28 350 M M 5 37 350
15 45 22 34 -16 31 0 0.00 M M 5.8 15 360 M M 2 21 360
16 51 29 40 -9 25 0 0.00 M M 5.3 15 330 M M 5 21 300
17 54 28 41 -8 24 0 0.00 M M 10.0 25 10 M M 2 37 20
18 32 25 29 -19 36 0 0.00 M M 8.8 20 10 M M 10 25 10
19 48 23 36 -12 29 0 0.00 M M 6.9 18 360 M M 2 31 340
20 56 20 38 -10 27 0 0.00 M M 9.4 18 200 M M 0 30 160
21 62 30 46 -1 19 0 0.00 M M 7.9 16 150 M M 0 25 160
22 67 31 49 2 16 0 0.00 M M 9.5 17 190 M M 0 25 180
23 67 33 50 4 15 0 0.00 M M 9.4 22 180 M M 0 32 170
24 49 38 44 -2 21 0 T M M 18.0 32 360 M M 6 50 350
25 48 29 39 -7 26 0 T M M 6.9 17 340 M M 4 22 340
26 45 38 42 -3 23 0 0.14 M M 3.8 10 220 M M 9 1 12 230
27 48 35 42 -3 23 0 0.00 M M 6.8 17 340 M M 2 21 350
28 67 35 51 6 14 0 0.00 M M 12.5 28 210 M M 0 39 210
29 54 24 39 -5 26 0 0.00 M M 15.3 30 210 M M 2 46 220
30 45 18 32 -12 33 0 0.00 0.0 M 8.7 18 140 M M 0 27 170
================================================================================
SM 1757 1041 554 11 0.45 0.0 313.5 M 76
================================================================================
AV 58.6 34.7 10.4 FASTST M M 3 MAX(MPH)
MISC ----> 32 360 50 350
================================================================================
NOTES:
# LAST OF SEVERAL OCCURRENCES
COLUMN 17 PEAK WIND IN M.P.H.
PRELIMINARY LOCAL CLIMATOLOGICAL DATA (WS FORM: F-6) , PAGE 2
STATION: BORGER
MONTH: NOVEMBER
YEAR: 2022
LATITUDE: 35 42 N
LONGITUDE: 101 24 W
[TEMPERATURE DATA] [PRECIPITATION DATA] SYMBOLS USED IN COLUMN 16
AVERAGE MONTHLY: 46.6 TOTAL FOR MONTH: 0.45 1 = FOG OR MIST
DPTR FM NORMAL: -2.8 DPTR FM NORMAL: -0.24 2 = FOG REDUCING VISIBILITY
HIGHEST: 80 ON 3 GRTST 24HR 0.31 ON 4- 4 TO 1/4 MILE OR LESS
LOWEST: 18 ON 30 3 = THUNDER
SNOW, ICE PELLETS, HAIL 4 = ICE PELLETS
TOTAL MONTH: 0.0 INCH 5 = HAIL
GRTST 24HR 0.0 6 = FREEZING RAIN OR DRIZZLE
GRTST DEPTH: M ON M 7 = DUSTSTORM OR SANDSTORM:
VSBY 1/2 MILE OR LESS
8 = SMOKE OR HAZE
[NO. OF DAYS WITH] [WEATHER - DAYS WITH] 9 = BLOWING SNOW
X = TORNADO
MAX 32 OR BELOW: 1 0.01 INCH OR MORE: 2
MAX 90 OR ABOVE: 0 0.10 INCH OR MORE: 2
MIN 32 OR BELOW: 16 0.50 INCH OR MORE: 0
MIN 0 OR BELOW: 0 1.00 INCH OR MORE: 0
[HDD (BASE 65) ]
TOTAL THIS MO. 554 CLEAR (SCALE 0-3) 20
DPTR FM NORMAL 79 PTCLDY (SCALE 4-7) 8
TOTAL FM JUL 1 690 CLOUDY (SCALE 8-10) 2
DPTR FM NORMAL 14
[CDD (BASE 65) ]
TOTAL THIS MO. 11
DPTR FM NORMAL 5 [PRESSURE DATA]
TOTAL FM JAN 1 2619 HIGHEST SLP M ON M
DPTR FM NORMAL 570 LOWEST SLP 29.41 ON 29
[REMARKS]
#FINAL-11-22#