000
CXUS51 KBGM 031820
CLABGM
CLIMATE REPORT
NATIONAL WEATHER SERVICE BINGHAMTON, NY
120 PM EST MON JAN 03 2022
...................................
...THE BINGHAMTON NY CLIMATE SUMMARY FOR THE YEAR OF 2021...
CLIMATE NORMAL PERIOD 1991 TO 2020
CLIMATE RECORD PERIOD 1951 TO 2021
WEATHER OBSERVED NORMAL DEPART LAST YEAR`S
VALUE DATE(S) VALUE FROM VALUE DATE(S)
NORMAL
................................................................
TEMPERATURE (F)
RECORD
HIGH 98 07/16/1988
LOW -20 01/15/1957
HIGHEST 91 06/29 54 37 93 07/27
LOWEST 2 02/08 38 -36 -2 02/15
AVG. MAXIMUM 55.9 54.8 1.1 56.6
AVG. MINIMUM 40.2 37.8 2.4 39.9
MEAN 48.1 46.3 1.8 48.2
DAYS MAX >= 90 2 2.2 -0.2 2
DAYS MAX <= 32 63 58.6 4.4 43
DAYS MIN <= 32 139 141.8 -2.8 145
DAYS MIN <= 0 0 5.7 -5.7 2
PRECIPITATION (INCHES)
RECORD
MAXIMUM 68.05 2011
MINIMUM 30.26 1981
TOTALS 51.85 42.04 9.81 43.45
DAILY AVG. 0.14 0.12 0.02 0.12
DAYS >= .01 179 164.1 14.9 176
DAYS >= .10 101 86.7 14.3 87
DAYS >= .50 30 26.0 4.0 23
DAYS >= 1.00 13 7.9 5.1 12
GREATEST
24 HR. TOTAL 2.49 10/26 TO 10/26 2.80 12/16 TO 12/17
STORM TOTAL 2.49 2.02
(MM/DD(HH)) MM
SNOWFALL (INCHES)
RECORDS
TOTAL 134.0 1995
24 HR TOTAL 40.0 12/16/2020 TO 12/17/2020
SNOW DEPTH 39 12/17/2020
TOTALS 67.5 86.5 -19.0 104.0
SINCE 7/1 14.1 25.9 -11.8 51.6
SNOWDEPTH AVG. 1 1
DAYS >= TRACE 84 64.5 19.5 97
DAYS >= 1.0 26 25.0 1.0 22
GREATEST
SNOW DEPTH 18 02/24 39 12/17
02/23
24 HR TOTAL 5.1 02/01 TO 02/02 40.0 12/16 TO 12/17
STORM TOTAL 4.8 26.4
(MM/DD(HH)) MM
DEGREE DAYS
HEATING TOTAL 6548 7162 -614 6590
SINCE 7/1 2269 2700 -431 2426
COOLING TOTAL 515 383 132 573
SINCE 1/1 515 384 131 573
FREEZE DATES
RECORD
EARLIEST 09/20/1993
LATEST 05/25/1956
EARLIEST 11/02
LATEST 05/01
................................................................
WIND (MPH)
AVERAGE WIND SPEED 7.8
RESULTANT WIND SPEED/DIRECTION 3/270
HIGHEST WIND SPEED/DIRECTION 37/260 DATE 05/26
HIGHEST GUST SPEED/DIRECTION 54/260 DATE 05/26
SKY COVER
POSSIBLE SUNSHINE (PERCENT) MM
AVERAGE SKY COVER 0.54
NUMBER OF DAYS FAIR 88
NUMBER OF DAYS PC 109
NUMBER OF DAYS CLOUDY 100
AVERAGE RH (PERCENT) 74
WEATHER CONDITIONS. NUMBER OF DAYS WITH
THUNDERSTORM 28 MIXED PRECIP 1
HEAVY RAIN 40 RAIN 67
LIGHT RAIN 151 FREEZING RAIN 4
LT FREEZING RAIN 9 HAIL 2
HEAVY SNOW 10 SNOW 22
LIGHT SNOW 90 SLEET 0
FOG 219 FOG W/VIS <= 1/4 MILE 59
HAZE 43
- INDICATES NEGATIVE NUMBERS.
R INDICATES RECORD WAS SET OR TIED.
MM INDICATES DATA IS MISSING.
T INDICATES TRACE AMOUNT.
&&
7TH WARMEST YEAR RECORD 2012 49.5F
3RD WETTEST YEAR
$$
TAC