000
CXUS51 KBGM 011037
CLSBGM
CLIMATE REPORT
NATIONAL WEATHER SERVICE BINGHAMTON, NY
537 AM EST WED MAR 01 2023
...................................
...THE BINGHAMTON NY CLIMATE SUMMARY FOR THE SEASON, FROM
12/1/2022 TO 2/28/2023...
CLIMATE NORMAL PERIOD 1991 TO 2020
CLIMATE RECORD PERIOD 1951 TO 2023
WEATHER OBSERVED NORMAL DEPART LAST YEAR`S
VALUE DATE(S) VALUE FROM VALUE DATE(S)
NORMAL
................................................................
TEMPERATURE (F)
RECORD
HIGH 70 02/24/2017
LOW -20 01/15/1957
HIGHEST 61 02/15 31 30 60 12/16
LOWEST -13 02/04 18 -31 -10 01/22
AVG. MAXIMUM 37.1 32.0 5.1 33.6
AVG. MINIMUM 23.0 18.1 4.9 17.7
MEAN 30.1 25.0 5.1 25.7
DAYS MAX >= 90 0 0.0 0.0 0
DAYS MAX <= 32 31 46.9 -15.9 40
DAYS MIN <= 32 79 81.3 -2.3 81
DAYS MIN <= 0 4 5.4 -1.4 7
PRECIPITATION (INCHES)
RECORD
MAXIMUM 12.16 1977
MINIMUM 3.99 1979
TOTALS 9.09 8.11 0.98 8.08
DAILY AVG. 0.10 0.09 0.01 0.09
DAYS >= .01 42 46.4 -4.4 40
DAYS >= .10 27 19.5 7.5 19
DAYS >= .50 4 4.4 -0.4 5
DAYS >= 1.00 0 0.9 -0.9 0
GREATEST
24 HR. TOTAL 1.21 12/15 TO 12/16 1.11 01/16 TO 01/17
SNOWFALL (INCHES)
RECORDS
TOTAL 94.3 2021
24 HR TOTAL 40.0 12/16/2020 TO 12/17/2020
SNOW DEPTH 39 12/17/2020
TOTALS 40.9 58.4 -17.5 39.3
SINCE 7/1 45.3 66.2 -20.9 44.9
SNOWDEPTH AVG. 2 4
DAYS >= TRACE 47 43.4 3.6 51
DAYS >= 1.0 13 17.4 -4.4 15
GREATEST
SNOW DEPTH 10 12/16 13 01/18
24 HR TOTAL 8.6 12/15 TO 12/16 9.9 01/16 TO 01/17
DEGREE DAYS
HEATING TOTAL 3120 3594 -474 3517
SINCE 7/1 4507 5148 -641 4836
COOLING TOTAL 0 0 0 0
SINCE 1/1 0 0 0 0
FREEZE DATES
RECORD
EARLIEST 09/20/1993
LATEST 05/25/1956
EARLIEST 10/18
LATEST 04/29
................................................................
WIND (MPH)
AVERAGE WIND SPEED 8.8
RESULTANT WIND SPEED/DIRECTION 3/260
HIGHEST WIND SPEED/DIRECTION 33/270 DATE 12/23
HIGHEST GUST SPEED/DIRECTION 43/310 DATE 02/03
SKY COVER
POSSIBLE SUNSHINE (PERCENT) MM
AVERAGE SKY COVER 0.68
NUMBER OF DAYS FAIR 16
NUMBER OF DAYS PC 30
NUMBER OF DAYS CLOUDY 43
AVERAGE RH (PERCENT) 77
WEATHER CONDITIONS. NUMBER OF DAYS WITH
THUNDERSTORM 1 MIXED PRECIP 0
HEAVY RAIN 2 RAIN 13
LIGHT RAIN 30 FREEZING RAIN 2
LT FREEZING RAIN 6 HAIL 1
HEAVY SNOW 5 SNOW 12
LIGHT SNOW 46 SLEET 0
FOG 56 FOG W/VIS <= 1/4 MILE 18
HAZE 8
- INDICATES NEGATIVE NUMBERS.
R INDICATES RECORD WAS SET OR TIED.
MM INDICATES DATA IS MISSING.
T INDICATES TRACE AMOUNT.
&&
4TH WARMEST DECEMBER TO FEBRUARY
$$
TAC