000
CXUS54 KBMX 011010
CF6BHM
PRELIMINARY LOCAL CLIMATOLOGICAL DATA (WS FORM: F-6)
STATION: BIRMINGHAM
MONTH: MAY
YEAR: 2023
LATITUDE: 33 34 N
LONGITUDE: 86 45 W
TEMPERATURE IN F: :PCPN: SNOW: WIND :SUNSHINE: SKY :PK WND
================================================================================
1 2 3 4 5 6A 6B 7 8 9 10 11 12 13 14 15 16 17 18
12Z AVG MX 2MIN
DY MAX MIN AVG DEP HDD CDD WTR SNW DPTH SPD SPD DIR MIN PSBL S-S WX SPD DR
================================================================================
1 70 48 59 -9 6 0 0.00 0.0 0 10.1 25 270 M M 1 37 260
2 75 45 60 -8 5 0 0.00 0.0 0 8.9 28 290 M M 1 41 250
3 74 44 59 -9 6 0 0.00 0.0 0 5.2 18 300 M M 0 24 270
4 77 46 62 -6 3 0 0.00 0.0 0 3.4 12 350 M M 5 16 350
5 67 58 63 -6 2 0 0.07 0.0 0 6.7 15 110 M M 9 26 90
6 82 61 72 3 0 7 0.00 0.0 0 5.9 15 190 M M 6 18 180
7 86 67 77 8 0 12 0.00 0.0 M 7.0 17 200 M M 6 27 210
8 84 67 76 6 0 11 T 0.0 0 6.8 16 220 M M 8 22 220
9 89 70 80 10 0 15 T 0.0 0 6.9 17 290 M M 6 138 24 280
10 87 65 76 6 0 11 0.00 0.0 M 5.1 14 80 M M 7 3 23 50
11 84 69 77 7 0 12 0.10 0.0 M 8.1 17 120 M M 8 13 26 130
12 81 67 74 4 0 9 0.03 0.0 0 4.4 17 300 M M 8 3 25 280
13 89 64 77 6 0 12 0.00 0.0 0 2.8 13 280 M M 4 3 17 250
14 90 66 78 7 0 13 0.02 0.0 M 3.5 17 60 M M 4 38 23 350
15 93 69 81 10 0 16 0.03 0.0 M 2.9 23 320 M M 4 3 30 330
16 88 67 78 6 0 13 0.07 0.0 M 4.6 18 300 M M 6 13 27 290
17 81 67 74 2 0 9 0.37 0.0 0 3.0 16 10 M M 9 138 24 10
18 82 66 74 2 0 9 0.00 0.0 0 6.8 16 50 M M 8 138 24 60
19 73 66 70 -2 0 5 0.00 0.0 M 6.2 15 110 M M 9 24 110
20 84 62 73 0 0 8 0.08 0.0 M 7.3 26 300 M M 7 38 34 300
21 82 63 73 0 0 8 0.00 0.0 0 5.5 13 350 M M 8 18 18 30
22 82 67 75 2 0 10 0.00 0.0 0 8.5 14 80 M M 10 24 70
23 73 62 68 -5 0 3 2.50 0.0 0 7.6 20 70 M M 9 1 32 60
24 80 65 73 -1 0 8 0.00 0.0 0 5.4 16 40 M M 7 23 30
25 82 59 71 -3 0 6 0.00 0.0 0 3.9 16 40 M M 2 1 23 30
26 82 62 72 -2 0 7 0.00 0.0 0 5.4 14 70 M M 1 22 60
27 80 62 71 -3 0 6 0.00 0.0 0 5.5 15 130 M M 4 21 120
28 82 60 71 -3 0 6 0.00 0.0 0 5.4 15 300 M M 4 22 300
29 77 57 67 -8 0 2 0.00 0.0 0 6.4 15 10 M M 5 26 360
30 83 57 70 -5 0 5 0.00 0.0 0 2.3 10 30 M M 4 15 50
31 84 68 76 1 0 11 0.00 0.0 0 7.0 13 90 M M 5 21 100
================================================================================
SM 2523 1916 22 234 3.27 0.0 178.5 M 175
================================================================================
AV 81.4 61.8 5.8 FASTST M M 6 MAX(MPH)
MISC ----> 28 290 41 250
================================================================================
NOTES:
# LAST OF SEVERAL OCCURRENCES
COLUMN 17 PEAK WIND IN M.P.H.
PRELIMINARY LOCAL CLIMATOLOGICAL DATA (WS FORM: F-6) , PAGE 2
STATION: BIRMINGHAM
MONTH: MAY
YEAR: 2023
LATITUDE: 33 34 N
LONGITUDE: 86 45 W
[TEMPERATURE DATA] [PRECIPITATION DATA] SYMBOLS USED IN COLUMN 16
AVERAGE MONTHLY: 71.6 TOTAL FOR MONTH: 3.27 1 = FOG OR MIST
DPTR FM NORMAL: 0.1 DPTR FM NORMAL: -1.64 2 = FOG REDUCING VISIBILITY
HIGHEST: 93 ON 15 GRTST 24HR 2.50 ON 23-23 TO 1/4 MILE OR LESS
LOWEST: 44 ON 3 3 = THUNDER
SNOW, ICE PELLETS, HAIL 4 = ICE PELLETS
TOTAL MONTH: 0.0 INCH 5 = HAIL
GRTST 24HR 0.0 6 = FREEZING RAIN OR DRIZZLE
GRTST DEPTH: 0 7 = DUSTSTORM OR SANDSTORM:
VSBY 1/2 MILE OR LESS
8 = SMOKE OR HAZE
[NO. OF DAYS WITH] [WEATHER - DAYS WITH] 9 = BLOWING SNOW
X = TORNADO
MAX 32 OR BELOW: 0 0.01 INCH OR MORE: 9
MAX 90 OR ABOVE: 2 0.10 INCH OR MORE: 3
MIN 32 OR BELOW: 0 0.50 INCH OR MORE: 1
MIN 0 OR BELOW: 0 1.00 INCH OR MORE: 1
[HDD (BASE 65) ]
TOTAL THIS MO. 22 CLEAR (SCALE 0-3) 5
DPTR FM NORMAL 1 PTCLDY (SCALE 4-7) 18
TOTAL FM JUL 1 2020 CLOUDY (SCALE 8-10) 8
DPTR FM NORMAL -511
[CDD (BASE 65) ]
TOTAL THIS MO. 234
DPTR FM NORMAL 11 [PRESSURE DATA]
TOTAL FM JAN 1 349 HIGHEST SLP 30.20 ON 6
DPTR FM NORMAL 23 LOWEST SLP 29.76 ON 1
[REMARKS]
#FINAL-05-23#