000
CXUS54 KBMX 011110
CF6BHM
PRELIMINARY LOCAL CLIMATOLOGICAL DATA (WS FORM: F-6)
STATION: BIRMINGHAM
MONTH: FEBRUARY
YEAR: 2023
LATITUDE: 33 34 N
LONGITUDE: 86 45 W
TEMPERATURE IN F: :PCPN: SNOW: WIND :SUNSHINE: SKY :PK WND
================================================================================
1 2 3 4 5 6A 6B 7 8 9 10 11 12 13 14 15 16 17 18
12Z AVG MX 2MIN
DY MAX MIN AVG DEP HDD CDD WTR SNW DPTH SPD SPD DIR MIN PSBL S-S WX SPD DR
================================================================================
1 48 39 44 -2 21 0 M 0.0 0 6.0 13 330 M M 10 1 16 340
2 46 40 43 -3 22 0 M 0.0 0 5.3 13 350 M M 10 1 16 330
3 47 30 39 -7 26 0 M 0.0 0 9.5 20 340 M M 2 1 27 330
4 58 27 43 -3 22 0 0.00 0.0 0 4.9 12 120 M M 5 16 140
5 64 41 53 7 12 0 0.00 0.0 0 6.3 16 260 M M 4 20 200
6 69 35 52 5 13 0 0.00 0.0 M 1.4 12 90 M M 1 16 80
7 71 40 56 9 9 0 0.00 0.0 M 4.7 13 140 M M 7 17 130
8 75 58 67 20 0 2 0.07 0.0 M 6.4 17 170 M M 8 1 24 180
9 67 48 58 11 7 0 0.12 0.0 0 10.0 28 140 M M 8 1 40 140
10 61 39 50 2 15 0 0.00 0.0 0 6.4 16 330 M M 7 19 340
11 50 42 46 -2 19 0 1.04 0.0 0 10.1 26 60 M M 10 1 37 60
12 58 36 47 -1 18 0 0.43 0.0 0 9.2 20 360 M M 6 1 26 10
13 66 30 48 0 17 0 0.00 0.0 0 3.1 14 240 M M 2 20 280
14 72 39 56 8 9 0 0.00 0.0 0 8.5 22 160 M M 4 32 160
15 69 59 64 15 1 0 0.18 0.0 0 7.7 24 200 M M 10 1 30 180
16 75 56 66 17 0 1 0.40 0.0 0 12.3 26 180 M M 9 13 35 200
17 56 30 43 -6 22 0 0.84 0.0 0 12.0 22 320 M M 7 1 28 320
18 58 26 42 -8 23 0 0.00 0.0 0 4.0 12 20 M M 1 14 10
19 64 40 52 2 13 0 0.00 0.0 0 7.6 14 200 M M 5 22 160
20 70 52 61 11 4 0 0.00 0.0 0 9.9 22 200 M M 8 27 200
21 71 62 67 17 0 2 0.35 0.0 0 8.1 18 240 M M 9 1 23 220
22 82 64 73 23 0 8 0.00 0.0 0 16.6 30 210 M M 6 38 200
23 81 69 75 24 0 10 0.02 0.0 0 10.2 24 200 M M 8 1 31 190
24 72 56 64 13 1 0 0.23 0.0 0 5.5 14 360 M M 9 1 17 360
25 65 56 61 10 4 0 0.02 0.0 0 4.2 12 290 M M 9 1 19 260
26 74 55 65 13 0 0 0.00 0.0 0 3.6 12 250 M M 8 1 16 260
27 79 59 69 17 0 4 0.01 0.0 0 12.3 26 210 M M 6 1 39 220
28 78 49 64 12 1 0 0.00 0.0 0 2.7 16 230 M M 3 23 280
================================================================================
SM 1846 1277 279 27 3.71 0.0 208.5 M 182
================================================================================
AV 65.9 45.6 7.4 FASTST M M 7 MAX(MPH)
MISC ----> 30 210 40 140
================================================================================
NOTES:
# LAST OF SEVERAL OCCURRENCES
COLUMN 17 PEAK WIND IN M.P.H.
PRELIMINARY LOCAL CLIMATOLOGICAL DATA (WS FORM: F-6) , PAGE 2
STATION: BIRMINGHAM
MONTH: FEBRUARY
YEAR: 2023
LATITUDE: 33 34 N
LONGITUDE: 86 45 W
[TEMPERATURE DATA] [PRECIPITATION DATA] SYMBOLS USED IN COLUMN 16
AVERAGE MONTHLY: 55.8 TOTAL FOR MONTH: 3.71 1 = FOG OR MIST
DPTR FM NORMAL: 7.0 DPTR FM NORMAL: -1.24 2 = FOG REDUCING VISIBILITY
HIGHEST: 82 ON 22 GRTST 24HR 1.47 ON 11-12 TO 1/4 MILE OR LESS
LOWEST: 26 ON 18 3 = THUNDER
SNOW, ICE PELLETS, HAIL 4 = ICE PELLETS
TOTAL MONTH: 0.0 INCH 5 = HAIL
GRTST 24HR 0.0 6 = FREEZING RAIN OR DRIZZLE
GRTST DEPTH: 0 7 = DUSTSTORM OR SANDSTORM:
VSBY 1/2 MILE OR LESS
8 = SMOKE OR HAZE
[NO. OF DAYS WITH] [WEATHER - DAYS WITH] 9 = BLOWING SNOW
X = TORNADO
MAX 32 OR BELOW: 0 0.01 INCH OR MORE: 12
MAX 90 OR ABOVE: 0 0.10 INCH OR MORE: 8
MIN 32 OR BELOW: 5 0.50 INCH OR MORE: 2
MIN 0 OR BELOW: 0 1.00 INCH OR MORE: 1
[HDD (BASE 65) ]
TOTAL THIS MO. 279 CLEAR (SCALE 0-3) 5
DPTR FM NORMAL -180 PTCLDY (SCALE 4-7) 13
TOTAL FM JUL 1 1657 CLOUDY (SCALE 8-10) 10
DPTR FM NORMAL -439
[CDD (BASE 65) ]
TOTAL THIS MO. 27
DPTR FM NORMAL 23 [PRESSURE DATA]
TOTAL FM JAN 1 36 HIGHEST SLP 30.57 ON 4
DPTR FM NORMAL 34 LOWEST SLP 29.67 ON 27
[REMARKS]
#FINAL-02-23#